000
CXUS53 KPAH 011910
CLMPAH

SDFCLMPAA 000
TTAA00 KPAH 010637


CLIMATE REPORT
NATIONAL WEATHER SERVICE PADUCAH KY
137 AM CDT THU OCT 1 2015

...................................

...THE PADUCAH ASOS CLIMATE SUMMARY FOR THE MONTH OF SEPTEMBER 2015...

CLIMATE NORMAL PERIOD 1981 TO 2010
CLIMATE RECORD PERIOD 1937 TO 2015

WEATHER         OBSERVED          NORMAL  DEPART  LAST YEAR`S
                 VALUE   DATE(S)  VALUE   FROM    VALUE  DATE(S)
                                          NORMAL
................................................................
TEMPERATURE (F)
RECORD
 HIGH             104   09/05/1954
                        09/09/1939
 LOW               34   09/30/1949
HIGHEST            96   09/05        81      15       95  09/05
LOWEST             44   09/13        59     -15       44  09/24
AVG. MAXIMUM     85.0              82.1     2.9     83.1
AVG. MINIMUM     59.4              57.8     1.6     58.5
MEAN             72.2              69.9     2.3     70.8
DAYS MAX >= 90      9               4.2     4.8        6
DAYS MAX <= 32      0               0.0     0.0        0
DAYS MIN <= 32      0               0.0     0.0        0
DAYS MIN <= 0       0               0.0     0.0        0

PRECIPITATION (INCHES)
RECORD
 MAXIMUM        11.65   2006
 MINIMUM         0.02   2004
TOTALS           0.98              3.75   -2.77     0.97
DAILY AVG.       0.03              0.12   -0.09     0.03
DAYS >= .01         5               6.8    -1.8        4
DAYS >= .10         3               4.6    -1.6        2
DAYS >= .50         1               2.3    -1.3        1
DAYS >= 1.00        0               1.2    -1.2        0
GREATEST
 24 HR. TOTAL    0.56   09/28 TO 09/29
 STORM TOTAL       MM
 (MM/DD(HH))            MM

DEGREE_DAYS
HEATING TOTAL       8                38     -30       21
 SINCE 7/1          8                39     -31       21
COOLING TOTAL     230               187      43      202
 SINCE 1/1       1654              1500     154     1673

FREEZE DATES
RECORD
 EARLIEST     10/01/1984
 LATEST       04/28/1992
EARLIEST                        10/26
LATEST                          04/04
.................................................................

WIND (MPH)
AVERAGE WIND SPEED              4.2
HIGHEST WIND SPEED/DIRECTION    21/060    DATE  09/25
HIGHEST GUST SPEED/DIRECTION    28/020    DATE  09/25

SKY COVER
POSSIBLE SUNSHINE (PERCENT)   MM
AVERAGE SKY COVER           0.20
NUMBER OF DAYS FAIR           22
NUMBER OF DAYS PC              4
NUMBER OF DAYS CLOUDY          4

AVERAGE RH (PERCENT)     69

WEATHER CONDITIONS. NUMBER OF DAYS WITH
THUNDERSTORM              0     MIXED PRECIP               0
HEAVY RAIN                3     RAIN                       2
LIGHT RAIN                7     FREEZING RAIN              0
LT FREEZING RAIN          0     HAIL                       0
HEAVY SNOW                0     SNOW                       0
LIGHT SNOW                0     SLEET                      0
FOG                      18     FOG W/VIS <= 1/4 MILE      5
HAZE                      9

-  INDICATES NEGATIVE NUMBERS.
R  INDICATES RECORD WAS SET OR TIED.
MM INDICATES DATA IS MISSING.
T  INDICATES TRACE AMOUNT.

$$
