000
CXUS53 KPAH 011353
CLMPAH

SDFCLMPAA 000
TTAA00 KPAH 011350


CLIMATE REPORT
NATIONAL WEATHER SERVICE PADUCAH KY
849 AM CDT WED OCT 1 2014

...................................

...THE PADUCAH ASOS CLIMATE SUMMARY FOR THE MONTH OF SEPTEMBER 2014...

CLIMATE NORMAL PERIOD 1981 TO 2010
CLIMATE RECORD PERIOD 1937 TO 2014

WEATHER         OBSERVED          NORMAL  DEPART  LAST YEAR`S
                 VALUE   DATE(S)  VALUE   FROM    VALUE  DATE(S)
                                          NORMAL
................................................................
TEMPERATURE (F)
RECORD
 HIGH             104   09/05/1954
                        09/09/1939
 LOW               34   09/30/1949
HIGHEST            95   09/05        81      14       94  09/11
                                                          09/10
                                                          09/09
LOWEST             44   09/24        59     -15       48  09/23
                                                          09/15
AVG. MAXIMUM     83.1              82.1     1.0     83.6
AVG. MINIMUM     58.5              57.8     0.7     61.2
MEAN             70.8              69.9     0.9     72.4
DAYS MAX >= 90      6               4.2     1.8        5
DAYS MAX <= 32      0               0.0     0.0        0
DAYS MIN <= 32      0               0.0     0.0        0
DAYS MIN <= 0       0               0.0     0.0        0

PRECIPITATION (INCHES)
RECORD
 MAXIMUM        11.65   2006
 MINIMUM         0.02   2004
TOTALS           0.97              3.75   -2.78     3.10
DAILY AVG.       0.03              0.12   -0.09     0.10
DAYS >= .01         4               6.8    -2.8        8
DAYS >= .10         2               4.6    -2.6        4
DAYS >= .50         1               2.3    -1.3        3
DAYS >= 1.00        0               1.2    -1.2        1
GREATEST
 24 HR. TOTAL    0.90   09/10 TO 09/11
 STORM TOTAL       MM
 (MM/DD(HH))            MM

DEGREE_DAYS
HEATING TOTAL      21                38     -17        5
 SINCE 7/1         21                39     -18        5
COOLING TOTAL     202               187      15      234
 SINCE 1/1       1673              1500     173     1408

FREEZE DATES
RECORD
 EARLIEST     10/01/1984
 LATEST       04/28/1992
EARLIEST                        10/26
LATEST                          04/04
.................................................................

WIND (MPH)
AVERAGE WIND SPEED              4.5
HIGHEST WIND SPEED/DIRECTION    24/260    DATE  09/10
HIGHEST GUST SPEED/DIRECTION    34/230    DATE  09/01

SKY COVER
POSSIBLE SUNSHINE (PERCENT)   MM
AVERAGE SKY COVER           0.20
NUMBER OF DAYS FAIR           22
NUMBER OF DAYS PC              6
NUMBER OF DAYS CLOUDY          2

AVERAGE RH (PERCENT)     69

WEATHER CONDITIONS. NUMBER OF DAYS WITH
THUNDERSTORM              0     MIXED PRECIP               0
HEAVY RAIN                1     RAIN                       3
LIGHT RAIN                5     FREEZING RAIN              0
LT FREEZING RAIN          0     HAIL                       0
HEAVY SNOW                0     SNOW                       0
LIGHT SNOW                0     SLEET                      0
FOG                      19     FOG W/VIS <= 1/4 MILE      4
HAZE                      8

-  INDICATES NEGATIVE NUMBERS.
R  INDICATES RECORD WAS SET OR TIED.
MM INDICATES DATA IS MISSING.
T  INDICATES TRACE AMOUNT.

&&
RMKS: 7TH DRIEST SEPTEMBER ON RECORD. THE DRIEST IS 0.02 INCHES
RECORDED IN 2004.

$$
