376
CXUS53 KPAH 011824 RRA
CLMPAH

CLIMATE REPORT
NATIONAL WEATHER SERVICE PADUCAH KY
124 PM CDT TUE AUG 1 2017

...................................

...THE PADUCAH ASOS CLIMATE SUMMARY FOR THE MONTH OF JULY 2017...

CLIMATE NORMAL PERIOD 1981 TO 2010
CLIMATE RECORD PERIOD 1937 TO 2017

WEATHER         OBSERVED          NORMAL  DEPART  LAST YEAR`S
                 VALUE   DATE(S)  VALUE   FROM    VALUE  DATE(S)
                                          NORMAL
................................................................
TEMPERATURE (F)
RECORD
 HIGH             108   07/17/1942
 LOW               47   07/24/1947
                        07/23/1947
HIGHEST            97   07/21        89       8       95  07/21
                                                          07/19
                                                          07/18
LOWEST             59   07/31        65      -6       62  07/02
AVG. MAXIMUM     90.7              89.3     1.4     90.5
AVG. MINIMUM     70.5              68.5     2.0     71.6
MEAN             80.6              78.9     1.7     81.1
DAYS MAX >= 90     23              15.0     8.0       20
DAYS MAX <= 32      0               0.0     0.0        0
DAYS MIN <= 32      0               0.0     0.0        0
DAYS MIN <= 0       0               0.0     0.0        0

PRECIPITATION (INCHES)
RECORD
 MAXIMUM        12.47   1972
 MINIMUM         0.28   1999
TOTALS           2.56              4.44   -1.88     8.15
DAILY AVG.       0.08              0.14   -0.06     0.26
DAYS >= .01        12               8.5     3.5       14
DAYS >= .10         5               5.9    -0.9       10
DAYS >= .50         1               2.7    -1.7        6
DAYS >= 1.00        0               1.4    -1.4        4
GREATEST
 24 HR. TOTAL    0.76   07/13 TO 07/13
 STORM TOTAL       MM
 (MM/DD(HH))            MM

DEGREE_DAYS
COOLING TOTAL     492               431      61      505
 SINCE 1/1       1050               923     127     1071

FREEZE DATES
RECORD
 EARLIEST     10/01/1984
 LATEST       04/28/1992
EARLIEST                        10/26
LATEST                          04/04
.................................................................

WIND (MPH)
AVERAGE WIND SPEED              4.7
HIGHEST WIND SPEED/DIRECTION    25/250    DATE  07/03
HIGHEST GUST SPEED/DIRECTION    33/320    DATE  07/23

SKY COVER
POSSIBLE SUNSHINE (PERCENT)   MM
AVERAGE SKY COVER           0.20
NUMBER OF DAYS FAIR           23
NUMBER OF DAYS PC              8
NUMBER OF DAYS CLOUDY          0

AVERAGE RH (PERCENT)     71

WEATHER CONDITIONS. NUMBER OF DAYS WITH
THUNDERSTORM              0     MIXED PRECIP               0
HEAVY RAIN                7     RAIN                       4
LIGHT RAIN               11     FREEZING RAIN              0
LT FREEZING RAIN          0     HAIL                       0
HEAVY SNOW                0     SNOW                       0
LIGHT SNOW                0     SLEET                      0
FOG                      22     FOG W/VIS <= 1/4 MILE      0
HAZE                     14

-  INDICATES NEGATIVE NUMBERS.
R  INDICATES RECORD WAS SET OR TIED.
MM INDICATES DATA IS MISSING.
T  INDICATES TRACE AMOUNT.

$$
