000
CXUS53 KPAH 021646
CLMPAH

CLIMATE REPORT
NATIONAL WEATHER SERVICE PADUCAH KY
446 PM CDT SAT JUL 1 2017


...THE PADUCAH ASOS CLIMATE SUMMARY FOR THE MONTH OF JUNE 2017...

CLIMATE NORMAL PERIOD 1981 TO 2010
CLIMATE RECORD PERIOD 1937 TO 2017

WEATHER         OBSERVED          NORMAL  DEPART  LAST YEAR`S
                 VALUE   DATE(S)  VALUE   FROM    VALUE  DATE(S)
                                          NORMAL
................................................................
TEMPERATURE (F)
RECORD
 HIGH             108   06/29/2012
 LOW               44   06/01/1993
HIGHEST            93   06/14        86       7      100  06/16
                        06/13
LOWEST             54   06/08        65     -11       55  06/09
                                                          06/08
AVG. MAXIMUM     86.0              86.2    -0.2     89.8
AVG. MINIMUM     65.3              64.9     0.4     67.3
MEAN             75.7              75.6     0.1     78.6
DAYS MAX >= 90      4               9.1    -5.1       18
DAYS MAX <= 32      0               0.0     0.0        0
DAYS MIN <= 32      0               0.0     0.0        0
DAYS MIN <= 0       0               0.0     0.0        0

PRECIPITATION (INCHES)
RECORD
 MAXIMUM        10.98   1998
 MINIMUM         0.26   1952
TOTALS           6.26              4.06    2.20     1.72
DAILY AVG.       0.21              0.14    0.07     0.06
DAYS >= .01         7               9.1    -2.1        8
DAYS >= .10         5               6.4    -1.4        5
DAYS >= .50         4               2.7     1.3        0
DAYS >= 1.00        3               1.0     2.0        0
GREATEST
 24 HR. TOTAL    2.82   06/18 TO 06/18
 STORM TOTAL       MM
 (MM/DD(HH))            MM

DEGREE_DAYS
COOLING TOTAL     327               320       7      416
 SINCE 1/1        558               492      66      566

FREEZE DATES
RECORD
 EARLIEST     10/01/1984
 LATEST       04/28/1992
EARLIEST      11/10             10/26
LATEST        03/19             04/04
.................................................................

WIND (MPH)
AVERAGE WIND SPEED              5.3
HIGHEST WIND SPEED/DIRECTION    22/290    DATE  06/18
HIGHEST GUST SPEED/DIRECTION    31/290    DATE  06/18

SKY COVER
POSSIBLE SUNSHINE (PERCENT)   MM
AVERAGE SKY COVER           0.20
NUMBER OF DAYS FAIR           24
NUMBER OF DAYS PC              6
NUMBER OF DAYS CLOUDY          0

AVERAGE RH (PERCENT)     67

WEATHER CONDITIONS. NUMBER OF DAYS WITH
THUNDERSTORM              0     MIXED PRECIP               0
HEAVY RAIN                5     RAIN                       5
LIGHT RAIN                6     FREEZING RAIN              0
LT FREEZING RAIN          0     HAIL                       0
HEAVY SNOW                0     SNOW                       0
LIGHT SNOW                0     SLEET                      0
FOG                      11     FOG W/VIS <= 1/4 MILE      2
HAZE                      7

-  INDICATES NEGATIVE NUMBERS.
R  INDICATES RECORD WAS SET OR TIED.
MM INDICATES DATA IS MISSING.
T  INDICATES TRACE AMOUNT.

$$
