000
CXUS53 KPAH 010639
CLMPAH
CLIMATE REPORT
NATIONAL WEATHER SERVICE PADUCAH KY
1239 AM CST FRI DEC 01 2023
...................................
...THE PADUCAH KY CLIMATE SUMMARY FOR THE MONTH OF NOVEMBER 2023...
CLIMATE NORMAL PERIOD 1991 TO 2020
CLIMATE RECORD PERIOD 1937 TO 2023
WEATHER OBSERVED NORMAL DEPART LAST YEAR`S
VALUE DATE(S) VALUE FROM VALUE DATE(S)
NORMAL
................................................................
TEMPERATURE (F)
RECORD
HIGH 86 11/03/1946
LOW -3 11/25/1950
HIGHEST 82 11/08 83 11/09
LOWEST 24 11/28 15 11/19
AVG. MAXIMUM 62.4 58.5 3.9 59.4
AVG. MINIMUM 37.9 37.5 0.4 35.0
MEAN 50.2 48.0 2.2 47.2
DAYS MAX >= 90 0 0.0 0.0 0
DAYS MAX <= 32 0 0.1 -0.1 0
DAYS MIN <= 32 11 10.9 0.1 14
DAYS MIN <= 0 0 0.0 0.0 0
PRECIPITATION (INCHES)
RECORD
MAXIMUM 13.80 1957
MINIMUM 0.56 2009
TOTALS 1.01 4.09 -3.08 2.00
DAILY AVG. 0.03 0.14 -0.11 0.07
DAYS >= .01 7 9.5 -2.5 8
DAYS >= .10 3 6.3 -3.3 5
DAYS >= .50 1 2.9 -1.9 1
DAYS >= 1.00 0 1.2 -1.2 0
GREATEST
24 HR. TOTAL 0.58 11/20 TO 11/21
SNOWFALL (INCHES)
RECORDS
TOTAL 4.0 1958
TOTALS 0.0 0.2 -0.2 2.3
SINCE 7/1 0.0 0.3 -0.3 MM
SNOWDEPTH AVG. 0 0
DAYS >= TRACE 0
DAYS >= 1.0 0 0.1 -0.1 1
GREATEST
SNOW DEPTH 0 1 11/12
24 HR TOTAL MM
STORM TOTAL 0.0
(MM/DD(HH))
DEGREE DAYS
HEATING TOTAL 450 515 -65 537
SINCE 7/1 623 756 -133 MM
COOLING TOTAL 13 5 8 11
SINCE 1/1 1670 1683 -13 MM
FREEZE DATES
EARLIEST 10/30
LATEST 03/29
................................................................
WIND (MPH)
AVERAGE WIND SPEED 4.1
HIGHEST WIND SPEED/DIRECTION 26/130 DATE 11/20
HIGHEST GUST SPEED/DIRECTION 34/130 DATE 11/20
SKY COVER
POSSIBLE SUNSHINE (PERCENT) MM
AVERAGE SKY COVER 0.22
NUMBER OF DAYS FAIR 22
NUMBER OF DAYS PC 5
NUMBER OF DAYS CLOUDY 3
AVERAGE RH (PERCENT) 65
WEATHER CONDITIONS. NUMBER OF DAYS WITH
THUNDERSTORM 0 MIXED PRECIP 0
HEAVY RAIN 0 RAIN 3
LIGHT RAIN 7 FREEZING RAIN 0
LT FREEZING RAIN 0 HAIL 0
HEAVY SNOW 0 SNOW 0
LIGHT SNOW 0 SLEET 0
FOG 11 FOG W/VIS <= 1/4 MILE 0
HAZE 5
- INDICATES NEGATIVE NUMBERS.
R INDICATES RECORD WAS SET OR TIED.
MM INDICATES DATA IS MISSING.
T INDICATES TRACE AMOUNT.
[REMARKS:] 4TH DRIEST NOVEMBER AT PADUCAH
$$