000
CXUS53 KPAH 010701
CLMPAH

SDFCLMPAA 000
TTAA00 KPAH 010659


CLIMATE REPORT
NATIONAL WEATHER SERVICE PADUCAH KY
157 AM CDT TUE APR 1 2014

...................................

...THE PADUCAH ASOS CLIMATE SUMMARY FOR THE MONTH OF MARCH 2014...

CLIMATE NORMAL PERIOD 1981 TO 2010
CLIMATE RECORD PERIOD 1937 TO 2014

WEATHER         OBSERVED          NORMAL  DEPART  LAST YEAR`S
                 VALUE   DATE(S)  VALUE   FROM    VALUE  DATE(S)
                                          NORMAL
................................................................
TEMPERATURE (F)
RECORD
 HIGH              85   03/13/1967
 LOW               -2   03/06/1960
                        03/05/1960
HIGHEST            75   03/11        58      17       74  03/15
LOWEST              8   03/04        38     -30       19  03/21
AVG. MAXIMUM     56.2              59.0    -2.8     51.0
AVG. MINIMUM     31.7              37.7    -6.0     32.3
MEAN             44.0              48.3    -4.3     41.6
DAYS MAX >= 90      0               0.0     0.0        0
DAYS MAX <= 32      1               0.3     0.7        0
DAYS MIN <= 32     18              10.0     8.0       16
DAYS MIN <= 0       0               0.0     0.0        0

PRECIPITATION (INCHES)
RECORD
 MAXIMUM         9.60   2008
 MINIMUM         1.78   1995
TOTALS           3.65              3.93   -0.28     4.02
DAILY AVG.       0.12              0.13   -0.01     0.13
DAYS >= .01         7              10.4    -3.4       11
DAYS >= .10         5               6.9    -1.9        7
DAYS >= .50         3               2.5     0.5        3
DAYS >= 1.00        1               0.9     0.1        1
GREATEST
 24 HR. TOTAL    1.34   03/02 TO 03/02
 STORM TOTAL       MM
 (MM/DD(HH))            MM

SNOWFALL (INCHES)
RECORDS
 TOTAL            8.0   1975
TOTALS            5.6               0.6     5.0      0.7
SINCE 7/1        18.5               9.1     9.4      6.8
SNOWDEPTH AVG.      0                MM      MM        0
DAYS >= TRACE       4
DAYS >= 1.0         2               0.2     1.8        0
GREATEST
 SNOW DEPTH         4   03/05                         -1  03/01
                        03/04
                        03/03
 24 HR TOTAL      3.3   MM
 STORM TOTAL       MM
 (MM/DD(HH))            MM

DEGREE_DAYS
HEATING TOTAL     646               523     123      715
 SINCE 7/1       4301              3819     482     3826
COOLING TOTAL       0                 7      -7        0
 SINCE 1/1          0                 7      -7        0

FREEZE DATES
RECORD
 EARLIEST     10/01/1984
 LATEST       04/28/1992
EARLIEST                        10/26
LATEST                          04/04
.................................................................

WIND (MPH)
AVERAGE WIND SPEED              8.8
HIGHEST WIND SPEED/DIRECTION    32/350    DATE  03/12
HIGHEST GUST SPEED/DIRECTION    45/310    DATE  03/12

SKY COVER
POSSIBLE SUNSHINE (PERCENT)   MM
AVERAGE SKY COVER           0.40
NUMBER OF DAYS FAIR           18
NUMBER OF DAYS PC              5
NUMBER OF DAYS CLOUDY          8

AVERAGE RH (PERCENT)     63

WEATHER CONDITIONS. NUMBER OF DAYS WITH
THUNDERSTORM              0     MIXED PRECIP               0
HEAVY RAIN                1     RAIN                       5
LIGHT RAIN                8     FREEZING RAIN              1
LT FREEZING RAIN          1     HAIL                       0
HEAVY SNOW                0     SNOW                       1
LIGHT SNOW                4     SLEET                      1
FOG                      18     FOG W/VIS <= 1/4 MILE      1
HAZE                     13

-  INDICATES NEGATIVE NUMBERS.
R  INDICATES RECORD WAS SET OR TIED.
MM INDICATES DATA IS MISSING.
T  INDICATES TRACE AMOUNT.

&&

RMKS: 6TH SNOWIEST MARCH ON RECORD. THE RECORD IS AN ASTOUNDING 24.1
INCHES THAT FELL IN MARCH OF 1960.

$$
