000
CXUS53 KPAH 011632
CLMPAH

CLIMATE REPORT
NATIONAL WEATHER SERVICE PADUCAH KY
1032 AM CST SUN JAN 1 2017

...................................

...THE PADUCAH ASOS CLIMATE SUMMARY FOR THE MONTH OF DECEMBER 2016...

CLIMATE NORMAL PERIOD 1981 TO 2010
CLIMATE RECORD PERIOD 1937 TO 2016

WEATHER         OBSERVED          NORMAL  DEPART  LAST YEAR`S
                 VALUE   DATE(S)  VALUE   FROM    VALUE  DATE(S)
                                          NORMAL
................................................................
TEMPERATURE (F)
RECORD
 HIGH              77   12/02/1982
                        12/31/1951
 LOW              -10   12/22/1989
HIGHEST            72   12/17        46      26       74  12/13
LOWEST             10   12/20        MM      MM       24  12/04
AVG. MAXIMUM     47.1              46.3     0.8     57.8
AVG. MINIMUM     29.1              28.6     0.5     39.9
MEAN             38.1              37.5     0.6     48.9
DAYS MAX >= 90      0               0.0     0.0        0
DAYS MAX <= 32      3               3.4    -0.4        0
DAYS MIN <= 32     19              19.8    -0.8       10
DAYS MIN <= 0       0               0.3    -0.3        0

PRECIPITATION (INCHES)
RECORD
 MAXIMUM        11.53   1982
 MINIMUM         0.63   1976
TOTALS           6.01              4.59    1.42     7.42
DAILY AVG.       0.19              0.15    0.04     0.24
DAYS >= .01        14              10.4     3.6       10
DAYS >= .10         8               6.8     1.2        8
DAYS >= .50         4               3.3     0.7        4
DAYS >= 1.00        2               1.2     0.8        3
GREATEST
 24 HR. TOTAL    2.60   12/16 TO 12/17
 STORM TOTAL       MM
 (MM/DD(HH))            MM

SNOWFALL (INCHES)
RECORDS
 TOTAL           14.2   2004
TOTALS              T               2.2    -2.2      0.0
SINCE 7/1           T               2.3    -2.3      0.0
SNOWDEPTH AVG.      0                MM      MM        0
DAYS >= TRACE       3
DAYS >= 1.0         0               0.6    -0.6        0
GREATEST
 SNOW DEPTH         0   MM                             0  MM
 24 HR TOTAL        T   12/19 TO 12/19
 STORM TOTAL       MM
 (MM/DD(HH))            MM

DEGREE_DAYS
HEATING TOTAL     826               854     -28      499
 SINCE 7/1       1327              1631    -304     1043

FREEZE DATES
RECORD
 EARLIEST     10/01/1984
 LATEST       04/28/1992
EARLIEST                        10/26
LATEST                          04/04
.................................................................

WIND (MPH)
AVERAGE WIND SPEED              7.0
HIGHEST WIND SPEED/DIRECTION    25/170    DATE  12/16
HIGHEST GUST SPEED/DIRECTION    35/340    DATE  12/17

SKY COVER
POSSIBLE SUNSHINE (PERCENT)   MM
AVERAGE SKY COVER           0.50
NUMBER OF DAYS FAIR           15
NUMBER OF DAYS PC              4
NUMBER OF DAYS CLOUDY         12

AVERAGE RH (PERCENT)     67

WEATHER CONDITIONS. NUMBER OF DAYS WITH
THUNDERSTORM              0     MIXED PRECIP               0
HEAVY RAIN                4     RAIN                       7
LIGHT RAIN               15     FREEZING RAIN              1
LT FREEZING RAIN          1     HAIL                       0
HEAVY SNOW                0     SNOW                       0
LIGHT SNOW                3     SLEET                      0
FOG                      17     FOG W/VIS <= 1/4 MILE      2
HAZE                      8

-  INDICATES NEGATIVE NUMBERS.
R  INDICATES RECORD WAS SET OR TIED.
MM INDICATES DATA IS MISSING.
T  INDICATES TRACE AMOUNT.

$$
