000
CXUS53 KPAH 011940
CLMPAH

SDFCLMPAA 000
TTAA00 KPAH 011938


CLIMATE REPORT
NATIONAL WEATHER SERVICE PADUCAH KY
235 PM CDT SUN SEP 1 2013

...................................

...THE PADUCAH ASOS CLIMATE SUMMARY FOR THE MONTH OF AUGUST 2013...

CLIMATE NORMAL PERIOD 1981 TO 2010
CLIMATE RECORD PERIOD 1937 TO 2013

WEATHER         OBSERVED          NORMAL  DEPART  LAST YEAR`S
                 VALUE   DATE(S)  VALUE   FROM    VALUE  DATE(S)
                                          NORMAL
................................................................
TEMPERATURE (F)
RECORD
 HIGH             106   08/04/1947
 LOW               44   08/29/1986
HIGHEST            96   08/31        87       9      101  08/02
LOWEST             53   08/15        66     -13       53  08/12
AVG. MAXIMUM     85.9              89.0    -3.1     91.6
AVG. MINIMUM     66.6              66.1     0.5     65.4
MEAN             76.2              77.5    -1.3     78.5
DAYS MAX >= 90      8              13.3    -5.3       20
DAYS MAX <= 32      0               0.0     0.0        0
DAYS MIN <= 32      0               0.0     0.0        0
DAYS MIN <= 0       0               0.0     0.0        0

PRECIPITATION (INCHES)
RECORD
 MAXIMUM         7.24   1977
 MINIMUM         0.11   1996
TOTALS           3.71              2.76    0.95     2.75
DAILY AVG.       0.12              0.09    0.03     0.09
DAYS >= .01         9               6.9     2.1        7
DAYS >= .10         6               4.5     1.5        3
DAYS >= .50         3               1.9     1.1        2
DAYS >= 1.00        2               0.8     1.2        1
GREATEST
 24 HR. TOTAL    1.27   08/12 TO 08/12
                        08/11 TO 08/12
                        08/12 TO 08/12
 STORM TOTAL       MM
 (MM/DD(HH))            MM

DEGREE_DAYS
COOLING TOTAL     356               390     -34      429
 SINCE 1/1       1174              1313    -139     1781

FREEZE DATES
RECORD
 EARLIEST     10/01/1984
 LATEST       04/28/1992
EARLIEST                        10/26
LATEST                          04/04
.................................................................

WIND (MPH)
AVERAGE WIND SPEED              3.4
HIGHEST WIND SPEED/DIRECTION    18/030    DATE  08/14
HIGHEST GUST SPEED/DIRECTION    31/090    DATE  08/24

SKY COVER
POSSIBLE SUNSHINE (PERCENT)   MM
AVERAGE SKY COVER           0.30
NUMBER OF DAYS FAIR           18
NUMBER OF DAYS PC              9
NUMBER OF DAYS CLOUDY          4

AVERAGE RH (PERCENT)     77

WEATHER CONDITIONS. NUMBER OF DAYS WITH
THUNDERSTORM              0     MIXED PRECIP               0
HEAVY RAIN                6     RAIN                       5
LIGHT RAIN               11     FREEZING RAIN              0
LT FREEZING RAIN          0     HAIL                       0
HEAVY SNOW                0     SNOW                       0
LIGHT SNOW                0     SLEET                      0
FOG                      24     FOG W/VIS <= 1/4 MILE      8
HAZE                      8

-  INDICATES NEGATIVE NUMBERS.
R  INDICATES RECORD WAS SET OR TIED.
MM INDICATES DATA IS MISSING.
T  INDICATES TRACE AMOUNT.

$$
