000
CXUS53 KPAH 010710
CLMPAH

SDFCLMPAA 000
TTAA00 KPAH 010708


CLIMATE REPORT
NATIONAL WEATHER SERVICE PADUCAH KY
1254 AM CST SAT MAR 1 2014

...................................

...THE PADUCAH ASOS CLIMATE SUMMARY FOR THE MONTH OF FEBRUARY 2014...

CLIMATE NORMAL PERIOD 1981 TO 2010
CLIMATE RECORD PERIOD 1937 TO 2014

WEATHER         OBSERVED          NORMAL  DEPART  LAST YEAR`S
                 VALUE   DATE(S)  VALUE   FROM    VALUE  DATE(S)
                                          NORMAL
................................................................
TEMPERATURE (F)
RECORD
 HIGH              78   02/13/1962
 LOW              -14   02/02/1951
HIGHEST            70   02/20        46      24       66  02/07
LOWEST              4   02/07        27     -23       13  02/01
AVG. MAXIMUM     41.5              48.9    -7.4     47.3
AVG. MINIMUM     22.5              29.5    -7.0     29.6
MEAN             32.0              39.2    -7.2     38.4
DAYS MAX >= 90      0               0.0     0.0        0
DAYS MAX <= 32     10               2.3     7.7        1
DAYS MIN <= 32     23              17.0     6.0       18
DAYS MIN <= 0       0               0.2    -0.2        0

PRECIPITATION (INCHES)
RECORD
 MAXIMUM        13.33   1989
 MINIMUM         1.09   1996
TOTALS           3.15              3.91   -0.76     3.70
DAILY AVG.       0.11              0.14   -0.03     0.13
DAYS >= .01         9               8.7     0.3       10
DAYS >= .10         6               5.7     0.3        7
DAYS >= .50         2               2.8    -0.8        3
DAYS >= 1.00        1               1.2    -0.2        1
GREATEST
 24 HR. TOTAL    1.14   02/01 TO 02/02
 STORM TOTAL       MM
 (MM/DD(HH))            MM

SNOWFALL (INCHES)
RECORDS
 TOTAL           15.3   1993
TOTALS            6.6               3.2     3.4        T
SINCE 7/1        12.9               8.5     4.4      6.1
SNOWDEPTH AVG.      2                MM      MM        0
DAYS >= TRACE       9
DAYS >= 1.0         1               1.0     0.0        0
GREATEST
 SNOW DEPTH         6   02/03                          0  MM
                        02/02
 24 HR TOTAL      6.2   MM
 STORM TOTAL       MM
 (MM/DD(HH))            MM

DEGREE_DAYS
HEATING TOTAL     918               723     195      738
 SINCE 7/1       3655              3296     359     3111

FREEZE DATES
RECORD
 EARLIEST     10/01/1984
 LATEST       04/28/1992
EARLIEST                        10/26
LATEST                          04/04
.................................................................

WIND (MPH)
AVERAGE WIND SPEED              8.6
HIGHEST WIND SPEED/DIRECTION    32/260    DATE  02/20
HIGHEST GUST SPEED/DIRECTION    42/250    DATE  02/20

SKY COVER
POSSIBLE SUNSHINE (PERCENT)   MM
AVERAGE SKY COVER           0.40
NUMBER OF DAYS FAIR           13
NUMBER OF DAYS PC              7
NUMBER OF DAYS CLOUDY          8

AVERAGE RH (PERCENT)     67

WEATHER CONDITIONS. NUMBER OF DAYS WITH
THUNDERSTORM              0     MIXED PRECIP               0
HEAVY RAIN                2     RAIN                       6
LIGHT RAIN                6     FREEZING RAIN              1
LT FREEZING RAIN          2     HAIL                       0
HEAVY SNOW                1     SNOW                       2
LIGHT SNOW                8     SLEET                      2
FOG                      15     FOG W/VIS <= 1/4 MILE      1
HAZE                     10

-  INDICATES NEGATIVE NUMBERS.
R  INDICATES RECORD WAS SET OR TIED.
MM INDICATES DATA IS MISSING.
T  INDICATES TRACE AMOUNT.

RMKS: TIED AT 6TH COLDEST FEBRUARY ON RECORD. THE COLDEST FEBRUARY
ON RECORD OCCURRED IN 1978 WITH AN AVERAGE TEMPERATURE OF 24.4 DEGREES.

$$
