000
CXUS53 KPAH 010643 RRA
CLMPAH

CLIMATE REPORT
NATIONAL WEATHER SERVICE PADUCAH KY
143 AM CDT TUE NOV 1 2016

...................................

...THE PADUCAH ASOS CLIMATE SUMMARY FOR THE MONTH OF OCTOBER 2016...

CLIMATE NORMAL PERIOD 1981 TO 2010
CLIMATE RECORD PERIOD 1937 TO 2016

WEATHER         OBSERVED          NORMAL  DEPART  LAST YEAR`S
                 VALUE   DATE(S)  VALUE   FROM    VALUE  DATE(S)
                                          NORMAL
................................................................
TEMPERATURE (F)
RECORD
 HIGH              95   10/06/1938
 LOW               22   10/24/1981
HIGHEST            89   10/19        71      18       86  10/12
LOWEST             35   10/22        47     -12       29  10/18
AVG. MAXIMUM     78.3              71.0     7.3     72.5
AVG. MINIMUM     53.1              46.7     6.4     47.9
MEAN             65.7              58.8     6.9     60.2
DAYS MAX >= 90      0               0.1    -0.1        0
DAYS MAX <= 32      0               0.0     0.0        0
DAYS MIN <= 32      0               2.0    -2.0        1
DAYS MIN <= 0       0               0.0     0.0        0

PRECIPITATION (INCHES)
RECORD
 MAXIMUM        10.55   2009
 MINIMUM            T   1964
TOTALS           0.34              3.96   -3.62     2.51
DAILY AVG.       0.01              0.13   -0.12     0.08
DAYS >= .01         4               7.8    -3.8        8
DAYS >= .10         1               5.5    -4.5        4
DAYS >= .50         0               2.5    -2.5        1
DAYS >= 1.00        0               1.3    -1.3        1
GREATEST
 24 HR. TOTAL    0.21   10/20 TO 10/20
                        10/19 TO 10/20
                        10/20 TO 10/20
 STORM TOTAL       MM
 (MM/DD(HH))            MM

SNOWFALL (INCHES)
RECORDS
 TOTAL            2.2   1993
TOTALS            0.0               0.1    -0.1      0.0
SINCE 7/1         0.0               0.1    -0.1      0.0
SNOWDEPTH AVG.      0                MM      MM        0
DAYS >= TRACE       0
DAYS >= 1.0         0               0.0     0.0        0
GREATEST
 SNOW DEPTH         0   MM                             0  MM
 24 HR TOTAL      0.0   10/31 TO 10/31
 STORM TOTAL       MM
 (MM/DD(HH))            MM

DEGREE_DAYS
HEATING TOTAL      90               228    -138      171
 SINCE 7/1        104               267    -163      179
COOLING TOTAL     120                38      82       30
 SINCE 1/1       1934              1538     396     1684

FREEZE DATES
RECORD
 EARLIEST     10/01/1984
 LATEST       04/28/1992
EARLIEST                        10/26
LATEST                          04/04
.................................................................

WIND (MPH)
AVERAGE WIND SPEED              5.7
HIGHEST WIND SPEED/DIRECTION    25/340    DATE  10/07
HIGHEST GUST SPEED/DIRECTION    34/330    DATE  10/07

SKY COVER
POSSIBLE SUNSHINE (PERCENT)   MM
AVERAGE SKY COVER           0.30
NUMBER OF DAYS FAIR           21
NUMBER OF DAYS PC              8
NUMBER OF DAYS CLOUDY          2

AVERAGE RH (PERCENT)     67

WEATHER CONDITIONS. NUMBER OF DAYS WITH
THUNDERSTORM              0     MIXED PRECIP               0
HEAVY RAIN                0     RAIN                       1
LIGHT RAIN                6     FREEZING RAIN              0
LT FREEZING RAIN          0     HAIL                       0
HEAVY SNOW                0     SNOW                       0
LIGHT SNOW                0     SLEET                      0
FOG                      16     FOG W/VIS <= 1/4 MILE      5
HAZE                     10

-  INDICATES NEGATIVE NUMBERS.
R  INDICATES RECORD WAS SET OR TIED.
MM INDICATES DATA IS MISSING.
T  INDICATES TRACE AMOUNT.

$$
