000
CXUS53 KPAH 010646
CLMPAH

CLIMATE REPORT
NATIONAL WEATHER SERVICE PADUCAH KY
1246 AM CST SUN FEB 1 2015

...................................

...THE PADUCAH ASOS CLIMATE SUMMARY FOR THE MONTH OF JANUARY 2015...

CLIMATE NORMAL PERIOD 1981 TO 2010
CLIMATE RECORD PERIOD 1937 TO 2015

WEATHER         OBSERVED          NORMAL  DEPART  LAST YEAR`S
                 VALUE   DATE(S)  VALUE   FROM    VALUE  DATE(S)
                                          NORMAL
................................................................
TEMPERATURE (F)
RECORD
 HIGH              77   01/25/1943
 LOW              -15   01/20/1985
HIGHEST            63   01/03        42      21       62  01/26
LOWEST              3   01/08        24     -21        2  01/29
                                                          01/24
                                                          01/06
AVG. MAXIMUM     43.5              43.4     0.1     40.9
AVG. MINIMUM     24.7              25.8    -1.1     19.1
MEAN             34.1              34.6    -0.5     30.0
DAYS MAX >= 90      0               0.0     0.0        0
DAYS MAX <= 32      5               5.1    -0.1        8
DAYS MIN <= 32     25              22.5     2.5       28
DAYS MIN <= 0       0               0.7    -0.7        0

PRECIPITATION (INCHES)
RECORD
 MAXIMUM         8.05   2013
 MINIMUM         0.99   1987
TOTALS           2.56              3.68   -1.12     2.03
DAILY AVG.       0.08              0.12   -0.04     0.07
DAYS >= .01         8               9.6    -1.6        9
DAYS >= .10         4               6.1    -2.1        2
DAYS >= .50         2               2.3    -0.3        2
DAYS >= 1.00        1               0.9     0.1        0
GREATEST
 24 HR. TOTAL    1.06   01/25 TO 01/25
 STORM TOTAL       MM
 (MM/DD(HH))            MM

SNOWFALL (INCHES)
RECORDS
 TOTAL           24.7   1978
TOTALS            0.5               3.0    -2.5      1.1
SINCE 7/1         3.5               5.3    -1.8      6.3
SNOWDEPTH AVG.      0                MM      MM        0
DAYS >= TRACE       3
DAYS >= 1.0         0               1.0    -1.0        0
GREATEST
 SNOW DEPTH         0   MM                             1  01/09
 24 HR TOTAL      0.5   01/15 TO 01/15
 STORM TOTAL       MM
 (MM/DD(HH))            MM

DEGREE_DAYS
HEATING TOTAL     950               942       8     1077
 SINCE 7/1       2633              2573      60     2737

FREEZE DATES
RECORD
 EARLIEST     10/01/1984
 LATEST       04/28/1992
EARLIEST                        10/26
LATEST                          04/04
.................................................................

WIND (MPH)
AVERAGE WIND SPEED              7.3
HIGHEST WIND SPEED/DIRECTION    30/330    DATE  01/07
HIGHEST GUST SPEED/DIRECTION    38/260    DATE  01/04

SKY COVER
POSSIBLE SUNSHINE (PERCENT)   MM
AVERAGE SKY COVER           0.40
NUMBER OF DAYS FAIR           14
NUMBER OF DAYS PC              8
NUMBER OF DAYS CLOUDY          9

AVERAGE RH (PERCENT)     68

WEATHER CONDITIONS. NUMBER OF DAYS WITH
THUNDERSTORM              0     MIXED PRECIP               0
HEAVY RAIN                1     RAIN                       4
LIGHT RAIN               10     FREEZING RAIN              0
LT FREEZING RAIN          0     HAIL                       0
HEAVY SNOW                0     SNOW                       1
LIGHT SNOW                3     SLEET                      0
FOG                      14     FOG W/VIS <= 1/4 MILE      1
HAZE                      7

-  INDICATES NEGATIVE NUMBERS.
R  INDICATES RECORD WAS SET OR TIED.
MM INDICATES DATA IS MISSING.
T  INDICATES TRACE AMOUNT.

$$
