137
CXUS53 KPAH 010657
CLMPAH

SDFCLMPAA 000
TTAA00 KPAH 010646


CLIMATE REPORT
NATIONAL WEATHER SERVICE PADUCAH KY
145 AM CDT SAT OCT 1 2016

...................................

...THE PADUCAH ASOS CLIMATE SUMMARY FOR THE MONTH OF SEPTEMBER 2016...

CLIMATE NORMAL PERIOD 1981 TO 2010
CLIMATE RECORD PERIOD 1937 TO 2016

WEATHER         OBSERVED          NORMAL  DEPART  LAST YEAR`S
                 VALUE   DATE(S)  VALUE   FROM    VALUE  DATE(S)
                                          NORMAL
................................................................
TEMPERATURE (F)
RECORD
 HIGH             104   09/05/1954
                        09/09/1939
 LOW               34   09/30/1949
HIGHEST            94   09/24        81      13       96  09/05
                        09/16
LOWEST             44   09/27        59     -15       44  09/13
AVG. MAXIMUM     86.1              82.1     4.0     85.0
AVG. MINIMUM     61.5              57.8     3.7     59.4
MEAN             73.8              69.9     3.9     72.2
DAYS MAX >= 90     14               4.2     9.8        9
DAYS MAX <= 32      0               0.0     0.0        0
DAYS MIN <= 32      0               0.0     0.0        0
DAYS MIN <= 0       0               0.0     0.0        0

PRECIPITATION (INCHES)
RECORD
 MAXIMUM        11.65   2006
 MINIMUM         0.02   2004
TOTALS           0.83              3.75   -2.92     0.98
DAILY AVG.       0.03              0.12   -0.09     0.03
DAYS >= .01         7               6.8     0.2        5
DAYS >= .10         2               4.6    -2.6        3
DAYS >= .50         1               2.3    -1.3        1
DAYS >= 1.00        0               1.2    -1.2        0
GREATEST
 24 HR. TOTAL    0.51   09/16 TO 09/17
 STORM TOTAL       MM
 (MM/DD(HH))            MM

DEGREE_DAYS
HEATING TOTAL      14                38     -24        8
 SINCE 7/1         14                39     -25        8
COOLING TOTAL     284               187      97      230
 SINCE 1/1       1814              1500     314     1654

FREEZE DATES
RECORD
 EARLIEST     10/01/1984
 LATEST       04/28/1992
EARLIEST                        10/26
LATEST                          04/04
.................................................................

WIND (MPH)
AVERAGE WIND SPEED              4.2
HIGHEST WIND SPEED/DIRECTION    25/350    DATE  09/26
HIGHEST GUST SPEED/DIRECTION    35/360    DATE  09/26

SKY COVER
POSSIBLE SUNSHINE (PERCENT)   MM
AVERAGE SKY COVER           0.20
NUMBER OF DAYS FAIR           25
NUMBER OF DAYS PC              4
NUMBER OF DAYS CLOUDY          1

AVERAGE RH (PERCENT)     70

WEATHER CONDITIONS. NUMBER OF DAYS WITH
THUNDERSTORM              0     MIXED PRECIP               0
HEAVY RAIN                2     RAIN                       2
LIGHT RAIN                8     FREEZING RAIN              0
LT FREEZING RAIN          0     HAIL                       0
HEAVY SNOW                0     SNOW                       0
LIGHT SNOW                0     SLEET                      0
FOG                      23     FOG W/VIS <= 1/4 MILE      8
HAZE                     10

-  INDICATES NEGATIVE NUMBERS.
R  INDICATES RECORD WAS SET OR TIED.
MM INDICATES DATA IS MISSING.
T  INDICATES TRACE AMOUNT.

&& REMARKS: AVERAGE TEMPERATURE OF 73.8 DEGREES TIES THE RECORD FOR
7TH WARMEST SEPTEMBER ON RECORD. WARMEST SEPTEMBER WAS SET IN 1939
WITH AN AVERAGE TEMPERATURE OF 79.0 DEGREES. THE MONTHLY RAINFALL
ACCUMULATION OF 0.83 INCHES MAKES THIS SEPTEMBER THE 6TH DRIEST ON
RECORD. THE DRIEST RECORD OF 0.02 INCHES WAS SET IN SEPTEMBER 2004.

$$
