000
CXUS53 KPAH 010650
CLMPAH

CLIMATE REPORT
NATIONAL WEATHER SERVICE PADUCAH KY
1249 AM CST MON DEC 1 2014

...................................

...THE PADUCAH ASOS CLIMATE SUMMARY FOR THE MONTH OF NOVEMBER 2014...

CLIMATE NORMAL PERIOD 1981 TO 2010
CLIMATE RECORD PERIOD 1937 TO 2014

WEATHER         OBSERVED          NORMAL  DEPART  LAST YEAR`S
                 VALUE   DATE(S)  VALUE   FROM    VALUE  DATE(S)
                                          NORMAL
................................................................
TEMPERATURE (F)
RECORD
 HIGH              86   11/03/1946
 LOW               -3   11/25/1950
HIGHEST            70   11/10        58      12       75  11/17
LOWEST             10   11/18        38     -28       17  11/28
AVG. MAXIMUM     50.9              58.4    -7.5     55.8
AVG. MINIMUM     31.2              37.9    -6.7     34.3
MEAN             41.1              48.1    -7.0     45.0
DAYS MAX >= 90      0               0.0     0.0        0
DAYS MAX <= 32      2               0.1     1.9        0
DAYS MIN <= 32     20               8.8    11.2       13
DAYS MIN <= 0       0               0.0     0.0        0

PRECIPITATION (INCHES)
RECORD
 MAXIMUM        10.50   1973
 MINIMUM         0.56   2009
TOTALS           2.59              4.30   -1.71     2.27
DAILY AVG.       0.09              0.14   -0.05     0.08
DAYS >= .01         9               9.9    -0.9        8
DAYS >= .10         5               6.5    -1.5        4
DAYS >= .50         2               3.0    -1.0        1
DAYS >= 1.00        1               1.3    -0.3        1
GREATEST
 24 HR. TOTAL    1.17   11/23 TO 11/23
 STORM TOTAL       MM
 (MM/DD(HH))            MM

SNOWFALL (INCHES)
RECORDS
 TOTAL            1.0   1971
TOTALS            2.8R                T     2.8        T
SINCE 7/1         2.8               0.1     2.7        T
SNOWDEPTH AVG.      0                MM      MM        0
DAYS >= TRACE       3
DAYS >= 1.0         2               0.0     2.0        0
GREATEST
 SNOW DEPTH         2R  11/17                          0  MM
                        11/16
 24 HR TOTAL      1.6R  MM
 STORM TOTAL       MM
 (MM/DD(HH))            MM

DEGREE_DAYS
HEATING TOTAL     712               510     202      593
 SINCE 7/1        937               777     160      802

FREEZE DATES
RECORD
 EARLIEST     10/01/1984
 LATEST       04/28/1992
EARLIEST      11/01             10/26
LATEST                          04/04
.................................................................

WIND (MPH)
AVERAGE WIND SPEED              7.6
HIGHEST WIND SPEED/DIRECTION    33/260    DATE  11/24
HIGHEST GUST SPEED/DIRECTION    49/230    DATE  11/24

SKY COVER
POSSIBLE SUNSHINE (PERCENT)   MM
AVERAGE SKY COVER           0.40
NUMBER OF DAYS FAIR           15
NUMBER OF DAYS PC              4
NUMBER OF DAYS CLOUDY         11

AVERAGE RH (PERCENT)     67

WEATHER CONDITIONS. NUMBER OF DAYS WITH
THUNDERSTORM              0     MIXED PRECIP               0
HEAVY RAIN                1     RAIN                       4
LIGHT RAIN               10     FREEZING RAIN              0
LT FREEZING RAIN          0     HAIL                       0
HEAVY SNOW                0     SNOW                       0
LIGHT SNOW                3     SLEET                      2
FOG                      13     FOG W/VIS <= 1/4 MILE      1
HAZE                      8

-  INDICATES NEGATIVE NUMBERS.
R  INDICATES RECORD WAS SET OR TIED.
MM INDICATES DATA IS MISSING.
T  INDICATES TRACE AMOUNT.

$$
