739
CXUS53 KPAH 011806
CLMPAH

CLIMATE REPORT
NATIONAL WEATHER SERVICE PADUCAH KY
106 PM CDT MON AUG 1 2016

...................................

...THE PADUCAH ASOS CLIMATE SUMMARY FOR THE MONTH OF JULY 2016...

CLIMATE NORMAL PERIOD 1981 TO 2010
CLIMATE RECORD PERIOD 1937 TO 2016

WEATHER         OBSERVED          NORMAL  DEPART  LAST YEAR`S
                 VALUE   DATE(S)  VALUE   FROM    VALUE  DATE(S)
                                          NORMAL
................................................................
TEMPERATURE (F)
RECORD
 HIGH             108   07/17/1942
 LOW               47   07/24/1947
                        07/23/1947
HIGHEST            95   07/21        89       6       96  07/29
                        07/19
                        07/18
LOWEST             62   07/02        65      -3       65  07/31
AVG. MAXIMUM     90.5              89.3     1.2     89.2
AVG. MINIMUM     71.6              68.5     3.1     71.8
MEAN             81.1              78.9     2.2     80.5
DAYS MAX >= 90     20              15.0     5.0       14
DAYS MAX <= 32      0               0.0     0.0        0
DAYS MIN <= 32      0               0.0     0.0        0
DAYS MIN <= 0       0               0.0     0.0        0

PRECIPITATION (INCHES)
RECORD
 MAXIMUM        12.47   1972
 MINIMUM         0.28   1999
TOTALS           8.15              4.44    3.71    10.42
DAILY AVG.       0.26              0.14    0.12     0.34
DAYS >= .01        14               8.5     5.5       11
DAYS >= .10        10               5.9     4.1       10
DAYS >= .50         6               2.7     3.3        5
DAYS >= 1.00        4               1.4     2.6        3
GREATEST
 24 HR. TOTAL    2.69   07/03 TO 07/04
 STORM TOTAL       MM
 (MM/DD(HH))            MM

DEGREE_DAYS
COOLING TOTAL     505               431      74      488
 SINCE 1/1       1071               923     148     1100

FREEZE DATES
RECORD
 EARLIEST     10/01/1984
 LATEST       04/28/1992
EARLIEST                        10/26
LATEST                          04/04
.................................................................

WIND (MPH)
AVERAGE WIND SPEED              4.7
HIGHEST WIND SPEED/DIRECTION    47/270    DATE  07/06
HIGHEST GUST SPEED/DIRECTION    66/270    DATE  07/06

SKY COVER
POSSIBLE SUNSHINE (PERCENT)   MM
AVERAGE SKY COVER           0.20
NUMBER OF DAYS FAIR           23
NUMBER OF DAYS PC              8
NUMBER OF DAYS CLOUDY          0

AVERAGE RH (PERCENT)     75

WEATHER CONDITIONS. NUMBER OF DAYS WITH
THUNDERSTORM              0     MIXED PRECIP               0
HEAVY RAIN                8     RAIN                      10
LIGHT RAIN               17     FREEZING RAIN              0
LT FREEZING RAIN          0     HAIL                       0
HEAVY SNOW                0     SNOW                       0
LIGHT SNOW                0     SLEET                      0
FOG                      28     FOG W/VIS <= 1/4 MILE      0
HAZE                      8

-  INDICATES NEGATIVE NUMBERS.
R  INDICATES RECORD WAS SET OR TIED.
MM INDICATES DATA IS MISSING.
T  INDICATES TRACE AMOUNT.

$$
