000
CXUS53 KPAH 081136
CLMPAH

SDFCLMPAA 000
TTAA00 KPAH 081134


CLIMATE REPORT
NATIONAL WEATHER SERVICE PADUCAH KY
533 AM CST SAT FEB 8 2014

...................................

...THE PADUCAH ASOS CLIMATE SUMMARY FOR THE MONTH OF JANUARY 2014...

CLIMATE NORMAL PERIOD 1981 TO 2010
CLIMATE RECORD PERIOD 1937 TO 2014

WEATHER         OBSERVED          NORMAL  DEPART  LAST YEAR`S
                 VALUE   DATE(S)  VALUE   FROM    VALUE  DATE(S)
                                          NORMAL
................................................................
TEMPERATURE (F)
RECORD
 HIGH              77   01/25/1943
 LOW              -15   01/20/1985
HIGHEST            62   01/26        42      20       71  01/29
LOWEST              2   01/29        24     -22       17  01/22
                        01/24                             01/02
                        01/06
AVG. MAXIMUM     40.9              43.4    -2.5     46.6
AVG. MINIMUM     19.1              25.8    -6.7     28.2
MEAN             30.0              34.6    -4.6     37.4
DAYS MAX >= 90      0               0.0     0.0        0
DAYS MAX <= 32      8               5.1     2.9        2
DAYS MIN <= 32     28              22.5     5.5       23
DAYS MIN <= 0       0               0.7    -0.7        0

PRECIPITATION (INCHES)
RECORD
 MAXIMUM         8.05   2013
 MINIMUM         0.99   1987
TOTALS           2.03              3.68   -1.65     8.05
DAILY AVG.       0.07              0.12   -0.05     0.26
DAYS >= .01         9               9.6    -0.6       11
DAYS >= .10         2               6.1    -4.1        8
DAYS >= .50         2               2.3    -0.3        5
DAYS >= 1.00        0               0.9    -0.9        3
GREATEST
 24 HR. TOTAL    0.98   01/10 TO 01/11
 STORM TOTAL       MM
 (MM/DD(HH))            MM

SNOWFALL (INCHES)
RECORDS
 TOTAL           24.7   1978
TOTALS            1.1               3.0    -1.9      0.4
SINCE 7/1         6.3               5.3     1.0      6.1
SNOWDEPTH AVG.      0                MM      MM        0
DAYS >= TRACE      11
DAYS >= 1.0         0               1.0    -1.0        0
GREATEST
 SNOW DEPTH         1   01/09                          0  MM
 24 HR TOTAL      0.6   MM
 STORM TOTAL       MM
 (MM/DD(HH))            MM

DEGREE_DAYS
HEATING TOTAL    1077               942     135      846
 SINCE 7/1       2737              2573     164     2373

FREEZE DATES
RECORD
 EARLIEST     10/01/1984
 LATEST       04/28/1992
EARLIEST                        10/26
LATEST                          04/04
.................................................................

WIND (MPH)
AVERAGE WIND SPEED              9.1
HIGHEST WIND SPEED/DIRECTION    33/340    DATE  01/21
HIGHEST GUST SPEED/DIRECTION    45/350    DATE  01/27

SKY COVER
POSSIBLE SUNSHINE (PERCENT)   MM
AVERAGE SKY COVER           0.40
NUMBER OF DAYS FAIR           13
NUMBER OF DAYS PC             12
NUMBER OF DAYS CLOUDY          6

AVERAGE RH (PERCENT)     63

WEATHER CONDITIONS. NUMBER OF DAYS WITH
THUNDERSTORM              0     MIXED PRECIP               0
HEAVY RAIN                2     RAIN                       3
LIGHT RAIN                8     FREEZING RAIN              1
LT FREEZING RAIN          1     HAIL                       0
HEAVY SNOW                0     SNOW                       1
LIGHT SNOW                8     SLEET                      0
FOG                       9     FOG W/VIS <= 1/4 MILE      0
HAZE                      5

-  INDICATES NEGATIVE NUMBERS.
R  INDICATES RECORD WAS SET OR TIED.
MM INDICATES DATA IS MISSING.
T  INDICATES TRACE AMOUNT.

$$
