000
CXUS53 KPAH 010652
CLMPAH

SDFCLMPAA 000
TTAA00 KPAH 010651


CLIMATE REPORT
NATIONAL WEATHER SERVICE PADUCAH KY
1250 AM CST MON FEB 1 2016

...................................

...THE PADUCAH ASOS CLIMATE SUMMARY FOR THE MONTH OF JANUARY 2016...

CLIMATE NORMAL PERIOD 1981 TO 2010
CLIMATE RECORD PERIOD 1937 TO 2016

WEATHER         OBSERVED          NORMAL  DEPART  LAST YEAR`S
                 VALUE   DATE(S)  VALUE   FROM    VALUE  DATE(S)
                                          NORMAL
................................................................
TEMPERATURE (F)
RECORD
 HIGH              77   01/25/1943
 LOW              -15   01/20/1985
HIGHEST            68   01/31        42      26       63  01/03
LOWEST              9   01/18        24     -15        3  01/08
AVG. MAXIMUM     44.2              43.4     0.8     43.5
AVG. MINIMUM     25.4              25.8    -0.4     24.7
MEAN             34.8              34.6     0.2     34.1
DAYS MAX >= 90      0               0.0     0.0        0
DAYS MAX <= 32      5               5.1    -0.1        5
DAYS MIN <= 32     24              22.5     1.5       25
DAYS MIN <= 0       0               0.7    -0.7        0

PRECIPITATION (INCHES)
RECORD
 MAXIMUM         8.05   2013
 MINIMUM         0.99   1987
TOTALS           2.55              3.68   -1.13     2.56
DAILY AVG.       0.08              0.12   -0.04     0.08
DAYS >= .01         8               9.6    -1.6        8
DAYS >= .10         4               6.1    -2.1        4
DAYS >= .50         1               2.3    -1.3        2
DAYS >= 1.00        1               0.9     0.1        1
GREATEST
 24 HR. TOTAL    1.99   01/09 TO 01/09
                        01/09 TO 01/10
 STORM TOTAL       MM
 (MM/DD(HH))            MM

SNOWFALL (INCHES)
RECORDS
 TOTAL           24.7   1978
TOTALS            8.4               3.0     5.4      0.5
SINCE 7/1         8.4               5.3     3.1      3.5
SNOWDEPTH AVG.      0                MM      MM        0
DAYS >= TRACE       6
DAYS >= 1.0         3               1.0     2.0        0
GREATEST
 SNOW DEPTH         5   01/23                          0  MM
 24 HR TOTAL      5.9   MM
 STORM TOTAL       MM
 (MM/DD(HH))            MM

DEGREE_DAYS
HEATING TOTAL     930               942     -12      950
 SINCE 7/1       1973              2573    -600     2633

FREEZE DATES
RECORD
 EARLIEST     10/01/1984
 LATEST       04/28/1992
EARLIEST                        10/26
LATEST                          04/04
.................................................................

WIND (MPH)
AVERAGE WIND SPEED              8.1
HIGHEST WIND SPEED/DIRECTION    29/010    DATE  01/22
HIGHEST GUST SPEED/DIRECTION    39/220    DATE  01/31

SKY COVER
POSSIBLE SUNSHINE (PERCENT)   MM
AVERAGE SKY COVER           0.40
NUMBER OF DAYS FAIR           15
NUMBER OF DAYS PC              8
NUMBER OF DAYS CLOUDY          8

AVERAGE RH (PERCENT)     67

WEATHER CONDITIONS. NUMBER OF DAYS WITH
THUNDERSTORM              0     MIXED PRECIP               0
HEAVY RAIN                1     RAIN                       3
LIGHT RAIN                6     FREEZING RAIN              0
LT FREEZING RAIN          1     HAIL                       0
HEAVY SNOW                0     SNOW                       2
LIGHT SNOW                6     SLEET                      0
FOG                       9     FOG W/VIS <= 1/4 MILE      0
HAZE                      5

-  INDICATES NEGATIVE NUMBERS.
R  INDICATES RECORD WAS SET OR TIED.
MM INDICATES DATA IS MISSING.
T  INDICATES TRACE AMOUNT.

$$
