000
CXUS53 KPAH 161518 CCA
CLMPAH

CLIMATE REPORT...CORRECTION TO JUNE 4TH LOW TEMPERATURE...
NATIONAL WEATHER SERVICE PADUCAH KY
1017 AM CDT TUE JUL 16 2013

...................................

...THE PADUCAH ASOS CLIMATE SUMMARY FOR THE MONTH OF JUNE 2013...

CLIMATE NORMAL PERIOD 1981 TO 2010
CLIMATE RECORD PERIOD 1937 TO 2013

WEATHER         OBSERVED          NORMAL  DEPART  LAST YEAR`S
                 VALUE   DATE(S)  VALUE   FROM    VALUE  DATE(S)
                                          NORMAL
................................................................
TEMPERATURE (F)
RECORD
 HIGH             108   06/29/2012
 LOW               44   06/01/1993
HIGHEST            94   06/27        86       8      108  06/29
LOWEST             52   06/04        65     -13       47  06/02
AVG. MAXIMUM     85.6              86.2    -0.6     91.1
AVG. MINIMUM     64.9              64.9     0.0     61.4
MEAN             75.3              75.6    -0.3     76.3
DAYS MAX >= 90      9               9.1    -0.1       19
DAYS MAX <= 32      0               0.0     0.0        0
DAYS MIN <= 32      0               0.0     0.0        0
DAYS MIN <= 0       0               0.0     0.0        0

PRECIPITATION (INCHES)
RECORD
 MAXIMUM        10.98   1998
 MINIMUM         0.41   1988
TOTALS           9.11              4.06    5.05     0.90
DAILY AVG.       0.30              0.14    0.16     0.03
DAYS >= .01        11               9.1     1.9        4
DAYS >= .10         7               6.4     0.6        2
DAYS >= .50         4               2.7     1.3        1
DAYS >= 1.00        2               1.0     1.0        0
GREATEST
 24 HR. TOTAL    5.58   06/01 TO 06/01
                        05/31 TO 06/01
                        06/01 TO 06/01
 STORM TOTAL       MM
 (MM/DD(HH))            MM

DEGREE_DAYS
COOLING TOTAL     317               320      -3      356
 SINCE 1/1        495               492       3      739

FREEZE DATES
RECORD
 EARLIEST     10/01/1984
 LATEST       04/28/1992
EARLIEST                        10/26
LATEST                          04/04
.................................................................

WIND (MPH)
AVERAGE WIND SPEED              5.5
HIGHEST WIND SPEED/DIRECTION    30/340    DATE  06/29
HIGHEST GUST SPEED/DIRECTION    46/320    DATE  06/29

SKY COVER
POSSIBLE SUNSHINE (PERCENT)   MM
AVERAGE SKY COVER           0.30
NUMBER OF DAYS FAIR           19
NUMBER OF DAYS PC             11
NUMBER OF DAYS CLOUDY          0

AVERAGE RH (PERCENT)     73

WEATHER CONDITIONS. NUMBER OF DAYS WITH
THUNDERSTORM              0     MIXED PRECIP               0
HEAVY RAIN                5     RAIN                       7
LIGHT RAIN               13     FREEZING RAIN              0
LT FREEZING RAIN          0     HAIL                       0
HEAVY SNOW                0     SNOW                       0
LIGHT SNOW                0     SLEET                      0
FOG                      17     FOG W/VIS <= 1/4 MILE      1
HAZE                      4

-  INDICATES NEGATIVE NUMBERS.
R  INDICATES RECORD WAS SET OR TIED.
MM INDICATES DATA IS MISSING.
T  INDICATES TRACE AMOUNT.

$$
