000
CXUS53 KPAH 010656
CLMPAH

SDFCLMPAA 000
TTAA00 KPAH 010656


CLIMATE REPORT
NATIONAL WEATHER SERVICE PADUCAH KY
148 AM CDT FRI NOV 1 2013

...................................

...THE PADUCAH ASOS CLIMATE SUMMARY FOR THE MONTH OF OCTOBER 2013...

CLIMATE NORMAL PERIOD 1981 TO 2010
CLIMATE RECORD PERIOD 1937 TO 2013

WEATHER         OBSERVED          NORMAL  DEPART  LAST YEAR`S
                 VALUE   DATE(S)  VALUE   FROM    VALUE  DATE(S)
                                          NORMAL
................................................................
TEMPERATURE (F)
RECORD
 HIGH              95   10/06/1938
 LOW               22   10/24/1981
HIGHEST            87   10/04        71      16       81  10/25
                                                          10/22
LOWEST             29   10/25        47     -18       31  10/31
AVG. MAXIMUM     71.1              71.0     0.1     66.7
AVG. MINIMUM     49.8              46.7     3.1     46.4
MEAN             60.5              58.8     1.7     56.5
DAYS MAX >= 90      0               0.1    -0.1        0
DAYS MAX <= 32      0               0.0     0.0        0
DAYS MIN <= 32      2               2.0     0.0        1
DAYS MIN <= 0       0               0.0     0.0        0

PRECIPITATION (INCHES)
RECORD
 MAXIMUM        10.55   2009
 MINIMUM         0.11   2005
TOTALS           6.06              3.96    2.10     2.92
DAILY AVG.       0.20              0.13    0.07     0.09
DAYS >= .01        12               7.8     4.2        8
DAYS >= .10         6               5.5     0.5        7
DAYS >= .50         2               2.5    -0.5        2
DAYS >= 1.00        1               1.3    -0.3        0
GREATEST
 24 HR. TOTAL    4.40   10/05 TO 10/06
 STORM TOTAL       MM
 (MM/DD(HH))            MM

SNOWFALL (INCHES)
RECORDS
 TOTAL            2.2   1993
TOTALS            0.0               0.1    -0.1      0.0
SINCE 7/1         0.0               0.1    -0.1      0.0
SNOWDEPTH AVG.      0                MM      MM        0
DAYS >= TRACE       0
DAYS >= 1.0         0               0.0     0.0        0
GREATEST
 SNOW DEPTH         0   MM                             0  MM
 24 HR TOTAL      0.0   10/31 TO 10/31
 STORM TOTAL       MM
 (MM/DD(HH))            MM

DEGREE_DAYS
HEATING TOTAL     204               228     -24      280
 SINCE 7/1        209               267     -58      320
COOLING TOTAL      70                38      32       25
 SINCE 1/1       1478              1538     -60     1977

FREEZE DATES
RECORD
 EARLIEST     10/01/1984
 LATEST       04/28/1992
EARLIEST      10/24             10/26
LATEST                          04/04
.................................................................

WIND (MPH)
AVERAGE WIND SPEED              4.5
HIGHEST WIND SPEED/DIRECTION    35/290    DATE  10/31
HIGHEST GUST SPEED/DIRECTION    47/290    DATE  10/31

SKY COVER
POSSIBLE SUNSHINE (PERCENT)   MM
AVERAGE SKY COVER           0.40
NUMBER OF DAYS FAIR           14
NUMBER OF DAYS PC             15
NUMBER OF DAYS CLOUDY          2

AVERAGE RH (PERCENT)     71

WEATHER CONDITIONS. NUMBER OF DAYS WITH
THUNDERSTORM              0     MIXED PRECIP               0
HEAVY RAIN                3     RAIN                       4
LIGHT RAIN               16     FREEZING RAIN              0
LT FREEZING RAIN          0     HAIL                       0
HEAVY SNOW                0     SNOW                       0
LIGHT SNOW                0     SLEET                      0
FOG                      23     FOG W/VIS <= 1/4 MILE      9
HAZE                      7

-  INDICATES NEGATIVE NUMBERS.
R  INDICATES RECORD WAS SET OR TIED.
MM INDICATES DATA IS MISSING.
T  INDICATES TRACE AMOUNT.

&&
RMKS: 7TH WETTEST OCTOBER ON RECORD.THE WETTEST OCTOBER ON RECORD OCCURRED
IN 2009 WITH 10.55 INCHES OF RAINFALL.

$$
