000
CXUS53 KPAH 020621
CLMPAH

CLIMATE REPORT
NATIONAL WEATHER SERVICE PADUCAH KY
120 AM CDT THU MAY 2 2013

...................................

...THE PADUCAH ASOS CLIMATE SUMMARY FOR THE MONTH OF APRIL 2013...

CLIMATE NORMAL PERIOD 1981 TO 2010
CLIMATE RECORD PERIOD 1937 TO 2013

WEATHER         OBSERVED          NORMAL  DEPART  LAST YEAR`S
                 VALUE   DATE(S)  VALUE   FROM    VALUE  DATE(S)
                                          NORMAL
................................................................
TEMPERATURE (F)
RECORD
 HIGH              90   04/21/1987
                        04/21/1946
 LOW               21   04/08/2007
HIGHEST            83   04/16        69      14       86  04/29
                        04/10                             04/26
                                                          04/02
LOWEST             29   04/03        47     -18       30  04/12
AVG. MAXIMUM     67.4              69.4    -2.0     72.9
AVG. MINIMUM     44.2              46.6    -2.4     47.6
MEAN             55.8              58.0    -2.2     60.3
DAYS MAX >= 90      0               0.0     0.0        0
DAYS MAX <= 32      0               0.0     0.0        0
DAYS MIN <= 32      4               2.1     1.9        1
DAYS MIN <= 0       0               0.0     0.0        0

PRECIPITATION (INCHES)
RECORD
 MAXIMUM        15.91   2011
 MINIMUM         0.56   2012
TOTALS           5.37              4.76    0.61     0.56
DAILY AVG.       0.18              0.16    0.02     0.02
DAYS >= .01         7              10.8    -3.8        6
DAYS >= .10         6               7.3    -1.3        2
DAYS >= .50         4               3.2     0.8        0
DAYS >= 1.00        1               1.0     0.0        0
GREATEST
 24 HR. TOTAL    2.27   04/18 TO 04/18
 STORM TOTAL       MM
 (MM/DD(HH))            MM

SNOWFALL (INCHES)
RECORDS
 TOTAL            3.5   1971
TOTALS            0.0                 T     0.0      0.0
SINCE 7/1         6.8               9.1    -2.3      0.7
SNOWDEPTH AVG.      0                MM      MM        0
DAYS >= TRACE       0
DAYS >= 1.0         0               0.0     0.0        0
GREATEST
 SNOW DEPTH         0   MM                             0  MM
 24 HR TOTAL      0.0   04/30 TO 04/30
 STORM TOTAL       MM
 (MM/DD(HH))            MM

DEGREE_DAYS
HEATING TOTAL     300               245      55      210
 SINCE 7/1       4126              4064      62     3201
COOLING TOTAL      32                35      -3       76
 SINCE 1/1         32                42     -10      136

FREEZE DATES
RECORD
 EARLIEST     10/01/1984
 LATEST       04/28/1992
EARLIEST                        10/26
LATEST                          04/04
.................................................................

WIND (MPH)
AVERAGE WIND SPEED              7.0
HIGHEST WIND SPEED/DIRECTION    28/150    DATE  04/11
HIGHEST GUST SPEED/DIRECTION    39/170    DATE  04/18

SKY COVER
POSSIBLE SUNSHINE (PERCENT)   MM
AVERAGE SKY COVER           0.40
NUMBER OF DAYS FAIR           17
NUMBER OF DAYS PC              9
NUMBER OF DAYS CLOUDY          4

AVERAGE RH (PERCENT)     68

WEATHER CONDITIONS. NUMBER OF DAYS WITH
THUNDERSTORM              0     MIXED PRECIP               0
HEAVY RAIN                4     RAIN                       7
LIGHT RAIN               10     FREEZING RAIN              0
LT FREEZING RAIN          0     HAIL                       0
HEAVY SNOW                0     SNOW                       0
LIGHT SNOW                0     SLEET                      0
FOG                      12     FOG W/VIS <= 1/4 MILE      2
HAZE                      2

-  INDICATES NEGATIVE NUMBERS.
R  INDICATES RECORD WAS SET OR TIED.
MM INDICATES DATA IS MISSING.
T  INDICATES TRACE AMOUNT.

$$
