000
CXUS53 KPAH 012324
CLMPAH

SDFCLMPAA 000
TTAA00 KPAH 012314

CLIMATE REPORT
NATIONAL WEATHER SERVICE PADUCAH KY
610 PM CDT THU AUG 1 2013

...................................

...THE PADUCAH ASOS CLIMATE SUMMARY FOR THE MONTH OF JULY 2013...

CLIMATE NORMAL PERIOD 1981 TO 2010
CLIMATE RECORD PERIOD 1937 TO 2013

WEATHER         OBSERVED          NORMAL  DEPART  LAST YEAR`S
                 VALUE   DATE(S)  VALUE   FROM    VALUE  DATE(S)
                                          NORMAL
................................................................
TEMPERATURE (F)
RECORD
 HIGH             108   07/17/1942
 LOW               47   07/24/1947
                        07/23/1947
HIGHEST            94   07/17        89       5      107  07/06
LOWEST             51   07/28        65     -14       66  07/29
                                                          07/22
AVG. MAXIMUM     85.2              89.3    -4.1     97.0
AVG. MINIMUM     65.5              68.5    -3.0     72.0
MEAN             75.3              78.9    -3.6     84.5
DAYS MAX >= 90      7              15.0    -8.0       28
DAYS MAX <= 32      0               0.0     0.0        0
DAYS MIN <= 32      0               0.0     0.0        0
DAYS MIN <= 0       0               0.0     0.0        0

PRECIPITATION (INCHES)
RECORD
 MAXIMUM        12.47   1972
 MINIMUM         0.28   1999
TOTALS           2.48              4.44   -1.96     1.78
DAILY AVG.       0.08              0.14   -0.06     0.06
DAYS >= .01        11               8.5     2.5        9
DAYS >= .10         6               5.9     0.1        4
DAYS >= .50         2               2.7    -0.7        2
DAYS >= 1.00        0               1.4    -1.4        0
GREATEST
 24 HR. TOTAL    1.00   07/21 TO 07/22
 STORM TOTAL       MM
 (MM/DD(HH))            MM

DEGREE_DAYS
COOLING TOTAL     323               431    -108      613
 SINCE 1/1        818               923    -105     1352

FREEZE DATES
RECORD
 EARLIEST     10/01/1984
 LATEST       04/28/1992
EARLIEST                        10/26
LATEST                          04/04
.................................................................

WIND (MPH)
AVERAGE WIND SPEED              4.7
HIGHEST WIND SPEED/DIRECTION    28/040    DATE  07/20
HIGHEST GUST SPEED/DIRECTION    36/050    DATE  07/20

SKY COVER
POSSIBLE SUNSHINE (PERCENT)   MM
AVERAGE SKY COVER           0.30
NUMBER OF DAYS FAIR           20
NUMBER OF DAYS PC              8
NUMBER OF DAYS CLOUDY          3

AVERAGE RH (PERCENT)     76

WEATHER CONDITIONS. NUMBER OF DAYS WITH
THUNDERSTORM              0     MIXED PRECIP               0
HEAVY RAIN                4     RAIN                       6
LIGHT RAIN               12     FREEZING RAIN              0
LT FREEZING RAIN          0     HAIL                       0
HEAVY SNOW                0     SNOW                       0
LIGHT SNOW                0     SLEET                      0
FOG                      21     FOG W/VIS <= 1/4 MILE      1
HAZE                      7

-  INDICATES NEGATIVE NUMBERS.
R  INDICATES RECORD WAS SET OR TIED.
MM INDICATES DATA IS MISSING.
T  INDICATES TRACE AMOUNT.

$$
