000
CXUS53 KPAH 020114
CLMPAH

SDFCLMPAA 000
TTAA00 KPAH 020103


CLIMATE REPORT
NATIONAL WEATHER SERVICE PADUCAH KY
755 PM CDT MON JUN 1 2015

...................................

...THE PADUCAH ASOS CLIMATE SUMMARY FOR THE MONTH OF MAY 2015...

CLIMATE NORMAL PERIOD 1981 TO 2010
CLIMATE RECORD PERIOD 1937 TO 2015

WEATHER         OBSERVED          NORMAL  DEPART  LAST YEAR`S
                 VALUE   DATE(S)  VALUE   FROM    VALUE  DATE(S)
                                          NORMAL
................................................................
TEMPERATURE (F)
RECORD
 HIGH              96   05/26/1953
                        05/26/1944
                        05/22/1941
 LOW               32   05/07/1944
HIGHEST            88   05/15        77      11       90  05/31
                        05/10                             05/26
                                                          05/22
LOWEST             38   05/01        56     -18       42  05/02
AVG. MAXIMUM     78.9              78.0     0.9     80.9
AVG. MINIMUM     58.5              56.3     2.2     60.8
MEAN             68.7              67.2     1.5     70.9
DAYS MAX >= 90      0               0.7    -0.7        3
DAYS MAX <= 32      0               0.0     0.0        0
DAYS MIN <= 32      0               0.0     0.0        0
DAYS MIN <= 0       0               0.0     0.0        0

PRECIPITATION (INCHES)
RECORD
 MAXIMUM         9.32   1973
 MINIMUM         0.39   2012
TOTALS           3.71              4.94   -1.23     2.89
DAILY AVG.       0.12              0.16   -0.04     0.09
DAYS >= .01        11              11.3    -0.3        9
DAYS >= .10         9               7.9     1.1        6
DAYS >= .50         3               3.2    -0.2        2
DAYS >= 1.00        0               1.5    -1.5        1
GREATEST
 24 HR. TOTAL    1.08   05/15 TO 05/16
 STORM TOTAL       MM
 (MM/DD(HH))            MM

DEGREE_DAYS
COOLING TOTAL     169               130      39      248
 SINCE 1/1        211               172      39      278

FREEZE DATES
RECORD
 EARLIEST     10/01/1984
 LATEST       04/28/1992
EARLIEST                        10/26
LATEST                          04/04
.................................................................

WIND (MPH)
AVERAGE WIND SPEED              6.7
HIGHEST WIND SPEED/DIRECTION    29/200    DATE  05/30
HIGHEST GUST SPEED/DIRECTION    47/210    DATE  05/30

SKY COVER
POSSIBLE SUNSHINE (PERCENT)   MM
AVERAGE SKY COVER           0.30
NUMBER OF DAYS FAIR           20
NUMBER OF DAYS PC              9
NUMBER OF DAYS CLOUDY          2

AVERAGE RH (PERCENT)     70

WEATHER CONDITIONS. NUMBER OF DAYS WITH
THUNDERSTORM              0     MIXED PRECIP               0
HEAVY RAIN                5     RAIN                       8
LIGHT RAIN               16     FREEZING RAIN              0
LT FREEZING RAIN          0     HAIL                       0
HEAVY SNOW                0     SNOW                       0
LIGHT SNOW                0     SLEET                      0
FOG                      17     FOG W/VIS <= 1/4 MILE      0
HAZE                      4

-  INDICATES NEGATIVE NUMBERS.
R  INDICATES RECORD WAS SET OR TIED.
MM INDICATES DATA IS MISSING.
T  INDICATES TRACE AMOUNT.

$$
