000
CXUS53 KPAH 010645
CLMPAH

CLIMATE REPORT
NATIONAL WEATHER SERVICE PADUCAH KY
1241 AM CST THU JAN 1 2015

...................................

...THE PADUCAH ASOS CLIMATE SUMMARY FOR THE MONTH OF DECEMBER 2014...

CLIMATE NORMAL PERIOD 1981 TO 2010
CLIMATE RECORD PERIOD 1937 TO 2014

WEATHER         OBSERVED          NORMAL  DEPART  LAST YEAR`S
                 VALUE   DATE(S)  VALUE   FROM    VALUE  DATE(S)
                                          NORMAL
................................................................
TEMPERATURE (F)
RECORD
 HIGH              77   12/02/1982
                        12/31/1951
 LOW              -10   12/22/1989
HIGHEST            62   12/05        46      16       74  12/04
LOWEST             19   12/31        MM      MM        9  12/12
AVG. MAXIMUM     47.1              46.3     0.8     46.4
AVG. MINIMUM     34.3              28.6     5.7     27.9
MEAN             40.7              37.5     3.2     37.1
DAYS MAX >= 90      0               0.0     0.0        0
DAYS MAX <= 32      0               3.4    -3.4        5
DAYS MIN <= 32     11              19.8    -8.8       21
DAYS MIN <= 0       0               0.3    -0.3        0

PRECIPITATION (INCHES)
RECORD
 MAXIMUM        11.53   1982
 MINIMUM         0.63   1976
TOTALS           2.89              4.59   -1.70     8.14
DAILY AVG.       0.09              0.15   -0.06     0.26
DAYS >= .01        10              10.4    -0.4        9
DAYS >= .10         8               6.8     1.2        6
DAYS >= .50         3               3.3    -0.3        3
DAYS >= 1.00        0               1.2    -1.2        2
GREATEST
 24 HR. TOTAL    0.74   12/05 TO 12/06
 STORM TOTAL       MM
 (MM/DD(HH))            MM

SNOWFALL (INCHES)
RECORDS
 TOTAL           14.2   2004
TOTALS            0.2               2.2    -2.0      5.2
SINCE 7/1         3.0               2.3     0.7      5.2
SNOWDEPTH AVG.      0                MM      MM        0
DAYS >= TRACE       1
DAYS >= 1.0         0               0.6    -0.6        1
GREATEST
 SNOW DEPTH         0   MM                             3  12/08
                                                          12/07
 24 HR TOTAL      0.2   MM
 STORM TOTAL       MM
 (MM/DD(HH))            MM

DEGREE_DAYS
HEATING TOTAL     746               854    -108      858
 SINCE 7/1       1683              1631      52     1660

FREEZE DATES
RECORD
 EARLIEST     10/01/1984
 LATEST       04/28/1992
EARLIEST                        10/26
LATEST                          04/04
.................................................................

WIND (MPH)
AVERAGE WIND SPEED              6.7
HIGHEST WIND SPEED/DIRECTION    23/350    DATE  12/06
HIGHEST GUST SPEED/DIRECTION    31/360    DATE  12/06

SKY COVER
POSSIBLE SUNSHINE (PERCENT)   MM
AVERAGE SKY COVER           0.70
NUMBER OF DAYS FAIR            4
NUMBER OF DAYS PC             11
NUMBER OF DAYS CLOUDY         16

AVERAGE RH (PERCENT)     78

WEATHER CONDITIONS. NUMBER OF DAYS WITH
THUNDERSTORM              0     MIXED PRECIP               0
HEAVY RAIN                3     RAIN                       7
LIGHT RAIN               10     FREEZING RAIN              0
LT FREEZING RAIN          0     HAIL                       0
HEAVY SNOW                0     SNOW                       0
LIGHT SNOW                1     SLEET                      1
FOG                      18     FOG W/VIS <= 1/4 MILE      3
HAZE                      9

-  INDICATES NEGATIVE NUMBERS.
R  INDICATES RECORD WAS SET OR TIED.
MM INDICATES DATA IS MISSING.
T  INDICATES TRACE AMOUNT.

$$
