000
CXUS53 KPAH 042127
CLMPAH

CLIMATE REPORT
NATIONAL WEATHER SERVICE PADUCAH KY
327 PM CST FRI MAR 4 2016...CORRECTED

...................................

...THE PADUCAH ASOS CLIMATE SUMMARY FOR THE MONTH OF FEBRUARY 2016...

CLIMATE NORMAL PERIOD 1981 TO 2010
CLIMATE RECORD PERIOD 1937 TO 2016

WEATHER         OBSERVED          NORMAL  DEPART  LAST YEAR`S
                 VALUE   DATE(S)  VALUE   FROM    VALUE  DATE(S)
                                          NORMAL
................................................................
TEMPERATURE (F)
RECORD
 HIGH              78   02/13/1962
 LOW              -14   02/02/1951
HIGHEST            73   02/20        46      27       62  02/07
LOWEST             15   02/10        27     -12      -10  02/19
AVG. MAXIMUM     50.1              48.9     1.2     37.6
AVG. MINIMUM     32.0              29.5     2.5     17.9
MEAN             41.0              39.2     1.8     27.8
DAYS MAX >= 90      0               0.0     0.0        0
DAYS MAX <= 32      4               2.3     1.7       11
DAYS MIN <= 32     18              17.0     1.0       25
DAYS MIN <= 0       0               0.2    -0.2        3

PRECIPITATION (INCHES)
RECORD
 MAXIMUM        13.33   1989
 MINIMUM         0.31   1947
TOTALS           2.91              3.91   -1.00     4.73
DAILY AVG.       0.10                MM      MM     0.17
DAYS >= .01        10               8.7     1.3        6
DAYS >= .10         6               5.7     0.3        4
DAYS >= .50         2               2.8    -0.8        4
DAYS >= 1.00        0               1.2    -1.2        2
GREATEST
 24 HR. TOTAL    1.49   02/23 TO 02/24
 STORM TOTAL       MM
 (MM/DD(HH))            MM

SNOWFALL (INCHES)
RECORDS
 TOTAL           15.3   1993
TOTALS            3.7               3.2     0.5     13.0
SINCE 7/1        12.1               8.5     3.6     16.5
SNOWDEPTH AVG.      0                MM      MM        3
DAYS >= TRACE       7
DAYS >= 1.0         1               1.0     0.0        2
GREATEST
 SNOW DEPTH         2   02/15                         11  02/18
 24 HR TOTAL      2.5   02/14 TO 02/14
 STORM TOTAL       MM
 (MM/DD(HH))            MM

DEGREE_DAYS
HEATING TOTAL     689               723     -34     1036
 SINCE 7/1       2662              3318    -656     3669

FREEZE DATES
RECORD
 EARLIEST     10/03/1974
 LATEST       05/07/1944
EARLIEST                        10/26
LATEST                          04/06
.................................................................

WIND (MPH)
AVERAGE WIND SPEED              8.7
HIGHEST WIND SPEED/DIRECTION    31/220    DATE  02/28
HIGHEST GUST SPEED/DIRECTION    45/220    DATE  02/28

SKY COVER
POSSIBLE SUNSHINE (PERCENT)   MM
AVERAGE SKY COVER           0.50
NUMBER OF DAYS FAIR           11
NUMBER OF DAYS PC             10
NUMBER OF DAYS CLOUDY          8

AVERAGE RH (PERCENT)     66

WEATHER CONDITIONS. NUMBER OF DAYS WITH
THUNDERSTORM              0     MIXED PRECIP               0
HEAVY RAIN                4     RAIN                       3
LIGHT RAIN                9     FREEZING RAIN              0
LT FREEZING RAIN          1     HAIL                       0
HEAVY SNOW                1     SNOW                       1
LIGHT SNOW                7     SLEET                      2
FOG                      12     FOG W/VIS <= 1/4 MILE      3
HAZE                      6

-  INDICATES NEGATIVE NUMBERS.
R  INDICATES RECORD WAS SET OR TIED.
MM INDICATES DATA IS MISSING.
T  INDICATES TRACE AMOUNT.

$$
