312
CXUS53 KPAH 010634
CLMPAH

SDFCLMPAA 000
TTAA00 KPAH 010634


CLIMATE REPORT
NATIONAL WEATHER SERVICE PADUCAH KY
1233 AM CST FRI JAN 1 2016

...................................

...THE PADUCAH ASOS CLIMATE SUMMARY FOR THE MONTH OF DECEMBER 2015...

CLIMATE NORMAL PERIOD 1981 TO 2010
CLIMATE RECORD PERIOD 1937 TO 2015

WEATHER         OBSERVED          NORMAL  DEPART  LAST YEAR`S
                 VALUE   DATE(S)  VALUE   FROM    VALUE  DATE(S)
                                          NORMAL
................................................................
TEMPERATURE (F)
RECORD
 HIGH              77   12/02/1982
                        12/31/1951
 LOW              -10   12/22/1989
HIGHEST            74   12/13        46      28       62  12/05
LOWEST             24   12/04        MM      MM       19  12/31
AVG. MAXIMUM     57.8              46.3    11.5     47.1
AVG. MINIMUM     39.9              28.6    11.3     34.3
MEAN             48.9              37.5    11.4     40.7
DAYS MAX >= 90      0               0.0     0.0        0
DAYS MAX <= 32      0               3.4    -3.4        0
DAYS MIN <= 32     10              19.8    -9.8       11
DAYS MIN <= 0       0               0.3    -0.3        0

PRECIPITATION (INCHES)
RECORD
 MAXIMUM        11.53   1982
 MINIMUM         0.63   1976
TOTALS           7.42              4.59    2.83     2.89
DAILY AVG.       0.24              0.15    0.09     0.09
DAYS >= .01        10              10.4    -0.4       10
DAYS >= .10         8               6.8     1.2        8
DAYS >= .50         4               3.3     0.7        3
DAYS >= 1.00        3               1.2     1.8        0
GREATEST
 24 HR. TOTAL    2.94   12/27 TO 12/28
 STORM TOTAL       MM
 (MM/DD(HH))            MM

SNOWFALL (INCHES)
RECORDS
 TOTAL           14.2   2004
TOTALS            0.0               2.2    -2.2      0.2
SINCE 7/1         0.0               2.3    -2.3      3.0
SNOWDEPTH AVG.      0                MM      MM        0
DAYS >= TRACE       0
DAYS >= 1.0         0               0.6    -0.6        0
GREATEST
 SNOW DEPTH         0   MM                             0  MM
 24 HR TOTAL      0.0   12/31 TO 12/31
 STORM TOTAL       MM
 (MM/DD(HH))            MM

DEGREE_DAYS
HEATING TOTAL     499               854    -355      746
 SINCE 7/1       1043              1631    -588     1683

FREEZE DATES
RECORD
 EARLIEST     10/01/1984
 LATEST       04/28/1992
EARLIEST                        10/26
LATEST                          04/04
.................................................................

WIND (MPH)
AVERAGE WIND SPEED              7.5
HIGHEST WIND SPEED/DIRECTION    37/260    DATE  12/23
HIGHEST GUST SPEED/DIRECTION    54/280    DATE  12/23

SKY COVER
POSSIBLE SUNSHINE (PERCENT)   MM
AVERAGE SKY COVER           0.40
NUMBER OF DAYS FAIR           15
NUMBER OF DAYS PC              9
NUMBER OF DAYS CLOUDY          7

AVERAGE RH (PERCENT)     72

WEATHER CONDITIONS. NUMBER OF DAYS WITH
THUNDERSTORM              0     MIXED PRECIP               0
HEAVY RAIN                5     RAIN                       8
LIGHT RAIN               11     FREEZING RAIN              0
LT FREEZING RAIN          0     HAIL                       0
HEAVY SNOW                0     SNOW                       0
LIGHT SNOW                0     SLEET                      0
FOG                      19     FOG W/VIS <= 1/4 MILE      2
HAZE                     10

-  INDICATES NEGATIVE NUMBERS.
R  INDICATES RECORD WAS SET OR TIED.
MM INDICATES DATA IS MISSING.
T  INDICATES TRACE AMOUNT.

$$
