000
CXUS53 KPAH 020034
CLMPAH

SDFCLMPAA 000
TTAA00 KPAH 020032


CLIMATE REPORT
NATIONAL WEATHER SERVICE PADUCAH KY
730 PM CDT THU MAY 1 2014

...................................

...THE PADUCAH ASOS CLIMATE SUMMARY FOR THE MONTH OF APRIL 2014...

CLIMATE NORMAL PERIOD 1981 TO 2010
CLIMATE RECORD PERIOD 1937 TO 2014

WEATHER         OBSERVED          NORMAL  DEPART  LAST YEAR`S
                 VALUE   DATE(S)  VALUE   FROM    VALUE  DATE(S)
                                          NORMAL
................................................................
TEMPERATURE (F)
RECORD
 HIGH              90   04/21/1987
                        04/21/1946
 LOW               21   04/08/2007
HIGHEST            82   04/10        69      13       83  04/16
                                                          04/10
LOWEST             32   04/16        47     -15       29  04/03
AVG. MAXIMUM     70.8              69.4     1.4     67.4
AVG. MINIMUM     48.4              46.6     1.8     44.2
MEAN             59.6              58.0     1.6     55.8
DAYS MAX >= 90      0               0.0     0.0        0
DAYS MAX <= 32      0               0.0     0.0        0
DAYS MIN <= 32      1               2.1    -1.1        4
DAYS MIN <= 0       0               0.0     0.0        0

PRECIPITATION (INCHES)
RECORD
 MAXIMUM        15.91   2011
 MINIMUM         0.56   2012
TOTALS           8.47              4.76    3.71     5.37
DAILY AVG.       0.28              0.16    0.12     0.18
DAYS >= .01        14              10.8     3.2        7
DAYS >= .10        10               7.3     2.7        6
DAYS >= .50         7               3.2     3.8        4
DAYS >= 1.00        3               1.0     2.0        1
GREATEST
 24 HR. TOTAL    3.39   04/27 TO 04/28
 STORM TOTAL       MM
 (MM/DD(HH))            MM

SNOWFALL (INCHES)
RECORDS
 TOTAL            3.5   1971
TOTALS            0.0                 T     0.0      0.0
SINCE 7/1        18.5               9.1     9.4      6.8
SNOWDEPTH AVG.      0                MM      MM        0
DAYS >= TRACE       0
DAYS >= 1.0         0               0.0     0.0        0
GREATEST
 SNOW DEPTH         0   MM                             0  MM
 24 HR TOTAL      0.0   04/30 TO 04/30
 STORM TOTAL       MM
 (MM/DD(HH))            MM

DEGREE_DAYS
HEATING TOTAL     183               245     -62      300
 SINCE 7/1       4484              4064     420     4126
COOLING TOTAL      30                35      -5       32
 SINCE 1/1         30                42     -12       32

FREEZE DATES
RECORD
 EARLIEST     10/01/1984
 LATEST       04/28/1992
EARLIEST                        10/26
LATEST                          04/04
.................................................................

WIND (MPH)
AVERAGE WIND SPEED              7.9
HIGHEST WIND SPEED/DIRECTION    33/260    DATE  04/13
HIGHEST GUST SPEED/DIRECTION    42/260    DATE  04/13

SKY COVER
POSSIBLE SUNSHINE (PERCENT)   MM
AVERAGE SKY COVER           0.30
NUMBER OF DAYS FAIR           17
NUMBER OF DAYS PC             10
NUMBER OF DAYS CLOUDY          3

AVERAGE RH (PERCENT)     62

WEATHER CONDITIONS. NUMBER OF DAYS WITH
THUNDERSTORM              0     MIXED PRECIP               0
HEAVY RAIN                7     RAIN                      11
LIGHT RAIN               16     FREEZING RAIN              0
LT FREEZING RAIN          0     HAIL                       0
HEAVY SNOW                0     SNOW                       0
LIGHT SNOW                0     SLEET                      0
FOG                      14     FOG W/VIS <= 1/4 MILE      0
HAZE                      6

-  INDICATES NEGATIVE NUMBERS.
R  INDICATES RECORD WAS SET OR TIED.
MM INDICATES DATA IS MISSING.
T  INDICATES TRACE AMOUNT.

$$
