000
CXUS53 KPAH 011505
CLSPAH

CLIMATE REPORT
NATIONAL WEATHER SERVICE PADUCAH KY
1004 AM CDT WED JUN 1 2016

...................................

...THE PADUCAH KY CLIMATE SUMMARY FOR THE SEASON, FROM
3/1/2016 TO 5/31/2016...

CLIMATE NORMAL PERIOD 1981 TO 2010
CLIMATE RECORD PERIOD 1937 TO 2016

WEATHER         OBSERVED          NORMAL  DEPART
                 VALUE   DATE(S)  VALUE   FROM
                                          NORMAL
................................................
TEMPERATURE (F)
RECORD
 HIGH              96   05/26/1953
                        05/26/1944
                        05/22/1941
 LOW               -6   03/06/2015
HIGHEST            90   05/30        68      22
LOWEST             25   03/02        47     -22
AVG. MAXIMUM     70.8              68.8     2.0
AVG. MINIMUM     48.3              46.9     1.4
MEAN             59.6              57.8     1.8
DAYS MAX >= 90      1               0.8     0.2
DAYS MAX <= 32      0               0.3    -0.3
DAYS MIN <= 32      7              12.0    -5.0
DAYS MIN <= 0       0               0.0     0.0

PRECIPITATION (INCHES)
RECORD
 MAXIMUM        31.21   2011
 MINIMUM         4.95   2012
TOTALS          17.74             13.63    4.11
DAILY AVG.       0.19              0.15    0.04
DAYS >= .01        35              32.5     2.5
DAYS >= .10        28              22.1     5.9
DAYS >= .50        12               8.9     3.1
DAYS >= 1.00        6               3.4     2.6
GREATEST
 24 HR. TOTAL    3.28   MM
 STORM TOTAL       MM
 (MM/DD(HH))            MM

SNOWFALL (INCHES)
RECORDS
 TOTAL           24.0   1960
 24 HR TOTAL      8.1   MM
TOTALS              T               0.6    -0.6
 LIQUID EQUIV      MM
SINCE 7/1        12.1               9.1     3.0
 LIQUID 7/1      1.21
SNOWDEPTH AVG.      0
DAYS >= TRACE       1
DAYS >= 1.0         0
GREATEST
 SNOW DEPTH         0   MM
 24 HR TOTAL      0.0   MM
 STORM TOTAL       MM
 (MM/DD(HH))            MM

DEGREE_DAYS
HEATING TOTAL     630               831    -201
 SINCE 7/1       3292              4128    -836
COOLING TOTAL     150               172     -22
 SINCE 1/1        150               172     -22

FREEZE DATES
RECORD
 EARLIEST     10/01/1984
 LATEST       04/28/1992
EARLIEST                        10/26
LATEST                          04/04
.................................................

WIND (MPH)
AVERAGE WIND SPEED              7.2
HIGHEST WIND SPEED/DIRECTION    39/250    DATE  04/06
HIGHEST GUST SPEED/DIRECTION    52/240    DATE  04/06

SKY COVER
POSSIBLE SUNSHINE (PERCENT)   MM
AVERAGE SKY COVER           0.40
NUMBER OF DAYS FAIR           48
NUMBER OF DAYS PC             27
NUMBER OF DAYS CLOUDY         17

AVERAGE RH (PERCENT)     66

WEATHER CONDITIONS. NUMBER OF DAYS WITH
THUNDERSTORM              0     MIXED PRECIP               0
HEAVY RAIN               19     RAIN                      20
LIGHT RAIN               38     FREEZING RAIN              0
LT FREEZING RAIN          0     HAIL                       0
HEAVY SNOW                0     SNOW                       0
LIGHT SNOW                1     SLEET                      0
FOG                      46     FOG W/VIS <= 1/4 MILE      6
HAZE                     12

-  INDICATES NEGATIVE NUMBERS.
R  INDICATES RECORD WAS SET OR TIED.
MM INDICATES DATA IS MISSING.
T  INDICATES TRACE AMOUNT.

$$
