000
CXUS53 KPAH 011100
CLSPAH
CLIMATE REPORT
NATIONAL WEATHER SERVICE PADUCAH
600 AM CDT WED SEP 01 2021
...................................
...THE PADUCAH KY CLIMATE SUMMARY FOR THE SEASON, FROM
6/1/2021 TO 8/31/2021...
CLIMATE NORMAL PERIOD 1991 TO 2020
CLIMATE RECORD PERIOD 1937 TO 2021
WEATHER OBSERVED NORMAL DEPART LAST YEAR`S
VALUE DATE(S) VALUE FROM VALUE
NORMAL
..............................................................
TEMPERATURE (F)
RECORD
HIGH 108 07/17/1942
LOW 44 06/01/1993
08/29/1986
HIGHEST 96 06/12 88 8
08/26
LOWEST 55 06/23 67 -12
AVG. MAXIMUM 87.8 88.8 -1.0
AVG. MINIMUM 69.0 67.4 1.6
MEAN 78.4 78.1 0.3
DAYS MAX >= 90 41 41.9 -0.9
DAYS MAX <= 32 0 0.0 0.0
DAYS MIN <= 32 0 0.0 0.0
DAYS MIN <= 0 0 0.0 0.0
PRECIPITATION (INCHES)
RECORD
MAXIMUM 22.45 1958
MINIMUM 4.48 1944
TOTALS 12.24 11.92 0.32
DAILY AVG. 0.13 0.13 0.00
DAYS >= .01 25 25.7 -0.7
DAYS >= .10 18 17.4 0.6
DAYS >= .50 11 7.6 3.4
DAYS >= 1.00 4 3.5 0.5
GREATEST
24 HR. TOTAL 1.61
SNOWFALL (INCHES)
RECORDS
TOTAL 0.0 2002
24 HR TOTAL 0.0 08/31/2002 TO 08/31/2002
TOTALS 0.0 0.0 0.0
LIQUID EQUIV 0.00
SINCE 7/1 0.0 0.0 0.0
LIQUID 7/1 0.00
SNOWDEPTH AVG. 0
DAYS >= TRACE 0
DAYS >= 1.0 0
GREATEST
SNOW DEPTH 0
24 HR TOTAL 0.0
STORM TOTAL 0.0
(MM/DD(HH))
DEGREE DAYS
HEATING TOTAL 1 2 -1
SINCE 7/1 0 0 0
COOLING TOTAL 1254 1210 44
SINCE 1/1 1401 1420 -19
FREEZE DATES
EARLIEST MM
LATEST 04/02
..............................................................
WIND (MPH)
AVERAGE WIND SPEED 3.5
HIGHEST WIND SPEED/DIRECTION 23/250 DATE 07/12
HIGHEST GUST SPEED/DIRECTION 33/160 DATE 06/29
SKY COVER
POSSIBLE SUNSHINE (PERCENT) MM
AVERAGE SKY COVER 0.27
NUMBER OF DAYS FAIR 65
NUMBER OF DAYS PC 22
NUMBER OF DAYS CLOUDY 5
AVERAGE RH (PERCENT) 71
WEATHER CONDITIONS. NUMBER OF DAYS WITH
THUNDERSTORM 21 MIXED PRECIP 0
HEAVY RAIN 18 RAIN 19
LIGHT RAIN 33 FREEZING RAIN 0
LT FREEZING RAIN 0 HAIL 0
HEAVY SNOW 0 SNOW 0
LIGHT SNOW 0 SLEET 0
FOG 69 FOG W/VIS <= 1/4 MILE 7
HAZE 47
- INDICATES NEGATIVE NUMBERS.
R INDICATES RECORD WAS SET OR TIED.
MM INDICATES DATA IS MISSING.
T INDICATES TRACE AMOUNT.
$$