000
CXUS53 KPAH 131644
CLSPAH

SDFCLMPAS 000
TTAA00 KPAH 131638


CLIMATE REPORT
NATIONAL WEATHER SERVICE PADUCAH KY
1123 AM CDT FRI SEP 13 2013

...................................

...THE PADUCAH KY CLIMATE SUMMARY FOR THE SUMMER SEASON, FROM
6/1/2013 TO 8/31/2013...

CLIMATE NORMAL PERIOD 1981 TO 2010
CLIMATE RECORD PERIOD 1937 TO 2013

WEATHER         OBSERVED          NORMAL  DEPART
                 VALUE   DATE(S)  VALUE   FROM
                                          NORMAL
................................................
TEMPERATURE (F)
RECORD
 HIGH             108   07/17/1942
 LOW               44   06/01/1993
                        08/29/1986
HIGHEST            96   08/31        88       8
LOWEST             51   07/28        67     -16
AVG. MAXIMUM     85.6              88.2    -2.6
AVG. MINIMUM     65.7              66.5    -0.8
MEAN             75.7              77.4    -1.7
DAYS MAX >= 90     24              37.4   -13.4
DAYS MAX <= 32      0               0.0     0.0
DAYS MIN <= 32      0               0.0     0.0
DAYS MIN <= 0       0               0.0     0.0

PRECIPITATION (INCHES)
RECORD
 MAXIMUM        15.17   2009
 MINIMUM         0.11   1996
TOTALS          15.30             11.26    4.04
DAILY AVG.       0.17              0.12    0.05
DAYS >= .01        31              24.5     6.5
DAYS >= .10        19              16.8     2.2
DAYS >= .50         9               7.3     1.7
DAYS >= 1.00        4               3.2     0.8
GREATEST
 24 HR. TOTAL    5.58   MM
 STORM TOTAL       MM
 (MM/DD(HH))            MM

SNOWFALL (INCHES)
RECORDS
 TOTAL            0.0   2002
                        2000
 24 HR TOTAL      0.0   08/31/2002 TO 08/31/2002
TOTALS            0.0               0.0     0.0
 LIQUID EQUIV    0.00
SINCE 7/1         0.0               0.0     0.0
 LIQUID 7/1      0.00
SNOWDEPTH AVG.      0
DAYS >= TRACE       0
DAYS >= 1.0         0
GREATEST
 SNOW DEPTH         0   MM
 24 HR TOTAL      0.0   MM
 STORM TOTAL       MM
 (MM/DD(HH))            MM

DEGREE_DAYS
HEATING TOTAL       0                 4      -4
 SINCE 7/1          0                 1      -1
COOLING TOTAL     996              1140    -144
 SINCE 1/1       1174              1313    -139

FREEZE DATES
RECORD
 EARLIEST     10/01/1984
 LATEST       04/28/1992
EARLIEST                        10/26
LATEST                          04/04
.................................................

WIND (MPH)
AVERAGE WIND SPEED              4.5
HIGHEST WIND SPEED/DIRECTION    30/340    DATE  06/29
HIGHEST GUST SPEED/DIRECTION    46/320    DATE  06/29

SKY COVER
POSSIBLE SUNSHINE (PERCENT)   MM
AVERAGE SKY COVER           0.30
NUMBER OF DAYS FAIR           57
NUMBER OF DAYS PC             28
NUMBER OF DAYS CLOUDY          7

AVERAGE RH (PERCENT)     75

WEATHER CONDITIONS. NUMBER OF DAYS WITH
THUNDERSTORM              0     MIXED PRECIP               0
HEAVY RAIN               15     RAIN                      18
LIGHT RAIN               36     FREEZING RAIN              0
LT FREEZING RAIN          0     HAIL                       0
HEAVY SNOW                0     SNOW                       0
LIGHT SNOW                0     SLEET                      0
FOG                      62     FOG W/VIS <= 1/4 MILE     10
HAZE                     19

-  INDICATES NEGATIVE NUMBERS.
R  INDICATES RECORD WAS SET OR TIED.
MM INDICATES DATA IS MISSING.
T  INDICATES TRACE AMOUNT.

REMARKS: THE AVERAGE TEMPERATURE OF 75.7 MAKES THIS SUMMER THE 8TH
COOLEST ON RECORD. THE RECORD COOLEST SUMMER WAS RECORDED IN 1967
WITH AN AVERAGE TEMPERATURE OF 73.3 DEGREES. WITH 15.30 INCHES OF
RAIN RECORDED...THIS SUMMER WAS THE 9TH WETTEST. THE WETTEST SUMMER
RECORDED AT PADUCAH WAS 1958 WHEN 22.45 INCHES FELL.

$$
