000
CXUS53 KPAH 031617 CCA
CLSPAH

SDFCLMPAS 000
TTAA00 KPAH 031613


CLIMATE REPORT
NATIONAL WEATHER SERVICE PADUCAH KY
1001 AM CST TUE DEC 3 2013

...................................

...THE PADUCAH KY CLIMATE SUMMARY FOR THE FALL SEASON,
FROM 9/1/2013 TO 11/30/2013...

CLIMATE NORMAL PERIOD 1981 TO 2010
CLIMATE RECORD PERIOD 1937 TO 2013

WEATHER         OBSERVED          NORMAL  DEPART
                 VALUE   DATE(S)  VALUE   FROM
                                          NORMAL
................................................
TEMPERATURE (F)
RECORD
 HIGH             104   09/05/1954
                        09/09/1939
 LOW               -3   11/25/1950
HIGHEST            94   09/11        70      24
                        09/09
                        09/10
LOWEST             17   11/28        48     -31
AVG. MAXIMUM     70.2              70.5    -0.3
AVG. MINIMUM     48.4              47.4     1.0
MEAN             59.3              59.0     0.3
DAYS MAX >= 90      5               4.3     0.7
DAYS MAX <= 32      0               0.1    -0.1
DAYS MIN <= 32     15              10.8     4.2
DAYS MIN <= 0       0               0.0     0.0

PRECIPITATION (INCHES)
RECORD
 MAXIMUM        18.01   2001
 MINIMUM         0.12   1983
TOTALS          11.43             12.01   -0.58
DAILY AVG.       0.13              0.13    0.00
DAYS >= .01        28              24.5     3.5
DAYS >= .10        14              16.6    -2.6
DAYS >= .50         6               7.8    -1.8
DAYS >= 1.00        3               3.8    -0.8
GREATEST
 24 HR. TOTAL    4.40   MM
 STORM TOTAL       MM
 (MM/DD(HH))            MM

SNOWFALL (INCHES)
RECORDS
 TOTAL            2.2   1983
 24 HR TOTAL      2.1   MM
TOTALS              T               0.1    -0.1
 LIQUID EQUIV       T
SINCE 7/1           T               0.1    -0.1
 LIQUID 7/1        MM
SNOWDEPTH AVG.      0
DAYS >= TRACE       3
DAYS >= 1.0         0
GREATEST
 SNOW DEPTH         0   MM
 24 HR TOTAL      0.0   MM
 STORM TOTAL       MM
 (MM/DD(HH))            MM

DEGREE_DAYS
HEATING TOTAL     802               776      26
 SINCE 7/1        802               777      25
COOLING TOTAL     304               228      76
 SINCE 1/1       1478              1542     -64

FREEZE DATES
RECORD
 EARLIEST     10/01/1984
 LATEST       04/28/1992
EARLIEST                        10/26
LATEST                          04/04
.................................................

WIND (MPH)
AVERAGE WIND SPEED              5.1
HIGHEST WIND SPEED/DIRECTION    38/270    DATE  11/17
HIGHEST GUST SPEED/DIRECTION    49/270    DATE  11/17

SKY COVER
POSSIBLE SUNSHINE (PERCENT)   MM
AVERAGE SKY COVER           0.30
NUMBER OF DAYS FAIR           54
NUMBER OF DAYS PC             27
NUMBER OF DAYS CLOUDY         10

AVERAGE RH (PERCENT)     69

WEATHER CONDITIONS. NUMBER OF DAYS WITH
THUNDERSTORM              0     MIXED PRECIP               0
HEAVY RAIN                7     RAIN                      11
LIGHT RAIN               33     FREEZING RAIN              0
LT FREEZING RAIN          0     HAIL                       0
HEAVY SNOW                0     SNOW                       0
LIGHT SNOW                1     SLEET                      2
FOG                      63     FOG W/VIS <= 1/4 MILE     20
HAZE                     28

-  INDICATES NEGATIVE NUMBERS.
R  INDICATES RECORD WAS SET OR TIED.
MM INDICATES DATA IS MISSING.
T  INDICATES TRACE AMOUNT.

$$
