000
CXUS53 KPAH 122117
CLSPAH

SDFCLMPAS 000
TTAA00 KPAH 122110


CLIMATE REPORT
NATIONAL WEATHER SERVICE PADUCAH KY
409 PM CDT FRI JUN 12 2015

...................................

...THE PADUCAH KY CLIMATE SUMMARY FOR THE SPRING SEASON, FROM
3/1/2015 TO 5/31/2015...

CLIMATE NORMAL PERIOD 1981 TO 2010
CLIMATE RECORD PERIOD 1937 TO 2015

WEATHER         OBSERVED          NORMAL  DEPART
                 VALUE   DATE(S)  VALUE   FROM
                                          NORMAL
................................................
TEMPERATURE (F)
RECORD
 HIGH              96   05/26/1953
                        05/26/1944
                        05/22/1941
 LOW               -6   03/06/2015
HIGHEST            88   05/15        68      20
                        05/10
LOWEST             -6R  03/06        47     -53
AVG. MAXIMUM     69.0              68.8     0.2
AVG. MINIMUM     47.6              46.9     0.7
MEAN             58.3              57.8     0.5
DAYS MAX >= 90      0               0.8    -0.8
DAYS MAX <= 32      2               0.3     1.7
DAYS MIN <= 32     11              12.0    -1.0
DAYS MIN <= 0       1               0.0     1.0

PRECIPITATION (INCHES)
RECORD
 MAXIMUM        31.21   2011
 MINIMUM         0.71   1994
TOTALS          18.33             13.63    4.70
DAILY AVG.       0.20              0.15    0.05
DAYS >= .01        38              32.5     5.5
DAYS >= .10        26              22.1     3.9
DAYS >= .50        12               8.9     3.1
DAYS >= 1.00        7               3.4     3.6
GREATEST
 24 HR. TOTAL    2.31   MM
 STORM TOTAL       MM
 (MM/DD(HH))            MM

SNOWFALL (INCHES)
RECORDS
 TOTAL            8.0   1975
 24 HR TOTAL      7.3   MM
TOTALS           12.1R              0.6    11.5
 LIQUID EQUIV    1.21
SINCE 7/1        28.6               9.1    19.5
 LIQUID 7/1      2.86
SNOWDEPTH AVG.      0
DAYS >= TRACE       4
DAYS >= 1.0         2
GREATEST
 SNOW DEPTH        10R  03/05
 24 HR TOTAL      8.1R  MM
 STORM TOTAL       MM
 (MM/DD(HH))            MM

DEGREE_DAYS
HEATING TOTAL     807               831     -24
 SINCE 7/1         MM              4128      MM
COOLING TOTAL     211               172      39
 SINCE 1/1        211               172      39

FREEZE DATES
RECORD
 EARLIEST     10/01/1984
 LATEST       04/28/1992
EARLIEST                        10/26
LATEST                          04/04
.................................................

WIND (MPH)
AVERAGE WIND SPEED              7.1
HIGHEST WIND SPEED/DIRECTION    32/270    DATE  04/21
HIGHEST GUST SPEED/DIRECTION    47/210    DATE  05/30

SKY COVER
POSSIBLE SUNSHINE (PERCENT)   MM
AVERAGE SKY COVER           0.40
NUMBER OF DAYS FAIR           50
NUMBER OF DAYS PC             26
NUMBER OF DAYS CLOUDY         16

AVERAGE RH (PERCENT)     68

WEATHER CONDITIONS. NUMBER OF DAYS WITH
THUNDERSTORM              0     MIXED PRECIP               0
HEAVY RAIN               16     RAIN                      22
LIGHT RAIN               47     FREEZING RAIN              1
LT FREEZING RAIN          2     HAIL                       0
HEAVY SNOW                1     SNOW                       1
LIGHT SNOW                3     SLEET                      2
FOG                      48     FOG W/VIS <= 1/4 MILE      7
HAZE                     13

-  INDICATES NEGATIVE NUMBERS.
R  INDICATES RECORD WAS SET OR TIED.
MM INDICATES DATA IS MISSING.
T  INDICATES TRACE AMOUNT.

$$
