000
CXUS53 KPAH 030328
CLSPAH

SDFCLMPAS 000
TTAA00 KPAH 030325


CLIMATE REPORT
NATIONAL WEATHER SERVICE PADUCAH KY
919 PM CST SUN DEC 2 2012

...................................

...THE PADUCAH KY CLIMATE SUMMARY FOR THE FALL SEASON, FROM 9/1/2012
TO 11/30/2012...

CLIMATE NORMAL PERIOD 1981 TO 2010
CLIMATE RECORD PERIOD 1937 TO 2012

WEATHER         OBSERVED          NORMAL  DEPART
                 VALUE   DATE(S)  VALUE   FROM
                                          NORMAL
................................................
TEMPERATURE (F)
RECORD
 HIGH             104   09/05/1954
                        09/09/1939
 LOW               -3   11/25/1950
HIGHEST            93   09/06        70      23
LOWEST             21   11/28        48     -27
AVG. MAXIMUM     68.0              70.5    -2.5
AVG. MINIMUM     46.2              47.4    -1.2
MEAN             57.1              59.0    -1.9
DAYS MAX >= 90      4               4.3    -0.3
DAYS MAX <= 32      0               0.1    -0.1
DAYS MIN <= 32     15              10.8     4.2
DAYS MIN <= 0       0               0.0     0.0

PRECIPITATION (INCHES)
RECORD
 MAXIMUM        18.01   2001
 MINIMUM         0.12   1983
TOTALS          10.02             12.01   -1.99
DAILY AVG.       0.11              0.13   -0.02
DAYS >= .01        26              24.5     1.5
DAYS >= .10        18              16.6     1.4
DAYS >= .50         9               7.8     1.2
DAYS >= 1.00        1               3.8    -2.8
GREATEST
 24 HR. TOTAL    2.11   MM
 STORM TOTAL       MM
 (MM/DD(HH))            MM

SNOWFALL (INCHES)
RECORDS
 TOTAL            2.2   1983
 24 HR TOTAL      2.1   MM
TOTALS            0.0               0.1    -0.1
 LIQUID EQUIV    0.00
SINCE 7/1         0.0               0.1    -0.1
 LIQUID 7/1      0.00
SNOWDEPTH AVG.      0
DAYS >= TRACE       0
DAYS >= 1.0         0
GREATEST
 SNOW DEPTH         0   MM
 24 HR TOTAL      0.0   MM
 STORM TOTAL       MM
 (MM/DD(HH))            MM

DEGREE_DAYS
HEATING TOTAL     892               776     116
 SINCE 7/1        892               777     115
COOLING TOTAL     196               228     -32
 SINCE 1/1       1977              1542     435

FREEZE DATES
RECORD
 EARLIEST     10/01/1984
 LATEST       04/28/1992
EARLIEST                        10/26
LATEST                          04/04
.................................................

WIND (MPH)
AVERAGE WIND SPEED              5.9
HIGHEST WIND SPEED/DIRECTION    35/280    DATE  09/06
HIGHEST GUST SPEED/DIRECTION    48/260    DATE  09/06

SKY COVER
POSSIBLE SUNSHINE (PERCENT)   MM
AVERAGE SKY COVER           0.30
NUMBER OF DAYS FAIR           63
NUMBER OF DAYS PC             16
NUMBER OF DAYS CLOUDY         12

AVERAGE RH (PERCENT)     68

WEATHER CONDITIONS. NUMBER OF DAYS WITH
THUNDERSTORM              0     MIXED PRECIP               0
HEAVY RAIN               16     RAIN                      17
LIGHT RAIN               28     FREEZING RAIN              0
LT FREEZING RAIN          0     HAIL                       0
HEAVY SNOW                0     SNOW                       0
LIGHT SNOW                0     SLEET                      0
FOG                      49     FOG W/VIS <= 1/4 MILE      4
HAZE                     21

-  INDICATES NEGATIVE NUMBERS.
R  INDICATES RECORD WAS SET OR TIED.
MM INDICATES DATA IS MISSING.
T  INDICATES TRACE AMOUNT.

$$
