000
CXUS53 KPAH 130318
CLSPAH

SDFCLMPAS 000
TTAA00 KPAH 130316


CLIMATE REPORT
NATIONAL WEATHER SERVICE PADUCAH KY
1006 PM CDT WED SEP 12 2012

...................................

...THE PADUCAH KY CLIMATE SUMMARY FOR THE SEASON, FROM
6/1/2012 TO 8/31/2012...

CLIMATE NORMAL PERIOD 1981 TO 2010
CLIMATE RECORD PERIOD 1937 TO 2012

WEATHER         OBSERVED          NORMAL  DEPART
                 VALUE   DATE(S)  VALUE   FROM
                                          NORMAL
................................................
TEMPERATURE (F)
RECORD
 HIGH             108   07/17/1942
 LOW               44   06/01/1993
                        08/29/1986
HIGHEST           108R  06/29        88      20
LOWEST             47   06/02        67     -20
AVG. MAXIMUM     93.2              88.2     5.0
AVG. MINIMUM     66.3              66.5    -0.2
MEAN             79.8              77.4     2.4
DAYS MAX >= 90     67              37.4    29.6
DAYS MAX <= 32      0               0.0     0.0
DAYS MIN <= 32      0               0.0     0.0
DAYS MIN <= 0       0               0.0     0.0

PRECIPITATION (INCHES)
RECORD
 MAXIMUM        15.17   2009
 MINIMUM         0.11   1996
TOTALS           5.43             11.26   -5.83
DAILY AVG.       0.06              0.12   -0.06
DAYS >= .01        20              24.5    -4.5
DAYS >= .10         9              16.8    -7.8
DAYS >= .50         5               7.3    -2.3
DAYS >= 1.00        1               3.2    -2.2
GREATEST
 24 HR. TOTAL    1.42   MM
 STORM TOTAL       MM
 (MM/DD(HH))            MM

SNOWFALL (INCHES)
RECORDS
 TOTAL            0.0   2002
                        2000
 24 HR TOTAL      0.0   08/31/2002 TO 08/31/2002
TOTALS            0.0               0.0     0.0
 LIQUID EQUIV    0.00
SINCE 7/1         0.0               0.0     0.0
 LIQUID 7/1      0.00
SNOWDEPTH AVG.      0
DAYS >= TRACE       0
DAYS >= 1.0         0
GREATEST
 SNOW DEPTH         0   MM
 24 HR TOTAL      0.0   MM
 STORM TOTAL       MM
 (MM/DD(HH))            MM

DEGREE_DAYS
HEATING TOTAL       7                 4       3
 SINCE 7/1          0                 1      -1
COOLING TOTAL    1398              1140     258
 SINCE 1/1       1781              1313     468

FREEZE DATES
RECORD
 EARLIEST     10/01/1984
 LATEST       04/28/1992
EARLIEST                        10/26
LATEST                          04/04
.................................................

WIND (MPH)
AVERAGE WIND SPEED              5.5
HIGHEST WIND SPEED/DIRECTION    43/290    DATE  08/16
HIGHEST GUST SPEED/DIRECTION    59/310    DATE  08/16

SKY COVER
POSSIBLE SUNSHINE (PERCENT)   MM
AVERAGE SKY COVER           0.10
NUMBER OF DAYS FAIR           78
NUMBER OF DAYS PC             14
NUMBER OF DAYS CLOUDY          0

AVERAGE RH (PERCENT)     61

WEATHER CONDITIONS. NUMBER OF DAYS WITH
THUNDERSTORM              0     MIXED PRECIP               0
HEAVY RAIN                7     RAIN                       9
LIGHT RAIN               23     FREEZING RAIN              0
LT FREEZING RAIN          0     HAIL                       0
HEAVY SNOW                0     SNOW                       0
LIGHT SNOW                0     SLEET                      0
FOG                      32     FOG W/VIS <= 1/4 MILE      3
HAZE                     15

-  INDICATES NEGATIVE NUMBERS.
R  INDICATES RECORD WAS SET OR TIED.
MM INDICATES DATA IS MISSING.
T  INDICATES TRACE AMOUNT.
&&

REMARKS: TIED FOR 7TH WARMEST SUMMER ON RECORD. THE WARMEST IS 81.2 DEGREES
SET DURING THE SUMMER OF 1952. SUMMER RAINFALL TOTAL OF 5.43 INCHES IS THE
4TH DRIEST SUMMER ON RECORD. THE DRIEST WAS SET AT 2.54 INCHES LAST SET
DURING THE SUMMER OF 1949.

$$
