000
CXUS53 KPAH 091613
CLSPAH

SDFCLMPAS 000
TTAA00 KPAH 091609


CLIMATE REPORT
NATIONAL WEATHER SERVICE PADUCAH KY
943 AM CST FRI MAR 9 2012

...................................

...THE PADUCAH KY CLIMATE SUMMARY FOR THE WINTER SEASON, FROM
12/1/2011 TO 2/29/2012...

CLIMATE NORMAL PERIOD 1981 TO 2010
CLIMATE RECORD PERIOD 1937 TO 2012

WEATHER         OBSERVED          NORMAL  DEPART
                 VALUE   DATE(S)  VALUE   FROM
                                          NORMAL
................................................
TEMPERATURE (F)
RECORD
 HIGH              78   02/13/1962
 LOW              -15   01/20/1985
HIGHEST            74   02/23        45      29
LOWEST             17   02/12        27     -10
                        01/03
AVG. MAXIMUM     51.3              46.1     5.2
AVG. MINIMUM     32.0              28.0     4.0
MEAN             41.6              37.0     4.6
DAYS MAX >= 90      0               0.0     0.0
DAYS MAX <= 32      2              10.8    -8.8
DAYS MIN <= 32     51              59.4    -8.4
DAYS MIN <= 0       0               1.1    -1.1

PRECIPITATION (INCHES)
RECORD
 MAXIMUM        16.14   2002
 MINIMUM         0.63   1976
TOTALS          13.03             12.18    0.85
DAILY AVG.       0.14              0.14    0.00
DAYS >= .01        33              28.7     4.3
DAYS >= .10        22              18.6     3.4
DAYS >= .50         7               8.4    -1.4
DAYS >= 1.00        2               3.3    -1.3
GREATEST
 24 HR. TOTAL    3.87   MM
 STORM TOTAL       MM
 (MM/DD(HH))            MM

SNOWFALL (INCHES)
RECORDS
 TOTAL           24.7   1978
 24 HR TOTAL     14.0   12/22/2004 TO 12/22/2004
TOTALS            0.4               8.4    -8.0
 LIQUID EQUIV    0.04
SINCE 7/1         0.7               8.5    -7.8
 LIQUID 7/1      0.07
SNOWDEPTH AVG.      0
DAYS >= TRACE      11
DAYS >= 1.0         0
GREATEST
 SNOW DEPTH         0   MM
 24 HR TOTAL      0.2   MM
 STORM TOTAL       MM
 (MM/DD(HH))            MM

DEGREE_DAYS
HEATING TOTAL    2113              2519    -406
 SINCE 7/1       2803              3318    -515
COOLING TOTAL       0                 1      -1
 SINCE 1/1          0                 0       0

FREEZE DATES
RECORD
 EARLIEST     10/01/1984
 LATEST       04/28/1992
EARLIEST                        10/26
LATEST                          04/04
.................................................

WIND (MPH)
AVERAGE WIND SPEED              7.3
HIGHEST WIND SPEED/DIRECTION    44/260    DATE  01/22
HIGHEST GUST SPEED/DIRECTION    53/260    DATE  01/22

SKY COVER
POSSIBLE SUNSHINE (PERCENT)   MM
AVERAGE SKY COVER           0.40
NUMBER OF DAYS FAIR           42
NUMBER OF DAYS PC             21
NUMBER OF DAYS CLOUDY         28

AVERAGE RH (PERCENT)     70

WEATHER CONDITIONS. NUMBER OF DAYS WITH
THUNDERSTORM              0     MIXED PRECIP               0
HEAVY RAIN               10     RAIN                      19
LIGHT RAIN               34     FREEZING RAIN              0
LT FREEZING RAIN          1     HAIL                       1
HEAVY SNOW                0     SNOW                       1
LIGHT SNOW                6     SLEET                      0
FOG                      52     FOG W/VIS <= 1/4 MILE      8
HAZE                     16

-  INDICATES NEGATIVE NUMBERS.
R  INDICATES RECORD WAS SET OR TIED.
MM INDICATES DATA IS MISSING.
T  INDICATES TRACE AMOUNT.

&&

RMKS: THE AVERAGE TEMPERATURE OF 41.6 DEGREES MAKES THIS THE 3RD
WARMEST WINTER SEASON ON RECORD. THE RECORD WARMEST WINTER SEASON
OCCURRED IN 1950 WITH AN AVERAGE TEMPERATURE OF 42.4 DEGREES.

$$
