987
CXUS53 KPAH 010844
CLSPAH

CLIMATE REPORT
NATIONAL WEATHER SERVICE PADUCAH KY
236 AM CST WED MAR 1 2017

...................................

...THE PADUCAH KY CLIMATE SUMMARY FOR THE WINTER SEASON,
FROM 12/1/2016 TO 2/28/2017...

CLIMATE NORMAL PERIOD 1981 TO 2010
CLIMATE RECORD PERIOD 1937 TO 2017

WEATHER         OBSERVED          NORMAL  DEPART
                 VALUE   DATE(S)  VALUE   FROM
                                          NORMAL
................................................
TEMPERATURE (F)
RECORD
 HIGH              78   02/13/1962
 LOW              -15   01/20/1985
HIGHEST            75   02/20        45      30
LOWEST              7   01/08        27     -20
                        01/07
AVG. MAXIMUM     52.3              46.1     6.2
AVG. MINIMUM     33.7              28.0     5.7
MEAN             43.0              37.0     6.0
DAYS MAX >= 90      0               0.0     0.0
DAYS MAX <= 32      7              10.8    -3.8
DAYS MIN <= 32     40              59.4   -19.4
DAYS MIN <= 0       0               1.1    -1.1

PRECIPITATION (INCHES)
RECORD
 MAXIMUM        27.23   1949
 MINIMUM         3.98   1962
TOTALS          10.84             12.18   -1.34
DAILY AVG.       0.12              0.14   -0.02
DAYS >= .01        35              28.7     6.3
DAYS >= .10        18              18.6    -0.6
DAYS >= .50         8               8.4    -0.4
DAYS >= 1.00        3               3.3    -0.3
GREATEST
 24 HR. TOTAL    2.60   MM
 STORM TOTAL       MM
 (MM/DD(HH))            MM

SNOWFALL (INCHES)
RECORDS
 TOTAL           24.7   1978
 24 HR TOTAL     14.0   12/22/2004 TO 12/22/2004
TOTALS            0.2               8.4    -8.2
 LIQUID EQUIV    0.02
SINCE 7/1         0.2               8.5    -8.3
 LIQUID 7/1      0.02
SNOWDEPTH AVG.      0
DAYS >= TRACE       9
DAYS >= 1.0         0
GREATEST
 SNOW DEPTH         0   MM
 24 HR TOTAL      0.2   MM
 STORM TOTAL       MM
 (MM/DD(HH))            MM

DEGREE_DAYS
HEATING TOTAL    1978              2519    -541
 SINCE 7/1       2479              3296    -817
COOLING TOTAL       0                 1      -1
 SINCE 1/1          0                 0       0

FREEZE DATES
RECORD
 EARLIEST     10/01/1984
 LATEST       04/28/1992
EARLIEST                        10/26
LATEST                          04/04
.................................................

WIND (MPH)
AVERAGE WIND SPEED              7.6
HIGHEST WIND SPEED/DIRECTION    29/170    DATE  01/10
HIGHEST GUST SPEED/DIRECTION    45/190    DATE  01/10

SKY COVER
POSSIBLE SUNSHINE (PERCENT)   MM
AVERAGE SKY COVER           0.50
NUMBER OF DAYS FAIR           36
NUMBER OF DAYS PC             21
NUMBER OF DAYS CLOUDY         33

AVERAGE RH (PERCENT)     67

WEATHER CONDITIONS. NUMBER OF DAYS WITH
THUNDERSTORM              0     MIXED PRECIP               0
HEAVY RAIN                9     RAIN                      18
LIGHT RAIN               40     FREEZING RAIN              1
LT FREEZING RAIN          1     HAIL                       0
HEAVY SNOW                0     SNOW                       0
LIGHT SNOW                8     SLEET                      0
FOG                      44     FOG W/VIS <= 1/4 MILE     10
HAZE                     17

-  INDICATES NEGATIVE NUMBERS.
R  INDICATES RECORD WAS SET OR TIED.
MM INDICATES DATA IS MISSING.
T  INDICATES TRACE AMOUNT.

$$
