000
CXUS53 KPAH 010733
CLSPAH
CLIMATE REPORT
NATIONAL WEATHER SERVICE PADUCAH KY
233 AM CDT THU JUN 01 2023
...................................
...THE PADUCAH KY CLIMATE SUMMARY FOR THE SEASON, FROM
3/1/2023 TO 5/31/2023...
CLIMATE NORMAL PERIOD 1991 TO 2020
CLIMATE RECORD PERIOD 1937 TO 2023
WEATHER OBSERVED NORMAL DEPART LAST YEAR`S
VALUE DATE(S) VALUE FROM VALUE
NORMAL
..............................................................
TEMPERATURE (F)
RECORD
HIGH 96 05/26/1953
05/26/1944
05/22/1941
LOW -6 03/06/2015
HIGHEST 91 05/14 68 23
LOWEST 24 03/15 47 -23
AVG. MAXIMUM 70.5 69.8 0.7
AVG. MINIMUM 48.2 47.9 0.3
MEAN 59.4 58.8 0.6
DAYS MAX >= 90 1 1.5 -0.5
DAYS MAX <= 32 0 0.4 -0.4
DAYS MIN <= 32 6 12.2 -6.2
DAYS MIN <= 0 0 0.0 0.0
PRECIPITATION (INCHES)
RECORD
MAXIMUM 31.21 2011
MINIMUM 4.95 2012
TOTALS 17.05 14.68 2.37
DAILY AVG. 0.19 0.16 0.03
DAYS >= .01 29 33.8 -4.8
DAYS >= .10 19 23.2 -4.2
DAYS >= .50 10 9.9 0.1
DAYS >= 1.00 5 3.9 1.1
GREATEST
24 HR. TOTAL 4.47 03/02 TO 03/03
STORM TOTAL 4.16
(MM/DD(HH))
SNOWFALL (INCHES)
RECORDS
TOTAL 24.0 1960
24 HR TOTAL 8.1 MM
TOTALS T 1.1 -1.1
LIQUID EQUIV T
SINCE 7/1 7.9 8.9 -1.0
LIQUID 7/1 0.79
SNOWDEPTH AVG. 0
DAYS >= TRACE 2
DAYS >= 1.0 0
GREATEST
SNOW DEPTH 0
24 HR TOTAL MM
STORM TOTAL 0.0
(MM/DD(HH))
DEGREE DAYS
HEATING TOTAL 695 779 -84
SINCE 7/1 3428 3924 -496
COOLING TOTAL 201 209 -8
SINCE 1/1 205 210 -5
FREEZE DATES
RECORD
EARLIEST 10/01/1984
LATEST 04/28/1992
EARLIEST 10/18
LATEST 03/20
..............................................................
WIND (MPH)
AVERAGE WIND SPEED 5.9
HIGHEST WIND SPEED/DIRECTION 30/230 DATE 03/03
HIGHEST GUST SPEED/DIRECTION 60/230 DATE 03/03
SKY COVER
POSSIBLE SUNSHINE (PERCENT) MM
AVERAGE SKY COVER 0.32
NUMBER OF DAYS FAIR 56
NUMBER OF DAYS PC 22
NUMBER OF DAYS CLOUDY 14
AVERAGE RH (PERCENT) 64
WEATHER CONDITIONS. NUMBER OF DAYS WITH
THUNDERSTORM 13 MIXED PRECIP 0
HEAVY RAIN 15 RAIN 17
LIGHT RAIN 34 FREEZING RAIN 0
LT FREEZING RAIN 0 HAIL 0
HEAVY SNOW 0 SNOW 0
LIGHT SNOW 1 SLEET 0
FOG 47 FOG W/VIS <= 1/4 MILE 1
HAZE 11
- INDICATES NEGATIVE NUMBERS.
R INDICATES RECORD WAS SET OR TIED.
MM INDICATES DATA IS MISSING.
T INDICATES TRACE AMOUNT.
$$