000
CXUS53 KPAH 010809
CLSPAH

SDFCLMPAS 000
TTAA00 KPAH 010800


CLIMATE REPORT
NATIONAL WEATHER SERVICE PADUCAH KY
155 AM CST SAT MAR 1 2014

...................................

...THE PADUCAH KY CLIMATE SUMMARY FOR THE WINTER SEASON, FROM
12/1/2013 TO 2/28/2014...

CLIMATE NORMAL PERIOD 1981 TO 2010
CLIMATE RECORD PERIOD 1937 TO 2014

WEATHER         OBSERVED          NORMAL  DEPART
                 VALUE   DATE(S)  VALUE   FROM
                                          NORMAL
................................................
TEMPERATURE (F)
RECORD
 HIGH              78   02/13/1962
 LOW              -15   01/20/1985
HIGHEST            74   12/04        45      29
LOWEST              2   01/29        27     -25
                        01/06
                        01/24
AVG. MAXIMUM     42.9              46.1    -3.2
AVG. MINIMUM     23.2              28.0    -4.8
MEAN             33.0              37.0    -4.0
DAYS MAX >= 90      0               0.0     0.0
DAYS MAX <= 32     23              10.8    12.2
DAYS MIN <= 32     72              59.4    12.6
DAYS MIN <= 0       0               1.1    -1.1

PRECIPITATION (INCHES)
RECORD
 MAXIMUM        16.14   2002
 MINIMUM         0.63   1976
TOTALS          13.32             12.18    1.14
DAILY AVG.       0.15              0.14    0.01
DAYS >= .01        27              28.7    -1.7
DAYS >= .10        14              18.6    -4.6
DAYS >= .50         7               8.4    -1.4
DAYS >= 1.00        3               3.3    -0.3
GREATEST
 24 HR. TOTAL    5.36   MM
 STORM TOTAL       MM
 (MM/DD(HH))            MM

SNOWFALL (INCHES)
RECORDS
 TOTAL           24.7   1978
 24 HR TOTAL     14.0   12/22/2004 TO 12/22/2004
TOTALS           12.9               8.4     4.5
 LIQUID EQUIV    1.29
SINCE 7/1        12.9               8.5     4.4
 LIQUID 7/1      1.29
SNOWDEPTH AVG.      1
DAYS >= TRACE      28
DAYS >= 1.0         2
GREATEST
 SNOW DEPTH         6   02/03
                        02/02
 24 HR TOTAL      6.2   MM
 STORM TOTAL       MM
 (MM/DD(HH))            MM

DEGREE_DAYS
HEATING TOTAL    2853              2519     334
 SINCE 7/1         MM              3296      MM
COOLING TOTAL       0                 1      -1
 SINCE 1/1          0                 0       0

FREEZE DATES
RECORD
 EARLIEST     10/01/1984
 LATEST       04/28/1992
EARLIEST                        10/26
LATEST                          04/04
.................................................

WIND (MPH)
AVERAGE WIND SPEED              8.3
HIGHEST WIND SPEED/DIRECTION    33/340    DATE  01/21
HIGHEST GUST SPEED/DIRECTION    45/350    DATE  01/27

SKY COVER
POSSIBLE SUNSHINE (PERCENT)   MM
AVERAGE SKY COVER           0.40
NUMBER OF DAYS FAIR           39
NUMBER OF DAYS PC             28
NUMBER OF DAYS CLOUDY         23

AVERAGE RH (PERCENT)     67

WEATHER CONDITIONS. NUMBER OF DAYS WITH
THUNDERSTORM              0     MIXED PRECIP               0
HEAVY RAIN                6     RAIN                      13
LIGHT RAIN               22     FREEZING RAIN              4
LT FREEZING RAIN          6     HAIL                       0
HEAVY SNOW                2     SNOW                       4
LIGHT SNOW               23     SLEET                      4
FOG                      45     FOG W/VIS <= 1/4 MILE      3
HAZE                     30

-  INDICATES NEGATIVE NUMBERS.
R  INDICATES RECORD WAS SET OR TIED.
MM INDICATES DATA IS MISSING.
T  INDICATES TRACE AMOUNT.

RMKS: THIS WINTER TIED AS THE 8TH COLDEST WINTER SEASON ON RECORD.
THE COLDEST WINTER OCCURRED IN 1978 WITH AN AVERAGE TEMPERATURE OF 28.1
DEGREES. THIS WINTER WAS ALSO THE 9TH SNOWIEST. THE WINTER OF 1978 SETS
THE RECORD WHEN 29.6 INCHES FELL.

$$
