000
CXUS53 KPAH 011547
CLSPAH
CLIMATE REPORT
NATIONAL WEATHER SERVICE PADUCAH KY
947 AM CST TUE MAR 01 2022
...................................
...THE PADUCAH KY CLIMATE SUMMARY FOR THE SEASON, FROM
12/1/2021 TO 2/28/2022...
CLIMATE NORMAL PERIOD 1991 TO 2020
CLIMATE RECORD PERIOD 1937 TO 2022
WEATHER OBSERVED NORMAL DEPART LAST YEAR`S
VALUE DATE(S) VALUE FROM VALUE
NORMAL
..............................................................
TEMPERATURE (F)
RECORD
HIGH 78 02/13/1962
LOW -15 01/20/1985
HIGHEST 74 12/25 45 29
LOWEST 6 01/07 27 -21
AVG. MAXIMUM 51.2 47.6 3.6
AVG. MINIMUM 29.8 29.5 0.3
MEAN 40.5 38.5 2.0
DAYS MAX >= 90 0 0.0 0.0
DAYS MAX <= 32 8 10.7 -2.7
DAYS MIN <= 32 63 58.0 5.0
DAYS MIN <= 0 0 0.5 -0.5
PRECIPITATION (INCHES)
RECORD
MAXIMUM 27.23 1949
MINIMUM 3.98 1962
TOTALS 17.17 12.09 5.08
DAILY AVG. 0.19 0.13 0.06
DAYS >= .01 30 29.9 0.1
DAYS >= .10 20 18.6 1.4
DAYS >= .50 11 8.6 2.4
DAYS >= 1.00 7 3.2 3.8
GREATEST
24 HR. TOTAL 3.14
SNOWFALL (INCHES)
RECORDS
TOTAL 24.7 1978
24 HR TOTAL 14.0 12/22/2004 TO 12/22/2004
TOTALS 5.0 7.5 -2.5
LIQUID EQUIV 0.50
SINCE 7/1 5.0 7.8 -2.8
LIQUID 7/1 0.50
SNOWDEPTH AVG. 0
DAYS >= TRACE 14
DAYS >= 1.0 1
GREATEST
SNOW DEPTH 4 01/06
24 HR TOTAL MM
STORM TOTAL 3.6
(MM/DD(HH))
DEGREE DAYS
HEATING TOTAL 2176 2387 -211
SINCE 7/1 2885 3144 -259
COOLING TOTAL 0 1 -1
SINCE 1/1 0 0 0
FREEZE DATES
EARLIEST 11/03
LATEST 04/02
..............................................................
WIND (MPH)
AVERAGE WIND SPEED 6.2
HIGHEST WIND SPEED/DIRECTION 26/330 DATE 12/06
HIGHEST GUST SPEED/DIRECTION 51/190 DATE 12/10
SKY COVER
POSSIBLE SUNSHINE (PERCENT) MM
AVERAGE SKY COVER 0.43
NUMBER OF DAYS FAIR 44
NUMBER OF DAYS PC 20
NUMBER OF DAYS CLOUDY 26
AVERAGE RH (PERCENT) 65
WEATHER CONDITIONS. NUMBER OF DAYS WITH
THUNDERSTORM 14 MIXED PRECIP 1
HEAVY RAIN 13 RAIN 17
LIGHT RAIN 26 FREEZING RAIN 4
LT FREEZING RAIN 4 HAIL 0
HEAVY SNOW 1 SNOW 1
LIGHT SNOW 12 SLEET 1
FOG 35 FOG W/VIS <= 1/4 MILE 4
HAZE 20
- INDICATES NEGATIVE NUMBERS.
R INDICATES RECORD WAS SET OR TIED.
MM INDICATES DATA IS MISSING.
T INDICATES TRACE AMOUNT.
$$