000
CXUS53 KPAH 010651
CLSPAH
CLIMATE REPORT
NATIONAL WEATHER SERVICE PADUCAH
1251 AM CST TUE DEC 01 2020
...................................
...THE PADUCAH KY CLIMATE SUMMARY FOR THE SEASON, FROM
9/1/2020 TO 11/30/2020...
CLIMATE NORMAL PERIOD 1981 TO 2010
CLIMATE RECORD PERIOD 1937 TO 2020
WEATHER OBSERVED NORMAL DEPART LAST YEAR`S
VALUE DATE(S) VALUE FROM VALUE
NORMAL
..............................................................
TEMPERATURE (F)
RECORD
HIGH 104 09/05/1954
09/09/1939
LOW -3 11/25/1950
HIGHEST 92 09/10 70 22
LOWEST 27 11/02 48 -21
AVG. MAXIMUM 71.5 70.5 1.0
AVG. MINIMUM 49.3 47.4 1.9
MEAN 60.4 59.0 1.4
DAYS MAX >= 90 4 4.3 -0.3
DAYS MAX <= 32 0 0.1 -0.1
DAYS MIN <= 32 8 10.8 -2.8
DAYS MIN <= 0 0 0.0 0.0
PRECIPITATION (INCHES)
RECORD
MAXIMUM 22.54 2006
MINIMUM 3.10 1963
TOTALS 16.30 12.01 4.29
DAILY AVG. 0.18 0.13 0.05
DAYS >= .01 25 24.5 0.5
DAYS >= .10 17 16.6 0.4
DAYS >= .50 9 7.8 1.2
DAYS >= 1.00 6 3.8 2.2
GREATEST
24 HR. TOTAL 3.95
STORM TOTAL 3.93
(MM/DD(HH))
SNOWFALL (INCHES)
RECORDS
TOTAL 2.8 2014
24 HR TOTAL 2.1 MM
TOTALS T 0.1 -0.1
LIQUID EQUIV T
SINCE 7/1 T 0.1 -0.1
LIQUID 7/1 -0.10
SNOWDEPTH AVG. 0
DAYS >= TRACE 1
DAYS >= 1.0 0
GREATEST
SNOW DEPTH 0
24 HR TOTAL MM
STORM TOTAL 0.0
(MM/DD(HH))
DEGREE DAYS
HEATING TOTAL 663 776 -113
SINCE 7/1 663 777 -114
COOLING TOTAL 261 228 33
SINCE 1/1 1650 1542 108
FREEZE DATES
RECORD
EARLIEST 10/01/1984
LATEST 04/28/1992
EARLIEST 11/02
LATEST 04/15
..............................................................
WIND (MPH)
AVERAGE WIND SPEED 5.5
HIGHEST WIND SPEED/DIRECTION 32/280 DATE 11/15
HIGHEST GUST SPEED/DIRECTION 44/290 DATE 11/15
SKY COVER
POSSIBLE SUNSHINE (PERCENT) MM
AVERAGE SKY COVER 0.35
NUMBER OF DAYS FAIR 40
NUMBER OF DAYS PC 8
NUMBER OF DAYS CLOUDY 12
AVERAGE RH (PERCENT) 69
WEATHER CONDITIONS. NUMBER OF DAYS WITH
THUNDERSTORM 8 MIXED PRECIP 0
HEAVY RAIN 15 RAIN 15
LIGHT RAIN 30 FREEZING RAIN 0
LT FREEZING RAIN 0 HAIL 0
HEAVY SNOW 0 SNOW 0
LIGHT SNOW 0 SLEET 0
FOG 49 FOG W/VIS <= 1/4 MILE 9
HAZE 25
- INDICATES NEGATIVE NUMBERS.
R INDICATES RECORD WAS SET OR TIED.
MM INDICATES DATA IS MISSING.
T INDICATES TRACE AMOUNT.
$$