000
CXUS53 KPAH 021500
CLSPAH
CLIMATE REPORT
NATIONAL WEATHER SERVICE PADUCAH KY
1000 AM CDT FRI SEP 02 2022
...................................
...THE PADUCAH KY CLIMATE SUMMARY FOR THE SUMMER SEASON, FROM
6/1/2022 TO 8/31/2022...
CLIMATE NORMAL PERIOD 1991 TO 2020
CLIMATE RECORD PERIOD 1937 TO 2022
WEATHER OBSERVED NORMAL DEPART LAST YEAR`S
VALUE DATE(S) VALUE FROM VALUE
NORMAL
..............................................................
TEMPERATURE (F)
RECORD
HIGH 108 07/17/1942
LOW 44 06/01/1993
08/29/1986
HIGHEST 100 07/07 88 12
LOWEST 54 06/29 67 -13
AVG. MAXIMUM 90.1 88.8 1.3
AVG. MINIMUM 68.1 67.4 0.7
MEAN 79.1 78.1 1.0
DAYS MAX >= 90 52 41.9 10.1
DAYS MAX <= 32 0 0.0 0.0
DAYS MIN <= 32 0 0.0 0.0
DAYS MIN <= 0 0 0.0 0.0
PRECIPITATION (INCHES)
RECORD
MAXIMUM 22.45 1958
MINIMUM 4.48 1944
TOTALS 7.39 11.92 -4.53
DAILY AVG. 0.08 0.13 -0.05
DAYS >= .01 21 25.7 -4.7
DAYS >= .10 14 17.4 -3.4
DAYS >= .50 6 7.6 -1.6
DAYS >= 1.00 3 3.5 -0.5
GREATEST
24 HR. TOTAL 1.21
STORM TOTAL 1.21
(MM/DD(HH))
SNOWFALL (INCHES)
RECORDS
TOTAL 0.0 2002
24 HR TOTAL 0.0 08/31/2002 TO 08/31/2002
TOTALS 0.0 0.0 0.0
LIQUID EQUIV 0.00
SINCE 7/1 0.0 0.0 0.0
LIQUID 7/1 0.00
SNOWDEPTH AVG. 0
DAYS >= TRACE 0
DAYS >= 1.0 0
GREATEST
SNOW DEPTH 0
24 HR TOTAL 0.0
STORM TOTAL 0.0
(MM/DD(HH))
DEGREE DAYS
HEATING TOTAL 0 2 -2
SINCE 7/1 0 0 0
COOLING TOTAL 1318 1210 108
SINCE 1/1 1566 1420 146
FREEZE DATES
RECORD
EARLIEST 10/01/1984
LATEST 04/28/1992
EARLIEST MM
LATEST 03/20
..............................................................
WIND (MPH)
AVERAGE WIND SPEED 3.3
HIGHEST WIND SPEED/DIRECTION 29/100 DATE 08/02
HIGHEST GUST SPEED/DIRECTION 44/360 DATE 06/17
SKY COVER
POSSIBLE SUNSHINE (PERCENT) MM
AVERAGE SKY COVER 0.19
NUMBER OF DAYS FAIR 72
NUMBER OF DAYS PC 17
NUMBER OF DAYS CLOUDY 3
AVERAGE RH (PERCENT) 70
WEATHER CONDITIONS. NUMBER OF DAYS WITH
THUNDERSTORM 16 MIXED PRECIP 0
HEAVY RAIN 10 RAIN 12
LIGHT RAIN 21 FREEZING RAIN 0
LT FREEZING RAIN 0 HAIL 0
HEAVY SNOW 0 SNOW 0
LIGHT SNOW 0 SLEET 0
FOG 49 FOG W/VIS <= 1/4 MILE 4
HAZE 17
- INDICATES NEGATIVE NUMBERS.
R INDICATES RECORD WAS SET OR TIED.
MM INDICATES DATA IS MISSING.
T INDICATES TRACE AMOUNT.
$$