000
CXUS53 KPAH 050402
CLSPAH

CLIMATE REPORT
NATIONAL WEATHER SERVICE PADUCAH KY
954 PM CST SUN DEC 4 2016

...................................

...THE PADUCAH KY CLIMATE SUMMARY FOR THE FALL SEASON,
FROM 9/1/2016 TO 11/30/2016...

CLIMATE NORMAL PERIOD 1981 TO 2010
CLIMATE RECORD PERIOD 1937 TO 2016

WEATHER         OBSERVED          NORMAL  DEPART
                 VALUE   DATE(S)  VALUE   FROM
                                          NORMAL
................................................
TEMPERATURE (F)
RECORD
 HIGH             104   09/05/1954
                        09/09/1939
 LOW               -3   11/25/1950
HIGHEST            94   09/24        70      24
                        09/16
LOWEST             23   11/21        48     -25
                        11/13
AVG. MAXIMUM     76.3              70.5     5.8
AVG. MINIMUM     51.5              47.4     4.1
MEAN             63.9              59.0     4.9
DAYS MAX >= 90     14               4.3     9.7
DAYS MAX <= 32      0               0.1    -0.1
DAYS MIN <= 32      9              10.8    -1.8
DAYS MIN <= 0       0               0.0     0.0

PRECIPITATION (INCHES)
RECORD
 MAXIMUM        22.54   2006
 MINIMUM         3.10   1963
TOTALS           3.82             12.01   -8.19
DAILY AVG.       0.04              0.13   -0.09
DAYS >= .01        17              24.5    -7.5
DAYS >= .10         6              16.6   -10.6
DAYS >= .50         3               7.8    -4.8
DAYS >= 1.00        1               3.8    -2.8
GREATEST
 24 HR. TOTAL    1.77   MM
 STORM TOTAL       MM
 (MM/DD(HH))            MM

SNOWFALL (INCHES)
RECORDS
 TOTAL            2.8   2014
 24 HR TOTAL      2.1   MM
TOTALS            0.0               0.1    -0.1
 LIQUID EQUIV    0.00
SINCE 7/1         0.0               0.1    -0.1
 LIQUID 7/1      0.00
SNOWDEPTH AVG.      0
DAYS >= TRACE       0
DAYS >= 1.0         0
GREATEST
 SNOW DEPTH         0   MM
 24 HR TOTAL      0.0   MM
 STORM TOTAL       MM
 (MM/DD(HH))            MM

DEGREE_DAYS
HEATING TOTAL     501               776    -275
 SINCE 7/1        501               777    -276
COOLING TOTAL     423               228     195
 SINCE 1/1       1953              1542     411

FREEZE DATES
RECORD
 EARLIEST     10/01/1984
 LATEST       04/28/1992
EARLIEST                        10/26
LATEST                          04/04
.................................................

WIND (MPH)
AVERAGE WIND SPEED              5.2
HIGHEST WIND SPEED/DIRECTION    25/340    DATE  10/07
HIGHEST GUST SPEED/DIRECTION    35/360    DATE  09/26

SKY COVER
POSSIBLE SUNSHINE (PERCENT)   MM
AVERAGE SKY COVER           0.30
NUMBER OF DAYS FAIR           69
NUMBER OF DAYS PC             14
NUMBER OF DAYS CLOUDY          8

AVERAGE RH (PERCENT)     67

WEATHER CONDITIONS. NUMBER OF DAYS WITH
THUNDERSTORM              0     MIXED PRECIP               0
HEAVY RAIN                3     RAIN                       6
LIGHT RAIN               23     FREEZING RAIN              0
LT FREEZING RAIN          0     HAIL                       0
HEAVY SNOW                0     SNOW                       0
LIGHT SNOW                0     SLEET                      0
FOG                      53     FOG W/VIS <= 1/4 MILE     18
HAZE                     27

-  INDICATES NEGATIVE NUMBERS.
R  INDICATES RECORD WAS SET OR TIED.
MM INDICATES DATA IS MISSING.
T  INDICATES TRACE AMOUNT.

$$
