000
CXUS53 KPAH 011314
CLSPAH

SDFCLMPAS 000
TTAA00 KPAH 011257

CLIMATE REPORT
NATIONAL WEATHER SERVICE PADUCAH KY
756 AM CDT THU JUN 1 2017

...................................

...THE PADUCAH KY CLIMATE SUMMARY FOR THE SPRING SEASON,
FROM MARCH 1ST, 2017 TO MAY 31ST, 2017...

CLIMATE NORMAL PERIOD 1981 TO 2010
CLIMATE RECORD PERIOD 1937 TO 2017

WEATHER         OBSERVED          NORMAL  DEPART
                 VALUE   DATE(S)  VALUE   FROM
                                          NORMAL
................................................
TEMPERATURE (F)
RECORD
 HIGH              96   05/26/1953
                        05/26/1944
                        05/22/1941
 LOW               -6   03/06/2015
HIGHEST            87   05/31        68      19
                        05/26
                        05/30
LOWEST             19   03/16        47     -28
AVG. MAXIMUM     71.5              68.8     2.7
AVG. MINIMUM     50.1              46.9     3.2
MEAN             60.8              57.8     3.0
DAYS MAX >= 90      0               0.8    -0.8
DAYS MAX <= 32      0               0.3    -0.3
DAYS MIN <= 32      9              12.0    -3.0
DAYS MIN <= 0       0               0.0     0.0

PRECIPITATION (INCHES)
RECORD
 MAXIMUM        31.21   2011
 MINIMUM         4.95   2012
TOTALS          17.52             13.63    3.89
DAILY AVG.       0.19              0.15    0.04
DAYS >= .01        40              32.5     7.5
DAYS >= .10        24              22.1     1.9
DAYS >= .50        13               8.9     4.1
DAYS >= 1.00        7               3.4     3.6
GREATEST
 24 HR. TOTAL    2.77   MM
 STORM TOTAL       MM
 (MM/DD(HH))            MM

SNOWFALL (INCHES)
RECORDS
 TOTAL           24.0   1960
 24 HR TOTAL      8.1   MM
TOTALS            1.0               0.6     0.4
 LIQUID EQUIV    0.10
SINCE 7/1         1.2               9.1    -7.9
 LIQUID 7/1      0.12
SNOWDEPTH AVG.      0
DAYS >= TRACE       3
DAYS >= 1.0         0
GREATEST
 SNOW DEPTH         0   MM
 24 HR TOTAL      0.8   MM
 STORM TOTAL       MM
 (MM/DD(HH))            MM

DEGREE_DAYS
HEATING TOTAL     599               831    -232
 SINCE 7/1       3078              4128   -1050
COOLING TOTAL     231               172      59
 SINCE 1/1        231               172      59

FREEZE DATES
RECORD
 EARLIEST     10/01/1984
 LATEST       04/28/1992
EARLIEST                        10/26
LATEST                          04/04
.................................................

WIND (MPH)
AVERAGE WIND SPEED              8.1
HIGHEST WIND SPEED/DIRECTION    48/260    DATE  03/01
HIGHEST GUST SPEED/DIRECTION    75/240    DATE  03/01

SKY COVER
POSSIBLE SUNSHINE (PERCENT)   MM
AVERAGE SKY COVER           0.40
NUMBER OF DAYS FAIR           48
NUMBER OF DAYS PC             31
NUMBER OF DAYS CLOUDY         13

AVERAGE RH (PERCENT)     64

WEATHER CONDITIONS. NUMBER OF DAYS WITH
THUNDERSTORM              0     MIXED PRECIP               0
HEAVY RAIN               16     RAIN                      21
LIGHT RAIN               41     FREEZING RAIN              0
LT FREEZING RAIN          0     HAIL                       0
HEAVY SNOW                0     SNOW                       0
LIGHT SNOW                2     SLEET                      0
FOG                      40     FOG W/VIS <= 1/4 MILE      5
HAZE                     14

-  INDICATES NEGATIVE NUMBERS.
R  INDICATES RECORD WAS SET OR TIED.
MM INDICATES DATA IS MISSING.
T  INDICATES TRACE AMOUNT.

&& REMARKS: WITH A MEAN TEMPERATURE OF 60.8 DEGREES, SPRING 2017
IS THE 6TH WARMEST ON RECORD. THE RECORD MEAN TEMPERATURE IS
64.4 DEGREES SET IN 2012.

$$
