000
CXUS53 KPAH 011704
CLSPAH

SDFCLMPAS 000
TTAA00 KPAH 011658


CLIMATE REPORT
NATIONAL WEATHER SERVICE PADUCAH KY
1052 AM CST MON DEC 1 2014

...................................

...THE PADUCAH KY CLIMATE SUMMARY FOR THE FALL SEASON, FROM 9/1/2014
TO 11/30/2014...

CLIMATE NORMAL PERIOD 1981 TO 2010
CLIMATE RECORD PERIOD 1937 TO 2014

WEATHER         OBSERVED          NORMAL  DEPART
                 VALUE   DATE(S)  VALUE   FROM
                                          NORMAL
................................................
TEMPERATURE (F)
RECORD
 HIGH             104   09/05/1954
                        09/09/1939
 LOW               -3   11/25/1950
HIGHEST            95   09/05        70      25
LOWEST             10   11/18        48     -38
AVG. MAXIMUM     68.4              70.5    -2.1
AVG. MINIMUM     46.0              47.4    -1.4
MEAN             57.2              59.0    -1.8
DAYS MAX >= 90      6               4.3     1.7
DAYS MAX <= 32      2               0.1     1.9
DAYS MIN <= 32     20              10.8     9.2
DAYS MIN <= 0       0               0.0     0.0

PRECIPITATION (INCHES)
RECORD
 MAXIMUM        18.01   2001
 MINIMUM         0.12   1983
TOTALS           7.18             12.01   -4.83
DAILY AVG.       0.08              0.13   -0.05
DAYS >= .01        26              24.5     1.5
DAYS >= .10        17              16.6     0.4
DAYS >= .50         7               7.8    -0.8
DAYS >= 1.00        1               3.8    -2.8
GREATEST
 24 HR. TOTAL    1.17   MM
 STORM TOTAL       MM
 (MM/DD(HH))            MM

SNOWFALL (INCHES)
RECORDS
 TOTAL            4.0   1958
 24 HR TOTAL      2.1   MM
TOTALS            2.8R              0.1     2.7
 LIQUID EQUIV    0.28
SINCE 7/1         2.8               0.1     2.7
 LIQUID 7/1      0.28
SNOWDEPTH AVG.      0
DAYS >= TRACE       3
DAYS >= 1.0         2
GREATEST
 SNOW DEPTH         2R  11/17
                        11/16
 24 HR TOTAL      1.6   MM
 STORM TOTAL       MM
 (MM/DD(HH))            MM

DEGREE_DAYS
HEATING TOTAL     937               776     161
 SINCE 7/1         MM               777      MM
COOLING TOTAL     251               228      23
 SINCE 1/1       1722              1542     180

FREEZE DATES
RECORD
 EARLIEST     10/01/1984
 LATEST       04/28/1992
EARLIEST                        10/26
LATEST                          04/04
.................................................

WIND (MPH)
AVERAGE WIND SPEED              6.2
HIGHEST WIND SPEED/DIRECTION    33/260    DATE  11/24
HIGHEST GUST SPEED/DIRECTION    49/230    DATE  11/24

SKY COVER
POSSIBLE SUNSHINE (PERCENT)   MM
AVERAGE SKY COVER           0.30
NUMBER OF DAYS FAIR           57
NUMBER OF DAYS PC             14
NUMBER OF DAYS CLOUDY         20

AVERAGE RH (PERCENT)     70

WEATHER CONDITIONS. NUMBER OF DAYS WITH
THUNDERSTORM              0     MIXED PRECIP               0
HEAVY RAIN               10     RAIN                      16
LIGHT RAIN               30     FREEZING RAIN              0
LT FREEZING RAIN          0     HAIL                       0
HEAVY SNOW                0     SNOW                       0
LIGHT SNOW                3     SLEET                      2
FOG                      56     FOG W/VIS <= 1/4 MILE     10
HAZE                     20

-  INDICATES NEGATIVE NUMBERS.
R  INDICATES RECORD WAS SET OR TIED.
MM INDICATES DATA IS MISSING.
T  INDICATES TRACE AMOUNT.

RMKS: 2ND SNOWIEST FALL SEASON ON RECORD. THE SNOWIEST OCCURRED IN
1958 WHEN 4 INCHES FELL. 9TH DRIEST FALL SEASON ON RECORD. THE
DRIEST FALL SEASON OCCURRED IN 1963 WHEN 3.11 INCHES FELL.

$$
