000
CXUS53 KPAH 011724
CLSPAH

SDFCLMPAS 000
TTAA00 KPAH 011716


CLIMATE REPORT
NATIONAL WEATHER SERVICE PADUCAH KY
1113 AM CST SUN MAR 1 2015

...................................

...THE PADUCAH KY CLIMATE SUMMARY FOR THE WINTER SEASON, FROM
12/1/2014 TO 2/28/2015...

CLIMATE NORMAL PERIOD 1981 TO 2010
CLIMATE RECORD PERIOD 1937 TO 2015

WEATHER         OBSERVED          NORMAL  DEPART
                 VALUE   DATE(S)  VALUE   FROM
                                          NORMAL
................................................
TEMPERATURE (F)
RECORD
 HIGH              78   02/13/1962
 LOW              -15   01/20/1985
HIGHEST            63   01/03        45      18
LOWEST            -10   02/19        27     -37
AVG. MAXIMUM     42.7              46.1    -3.4
AVG. MINIMUM     25.6              28.0    -2.4
MEAN             34.2              37.0    -2.8
DAYS MAX >= 90      0               0.0     0.0
DAYS MAX <= 32     16              10.8     5.2
DAYS MIN <= 32     61              59.4     1.6
DAYS MIN <= 0       3               1.1     1.9

PRECIPITATION (INCHES)
RECORD
 MAXIMUM        16.14   2002
 MINIMUM         0.63   1976
TOTALS          10.18             12.18   -2.00
DAILY AVG.       0.11              0.14   -0.03
DAYS >= .01        24              28.7    -4.7
DAYS >= .10        16              18.6    -2.6
DAYS >= .50         9               8.4     0.6
DAYS >= 1.00        3               3.3    -0.3
GREATEST
 24 HR. TOTAL    2.64   MM
 STORM TOTAL       MM
 (MM/DD(HH))            MM

SNOWFALL (INCHES)
RECORDS
 TOTAL           24.7   1978
 24 HR TOTAL     14.0   12/22/2004 TO 12/22/2004
TOTALS           13.7               8.4     5.3
 LIQUID EQUIV    1.37
SINCE 7/1        16.5               8.5     8.0
 LIQUID 7/1      1.65
SNOWDEPTH AVG.      1
DAYS >= TRACE      14
DAYS >= 1.0         2
GREATEST
 SNOW DEPTH        11   02/18
 24 HR TOTAL     10.8   MM
 STORM TOTAL       MM
 (MM/DD(HH))            MM

DEGREE_DAYS
HEATING TOTAL    2732              2519     213
 SINCE 7/1         MM              3296      MM
COOLING TOTAL       0                 1      -1
 SINCE 1/1          0                 0       0

FREEZE DATES
RECORD
 EARLIEST     10/01/1984
 LATEST       04/28/1992
EARLIEST                        10/26
LATEST                          04/04
.................................................

WIND (MPH)
AVERAGE WIND SPEED              7.7
HIGHEST WIND SPEED/DIRECTION    30/330    DATE  01/07
HIGHEST GUST SPEED/DIRECTION    38/340    DATE  02/12

SKY COVER
POSSIBLE SUNSHINE (PERCENT)   MM
AVERAGE SKY COVER           0.50
NUMBER OF DAYS FAIR           28
NUMBER OF DAYS PC             30
NUMBER OF DAYS CLOUDY         32

AVERAGE RH (PERCENT)     71

WEATHER CONDITIONS. NUMBER OF DAYS WITH
THUNDERSTORM              0     MIXED PRECIP               0
HEAVY RAIN                6     RAIN                      13
LIGHT RAIN               22     FREEZING RAIN              2
LT FREEZING RAIN          2     HAIL                       0
HEAVY SNOW                1     SNOW                       3
LIGHT SNOW               13     SLEET                      3
FOG                      44     FOG W/VIS <= 1/4 MILE      5
HAZE                     28

-  INDICATES NEGATIVE NUMBERS.
R  INDICATES RECORD WAS SET OR TIED.
MM INDICATES DATA IS MISSING.
T  INDICATES TRACE AMOUNT.

&& RMKS: 10TH SNOWIEST WINTER ON RECORD. THE SNOWIEST OCCURRED
DURING THE WINTER OF 1978 WITH 31.1 INCHES.

$$
