000
CXUS53 KPAH 010731
CLSPAH

SDFCLMPAS 000
TTAA00 KPAH 010718


CLIMATE REPORT
NATIONAL WEATHER SERVICE PADUCAH KY
216 AM CDT MON SEP 1 2014

...................................

...THE PADUCAH KY CLIMATE SUMMARY FOR THE SUMMER SEASON,
   FROM JUNE 1ST, 2014 TO AUGUST 31ST, 2014...

CLIMATE NORMAL PERIOD 1981 TO 2010
CLIMATE RECORD PERIOD 1937 TO 2014

WEATHER         OBSERVED          NORMAL  DEPART
                 VALUE   DATE(S)  VALUE   FROM
                                          NORMAL
................................................
TEMPERATURE (F)
RECORD
 HIGH             108   07/17/1942
 LOW               44   06/01/1993
                        08/29/1986
HIGHEST            97   08/24        88       9
LOWEST             53   06/14        67     -14
AVG. MAXIMUM     87.8              88.2    -0.4
AVG. MINIMUM     67.6              66.5     1.1
MEAN             77.7              77.4     0.3
DAYS MAX >= 90     37              37.4    -0.4
DAYS MAX <= 32      0               0.0     0.0
DAYS MIN <= 32      0               0.0     0.0
DAYS MIN <= 0       0               0.0     0.0

PRECIPITATION (INCHES)
RECORD
 MAXIMUM        15.30   2013
 MINIMUM         0.11   1996
TOTALS          16.58R            11.26    5.32
DAILY AVG.       0.18              0.12    0.06
DAYS >= .01        32              24.5     7.5
DAYS >= .10        23              16.8     6.2
DAYS >= .50         9               7.3     1.7
DAYS >= 1.00        3               3.2    -0.2
GREATEST
 24 HR. TOTAL    4.55   MM
 STORM TOTAL       MM
 (MM/DD(HH))            MM

SNOWFALL (INCHES)
RECORDS
 TOTAL            0.0   2002
                        2000
 24 HR TOTAL      0.0   08/31/2002 TO 08/31/2002
TOTALS            0.0               0.0     0.0
 LIQUID EQUIV    0.00
SINCE 7/1         0.0               0.0     0.0
 LIQUID 7/1      0.00
SNOWDEPTH AVG.      0
DAYS >= TRACE       0
DAYS >= 1.0         0
GREATEST
 SNOW DEPTH         0   MM
 24 HR TOTAL      0.0   MM
 STORM TOTAL       MM
 (MM/DD(HH))            MM

DEGREE_DAYS
HEATING TOTAL       0                 4      -4
 SINCE 7/1          0                 1      -1
COOLING TOTAL    1193              1140      53
 SINCE 1/1       1471              1313     158

FREEZE DATES
RECORD
 EARLIEST     10/01/1984
 LATEST       04/28/1992
EARLIEST                        10/26
LATEST                          04/04
.................................................

WIND (MPH)
AVERAGE WIND SPEED              5.0
HIGHEST WIND SPEED/DIRECTION    46/340    DATE  08/19
HIGHEST GUST SPEED/DIRECTION    63/340    DATE  08/19

SKY COVER
POSSIBLE SUNSHINE (PERCENT)   MM
AVERAGE SKY COVER           0.30
NUMBER OF DAYS FAIR           65
NUMBER OF DAYS PC             24
NUMBER OF DAYS CLOUDY          3

AVERAGE RH (PERCENT)     71

WEATHER CONDITIONS. NUMBER OF DAYS WITH
THUNDERSTORM              0     MIXED PRECIP               0
HEAVY RAIN               21     RAIN                      19
LIGHT RAIN               34     FREEZING RAIN              0
LT FREEZING RAIN          0     HAIL                       0
HEAVY SNOW                0     SNOW                       0
LIGHT SNOW                0     SLEET                      0
FOG                      61     FOG W/VIS <= 1/4 MILE      8
HAZE                     39

-  INDICATES NEGATIVE NUMBERS.
R  INDICATES RECORD WAS SET OR TIED.
MM INDICATES DATA IS MISSING.
T  INDICATES TRACE AMOUNT.

&&
RMKS: RANKED AS 6TH WETTEST SUMMER ON RECORD. THE RECORD IS
22.45 INCHES SET IN THE SUMMER OF 1958.

$$
