000
CXUS51 KBTV 010800
CF6PBG
PRELIMINARY LOCAL CLIMATOLOGICAL DATA (WS FORM: F-6)
STATION: PLATTSBURGH NY
MONTH: DECEMBER
YEAR: 2023
LATITUDE: 44 39 N
LONGITUDE: 73 28 W
TEMPERATURE IN F: :PCPN: SNOW: WIND :SUNSHINE: SKY :PK WND
================================================================================
1 2 3 4 5 6A 6B 7 8 9 10 11 12 13 14 15 16 17 18
12Z AVG MX 2MIN
DY MAX MIN AVG DEP HDD CDD WTR SNW DPTH SPD SPD DIR MIN PSBL S-S WX SPD DR
================================================================================
1 45 39 42 10 23 0 0.17 M M 2.3 9 150 M M 10 1 10 160
2 40 34 37 6 28 0 0.10 M M 7.0 12 360 M M 10 1 14 10
3 37 31 34 3 31 0 0.57 M M 4.7 15 150 M M 10 16 21 150
4 38 27 33 3 32 0 0.19 M M 7.9 17 10 M M 10 1 21 130
5 27 23 25 -5 40 0 T M M 7.4 14 350 M M 10 1 18 360
6 23 15 19 -11 46 0 T M M 8.6 15 10 M M 10 18 350
7 26 10 18 -11 47 0 T M M 2.5 8 350 M M 6 18 10 320
8 32 22 27 -2 38 0 0.00 M M 1.8 7 10 M M 10 18 8 350
9 47 31 39 10 26 0 0.00 M M 6.2 20 150 M M 8 1 25 150
10 52 33 43 15 22 0 0.74 M M 6.0 18 160 M M 9 1 24 160
11 36 28 32 4 33 0 0.37 M M 2.1 16 310 M M 10 1 24 310
12 41 24 33 5 32 0 T M M 6.1 20 170 M M 8 26 170
13 37 22 30 3 35 0 T M M 6.1 18 350 M M 7 25 300
14 34 18 26 -1 39 0 0.00 M M 5.6 14 160 M M 2 20 150
15 50 29 40 14 25 0 0.00 M M 6.6 12 160 M M 3 24 250
16 45 25 35 9 30 0 0.00 M M 5.0 16 140 M M 3 22 150
17 46 38 42 16 23 0 0.04 M M 13.8 32 150 M M 5 41 150
18 50 42 46 20 19 0 1.90 M M 5.4 16 360 M M 10 1 M M
19 45 25 35 10 30 0 0.00 M M 5.5 17 290 M M 8 25 270
20 36 19 28 3 37 0 0.00 M M 5.1 20 360 M M 6 24 360
21 29 15 22 -3 43 0 0.00 M M 10.7 22 350 M M 4 27 360
22 24 13 19 -5 46 0 0.00 M M 2.9 8 310 M M 0 10 310
23 34 14 24 0 41 0 0.02 M M 2.9 9 150 M M 6 1 12 150
24 38 32 35 11 30 0 T M M 0.6 5 320 M M 10 1 5 230
25 42 28 35 12 30 0 0.00 M M 0.9 6 160 M M 8 12 7 150
26 44 27 36 13 29 0 0.07 M M 1.6 10 150 M M 6 1 12 150
27 42 38 40 17 25 0 0.05 M M 2.4 9 360 M M 10 12 10 350
28 40 37 39 17 26 0 0.05 M M 4.5 10 10 M M 10 12 14 300
29 39 36 38 16 27 0 0.25 M M 2.0 8 20 M M 10 1 10 20
30 37 27 32 10 33 0 0.01 M M 8.7 15 360 M M 10 1 18 350
31 29 23 26 4 39 0 0.00 M M 7.7 16 360 M M 10 19 360
================================================================================
SM 1185 825 1005 0 4.53 M 160.6 M 239
================================================================================
AV 38.2 26.6 5.2 FASTST M M 8 MAX(MPH)
MISC ----> 32 150 41 150
================================================================================
NOTES:
# LAST OF SEVERAL OCCURRENCES
COLUMN 17 PEAK WIND IN M.P.H.
PRELIMINARY LOCAL CLIMATOLOGICAL DATA (WS FORM: F-6) , PAGE 2
STATION: PLATTSBURGH NY
MONTH: DECEMBER
YEAR: 2023
LATITUDE: 44 39 N
LONGITUDE: 73 28 W
[TEMPERATURE DATA] [PRECIPITATION DATA] SYMBOLS USED IN COLUMN 16
AVERAGE MONTHLY: 32.4 TOTAL FOR MONTH: 4.53 1 = FOG OR MIST
DPTR FM NORMAL: 6.0 DPTR FM NORMAL: 2.77 2 = FOG REDUCING VISIBILITY
HIGHEST: 52 ON 10 GRTST 24HR 1.90 ON 18-18 TO 1/4 MILE OR LESS
LOWEST: 10 ON 7 3 = THUNDER
SNOW, ICE PELLETS, HAIL 4 = ICE PELLETS
TOTAL MONTH: M 5 = HAIL
GRTST 24HR M ON M 6 = FREEZING RAIN OR DRIZZLE
GRTST DEPTH: M ON M 7 = DUSTSTORM OR SANDSTORM:
VSBY 1/2 MILE OR LESS
8 = SMOKE OR HAZE
[NO. OF DAYS WITH] [WEATHER - DAYS WITH] 9 = BLOWING SNOW
X = TORNADO
MAX 32 OR BELOW: 7 0.01 INCH OR MORE: 14
MAX 90 OR ABOVE: 0 0.10 INCH OR MORE: 8
MIN 32 OR BELOW: 23 0.50 INCH OR MORE: 3
MIN 0 OR BELOW: 0 1.00 INCH OR MORE: 1
[HDD (BASE 65) ]
TOTAL THIS MO. 1005 CLEAR (SCALE 0-3) 4
DPTR FM NORMAL -193 PTCLDY (SCALE 4-7) 8
TOTAL FM JUL 1 2400 CLOUDY (SCALE 8-10) 19
DPTR FM NORMAL -395
[CDD (BASE 65) ]
TOTAL THIS MO. 0
DPTR FM NORMAL 0 [PRESSURE DATA]
TOTAL FM JAN 1 382 HIGHEST SLP 30.65 ON 21
DPTR FM NORMAL -11 LOWEST SLP 28.97 ON 18
[REMARKS]
#FINAL-12-23#