000
CXUS52 KFFC 011010
CF6PDK
PRELIMINARY LOCAL CLIMATOLOGICAL DATA (WS FORM: F-6)
STATION: DEKALB PEACHTREE AIRPORT
MONTH: APRIL
YEAR: 2023
LATITUDE: 33 52 N
LONGITUDE: 84 18 W
TEMPERATURE IN F: :PCPN: SNOW: WIND :SUNSHINE: SKY :PK WND
================================================================================
1 2 3 4 5 6A 6B 7 8 9 10 11 12 13 14 15 16 17 18
12Z AVG MX 2MIN
DY MAX MIN AVG DEP HDD CDD WTR SNW DPTH SPD SPD DIR MIN PSBL S-S WX SPD DR
================================================================================
1 79 58 69 12 0 4 0.66 M M 14.5 29 280 M M 4 13 44 260
2 71 45 58 0 7 0 0.00 M M 5.7 17 320 M M 0 26 330
3 59 48 54 -4 11 0 0.04 M M 2.8 12 100 M M 7 19 100
4 77 55 66 8 0 1 0.00 M M 3.2 12 190 M M 7 1 16 160
5 85 62 74 16 0 9 0.00 M M 4.6 18 200 M M 4 1 27 210
6 82 63 73 15 0 8 0.01 M M 2.5 12 300 M M 6 17 240
7 78 50 64 5 1 0 0.02 M M 5.1 16 30 M M 7 1 27 40
8 50 42 46 -13 19 0 2.26 M M 6.7 14 60 M M 10 138 28 80
9 65 41 53 -6 12 0 0.00 M M 5.3 13 80 M M 3 25 80
10 66 42 54 -6 11 0 0.00 M M 4.5 13 20 M M 0 21 40
11 72 35 54 -6 11 0 0.00 M M 1.9 9 20 M M 0 16 80
12 78 39 59 -1 6 0 0.00 M M 1.9 10 160 M M 0 18 150
13 67 48 58 -2 7 0 0.40 M M 3.0 10 90 M M 6 1 20 110
14 69 59 64 4 1 0 0.35 M M 3.1 15 250 M M 9 138 20 230
15 79 55 67 6 0 2 0.00 M M 3.3 14 320 M M 5 1 19 250
16 73 54 64 3 1 0 0.15 M M 9.7 21 300 M M 7 1 30 290
17 69 45 57 -4 8 0 0.00 M M 9.3 23 290 M M 0 34 340
18 78 40 59 -3 6 0 0.00 M M 4.0 13 250 M M 0 19 250
19 82 47 65 3 0 0 0.00 M M 1.9 12 200 M M 0 17 200
20 83 49 66 4 0 1 0.00 M M 4.0 16 220 M M 0 23 230
21 78 54 66 4 0 1 0.00 M M 5.6 14 200 M M 1 23 180
22 69 47 58 -5 7 0 0.37 M M 8.4 24 320 M M 4 13 33 310
23 68 45 57 -6 8 0 0.00 M M 6.3 17 330 M M 2 24 340
24 68 45 57 -6 8 0 T M M 6.5 13 310 M M 2 8 21 320
25 70 40 55 -9 10 0 0.00 M M 3.0 9 140 M M 5 15 80
26 59 54 57 -7 8 0 0.03 M M 4.5 10 30 M M 10 1 17 40
27 60 54 57 -7 8 0 0.15 M M 3.5 12 50 M M 10 13 16 70
28 79 57 68 4 0 3 0.03 M M 6.9 17 260 M M 6 1 25 260
29 74 51 63 -2 2 0 0.15 M M 3.2 12 190 M M 2 1 17 150
30 71 52 62 -3 3 0 1.02 M M 11.0 30 270 M M 7 1 42 260
================================================================================
SM 2158 1476 155 29 5.64 M 155.9 M 124
================================================================================
AV 71.9 49.2 5.2 FASTST M M 4 MAX(MPH)
MISC ----> 30 270 44 260
================================================================================
NOTES:
# LAST OF SEVERAL OCCURRENCES
COLUMN 17 PEAK WIND IN M.P.H.
PRELIMINARY LOCAL CLIMATOLOGICAL DATA (WS FORM: F-6) , PAGE 2
STATION: DEKALB PEACHTREE AIRPORT
MONTH: APRIL
YEAR: 2023
LATITUDE: 33 52 N
LONGITUDE: 84 18 W
[TEMPERATURE DATA] [PRECIPITATION DATA] SYMBOLS USED IN COLUMN 16
AVERAGE MONTHLY: 60.6 TOTAL FOR MONTH: 5.64 1 = FOG OR MIST
DPTR FM NORMAL: -0.3 DPTR FM NORMAL: 1.77 2 = FOG REDUCING VISIBILITY
HIGHEST: 85 ON 5 GRTST 24HR 2.26 ON 8- 8 TO 1/4 MILE OR LESS
LOWEST: 35 ON 11 3 = THUNDER
SNOW, ICE PELLETS, HAIL 4 = ICE PELLETS
TOTAL MONTH: M 5 = HAIL
GRTST 24HR M ON M 6 = FREEZING RAIN OR DRIZZLE
GRTST DEPTH: M ON M 7 = DUSTSTORM OR SANDSTORM:
VSBY 1/2 MILE OR LESS
8 = SMOKE OR HAZE
[NO. OF DAYS WITH] [WEATHER - DAYS WITH] 9 = BLOWING SNOW
X = TORNADO
MAX 32 OR BELOW: 0 0.01 INCH OR MORE: 14
MAX 90 OR ABOVE: 0 0.10 INCH OR MORE: 9
MIN 32 OR BELOW: 0 0.50 INCH OR MORE: 3
MIN 0 OR BELOW: 0 1.00 INCH OR MORE: 2
[HDD (BASE 65) ]
TOTAL THIS MO. 155 CLEAR (SCALE 0-3) 13
DPTR FM NORMAL -5 PTCLDY (SCALE 4-7) 13
TOTAL FM JUL 1 2453 CLOUDY (SCALE 8-10) 4
DPTR FM NORMAL -492
[CDD (BASE 65) ]
TOTAL THIS MO. 29
DPTR FM NORMAL -9 [PRESSURE DATA]
TOTAL FM JAN 1 57 HIGHEST SLP 30.44 ON 10
DPTR FM NORMAL 11 LOWEST SLP 29.45 ON 30
[REMARKS]
#FINAL-04-23#