000
CXUS52 KFFC 011010
CF6PDK
PRELIMINARY LOCAL CLIMATOLOGICAL DATA (WS FORM: F-6)
STATION: DEKALB PEACHTREE AIRPORT
MONTH: JUNE
YEAR: 2022
LATITUDE: 33 52 N
LONGITUDE: 84 18 W
TEMPERATURE IN F: :PCPN: SNOW: WIND :SUNSHINE: SKY :PK WND
================================================================================
1 2 3 4 5 6A 6B 7 8 9 10 11 12 13 14 15 16 17 18
12Z AVG MX 2MIN
DY MAX MIN AVG DEP HDD CDD WTR SNW DPTH SPD SPD DIR MIN PSBL S-S WX SPD DR
================================================================================
1 92 63 78 4 0 13 0.00 M M 2.0 10 330 M M 2 16 310
2 91 67 79 5 0 14 0.00 M M 4.0 23 290 M M 2 3 33 280
3 86 68 77 3 0 12 0.00 M M 6.8 15 340 M M 3 22 330
4 85 66 76 2 0 11 0.00 M M 3.7 12 30 M M 2 20 20
5 85 63 74 0 0 9 0.00 M M 2.1 10 160 M M 2 17 130
6 85 66 76 1 0 11 0.20 M M 3.2 26 230 M M 4 13 39 240
7 83 67 75 0 0 10 0.40 M M 5.1 15 320 M M 6 13 18 320
8 85 65 75 0 0 10 0.26 M M 6.3 25 290 M M 4 13 39 290
9 85 68 77 2 0 12 0.01 M M 7.6 18 320 M M 4 24 320
10 83 58 71 -4 0 6 M M M 2.6 9 170 M M 1 17 170
11 87 67 77 1 0 12 0.00 M M 0.0 9 280 M M 4 16 290
12 92 69 81 5 0 16 0.00 M M 3.2 12 250 M M 1 16 260
13 96 70 83 7 0 18 0.00 M M 3.9 13 260 M M 1 13 16 290
14 98 75 87 11 0 22 0.00 M M 4.5 13 20 M M 2 23 10
15 100 76 88 12 0 23 0.00 M M 5.9 14 260 M M 1 3 19 30
16 97 73 85 9 0 20 0.11 M M 2.2 12 320 M M 2 13 16 150
17 96 72 84 7 0 19 0.06 M M 6.0 31 330 M M 1 13 53 330
18 92 69 81 4 0 16 0.00 M M 8.5 20 310 M M 1 27 350
19 88 62 75 -2 0 10 0.00 M M 3.2 13 360 M M 0 22 10
20 92 56 74 -3 0 9 0.00 M M 2.3 10 320 M M 0 15 280
21 96 65 81 4 0 16 0.00 M M 4.4 14 340 M M 0 20 320
22 99 62 81 4 0 16 0.00 M M 6.4 15 310 M M 0 23 10
23 98 74 86 8 0 21 0.00 M M 7.0 17 320 M M 1 26 330
24 93 75 84 6 0 19 0.00 M M 4.7 20 200 M M 3 3 26 210
25 93 73 83 5 0 18 0.00 M M 3.2 14 160 M M 3 24 170
26 91 70 81 3 0 16 0.01 M M 2.7 13 340 M M 6 16 360
27 91 73 82 4 0 17 0.00 M M 3.8 14 190 M M 4 3 20 360
28 85 70 78 0 0 13 0.01 M M 3.3 10 150 M M 5 17 30
29 89 71 80 2 0 15 0.08 M M 2.6 13 20 M M 7 138 21 110
30 90 70 80 2 0 15 0.02 M M 2.3 14 200 M M 3 13 22 190
================================================================================
SM 2723 2043 0 439 1.16 M 123.5 M 75
================================================================================
AV 90.8 68.1 4.1 FASTST M M 3 MAX(MPH)
MISC ----> 31 330 53 330
================================================================================
NOTES:
# LAST OF SEVERAL OCCURRENCES
COLUMN 17 PEAK WIND IN M.P.H.
PRELIMINARY LOCAL CLIMATOLOGICAL DATA (WS FORM: F-6) , PAGE 2
STATION: DEKALB PEACHTREE AIRPORT
MONTH: JUNE
YEAR: 2022
LATITUDE: 33 52 N
LONGITUDE: 84 18 W
[TEMPERATURE DATA] [PRECIPITATION DATA] SYMBOLS USED IN COLUMN 16
AVERAGE MONTHLY: 79.4 TOTAL FOR MONTH: 1.16 1 = FOG OR MIST
DPTR FM NORMAL: 3.2 DPTR FM NORMAL: -3.53 2 = FOG REDUCING VISIBILITY
HIGHEST: 100 ON 15 GRTST 24HR 0.40 ON 7- 7 TO 1/4 MILE OR LESS
LOWEST: 56 ON 20 3 = THUNDER
SNOW, ICE PELLETS, HAIL 4 = ICE PELLETS
TOTAL MONTH: M 5 = HAIL
GRTST 24HR M ON M 6 = FREEZING RAIN OR DRIZZLE
GRTST DEPTH: M ON M 7 = DUSTSTORM OR SANDSTORM:
VSBY 1/2 MILE OR LESS
8 = SMOKE OR HAZE
[NO. OF DAYS WITH] [WEATHER - DAYS WITH] 9 = BLOWING SNOW
X = TORNADO
MAX 32 OR BELOW: 0 0.01 INCH OR MORE: 10
MAX 90 OR ABOVE: 18 0.10 INCH OR MORE: 4
MIN 32 OR BELOW: 0 0.50 INCH OR MORE: 0
MIN 0 OR BELOW: 0 1.00 INCH OR MORE: 0
[HDD (BASE 65) ]
TOTAL THIS MO. 0 CLEAR (SCALE 0-3) 21
DPTR FM NORMAL 0 PTCLDY (SCALE 4-7) 9
TOTAL FM JUL 1 2431 CLOUDY (SCALE 8-10) 0
DPTR FM NORMAL -548
[CDD (BASE 65) ]
TOTAL THIS MO. 439
DPTR FM NORMAL 101 [PRESSURE DATA]
TOTAL FM JAN 1 701 HIGHEST SLP 30.23 ON 20
DPTR FM NORMAL 148 LOWEST SLP 29.77 ON 2
[REMARKS]
#FINAL-06-22#