000
CXUS56 KPDT 020532
CF6PDT
PRELIMINARY LOCAL CLIMATOLOGICAL DATA (WS FORM: F-6)
STATION: PENDLETON OR
MONTH: JUNE
YEAR: 2020
LATITUDE: 45 40 N
LONGITUDE: 118 51 W
TEMPERATURE IN F: :PCPN: SNOW: WIND :SUNSHINE: SKY :PK WND
================================================================================
1 2 3 4 5 6A 6B 7 8 9 10 11 12 13 14 15 16 17 18
12Z AVG MX 2MIN
DY MAX MIN AVG DEP HDD CDD WTR SNW DPTH SPD SPD DIR MIN PSBL S-S WX SPD DR
================================================================================
1 77 47 62 0 3 0 0.00 0.0 0 5.7 14 290 M M 3 21 290
2 81 44 63 1 2 0 0.00 0.0 0 8.2 18 260 M M 0 21 260
3 79 47 63 1 2 0 0.00 0.0 0 7.1 31 260 M M 0 40 260
4 77 54 66 4 0 1 T 0.0 0 11.0 30 260 M M 1 35 270
5 72 51 62 0 3 0 0.06 0.0 0 5.4 16 290 M M 4 1 18 280
6 70 49 60 -3 5 0 T 0.0 0 14.7 35 260 M M 5 42 270
7 66 47 57 -6 8 0 T 0.0 0 22.3 36 260 M M 7 44 250
8 69 49 59 -4 6 0 T 0.0 0 21.2 36 260 M M 3 44 250
9 71 49 60 -3 5 0 0.01 0.0 0 5.2 13 130 M M 10 16 130
10 87 54 71 8 0 6 T 0.0 0 6.0 18 20 M M 4 3 23 20
11 85 58 72 8 0 7 0.00 0.0 0 6.0 17 300 M M 0 26 290
12 83 54 69 5 0 4 0.01 0.0 0 9.0 26 270 M M 1 3 32 260
13 68 50 59 -5 6 0 0.32 0.0 0 15.3 31 250 M M 7 1 38 240
14 70 48 59 -5 6 0 0.01 0.0 0 12.7 25 260 M M 5 32 250
15 64 50 57 -7 8 0 0.28 0.0 0 6.6 18 280 M M 9 138 24 280
16 70 47 59 -6 6 0 T 0.0 0 11.5 23 250 M M 6 28 250
17 77 52 65 0 0 0 0.00 0.0 0 9.9 21 270 M M 4 26 270
18 83 49 66 1 0 1 0.00 0.0 0 6.8 13 90 M M 0 16 320
19 89 51 70 4 0 5 0.00 0.0 0 6.0 12 80 M M 0 15 70
20 82 64 73 7 0 8 T 0.0 0 10.4 25 290 M M 5 32 290
21 83 59 71 5 0 6 0.00 0.0 0 12.7 25 260 M M 4 31 320
22 89 50 70 4 0 5 0.00 0.0 0 6.3 13 150 M M 0 15 320
23 97 55 76 9 0 11 0.00 0.0 0 6.6 15 80 M M 0 18 70
24 92 63 78 11 0 13 0.00 0.0 0 15.2 28 270 M M 0 35 270
25 90 56 73 6 0 8 0.00 0.0 0 6.2 13 140 M M 0 21 340
26 97 59 78 10 0 13 0.00 0.0 0 11.7 33 270 M M 0 42 270
27 84 55 70 2 0 5 T 0.0 0 22.8 38 260 M M 0 45 260
28 68 52 60 -8 5 0 0.02 0.0 0 14.0 26 260 M M 6 34 270
29 83 56 70 2 0 5 T 0.0 0 17.1 37 260 M M 4 47 260
30 78 55 67 -2 0 2 0.00 0.0 0 26.1 37 270 M M 2 44 270
================================================================================
SM 2381 1574 65 100 0.71 0.0 339.7 M 90
================================================================================
AV 79.4 52.5 11.3 FASTST M M 3 MAX(MPH)
MISC ----> # 38 260 # 47 260
================================================================================
NOTES:
# LAST OF SEVERAL OCCURRENCES
COLUMN 17 PEAK WIND IN M.P.H.
PRELIMINARY LOCAL CLIMATOLOGICAL DATA (WS FORM: F-6) , PAGE 2
STATION: PENDLETON OR
MONTH: JUNE
YEAR: 2020
LATITUDE: 45 40 N
LONGITUDE: 118 51 W
[TEMPERATURE DATA] [PRECIPITATION DATA] SYMBOLS USED IN COLUMN 16
AVERAGE MONTHLY: 65.9 TOTAL FOR MONTH: 0.71 1 = FOG OR MIST
DPTR FM NORMAL: 1.0 DPTR FM NORMAL: -0.27 2 = FOG REDUCING VISIBILITY
HIGHEST: 97 ON 26,23 GRTST 24HR 0.32 ON 13-13 TO 1/4 MILE OR LESS
LOWEST: 44 ON 2 3 = THUNDER
SNOW, ICE PELLETS, HAIL 4 = ICE PELLETS
TOTAL MONTH: 0.0 INCH 5 = HAIL
GRTST 24HR 0.0 6 = FREEZING RAIN OR DRIZZLE
GRTST DEPTH: 0 7 = DUSTSTORM OR SANDSTORM:
VSBY 1/2 MILE OR LESS
8 = SMOKE OR HAZE
[NO. OF DAYS WITH] [WEATHER - DAYS WITH] 9 = BLOWING SNOW
X = TORNADO
MAX 32 OR BELOW: 0 0.01 INCH OR MORE: 7
MAX 90 OR ABOVE: 4 0.10 INCH OR MORE: 2
MIN 32 OR BELOW: 0 0.50 INCH OR MORE: 0
MIN 0 OR BELOW: 0 1.00 INCH OR MORE: 0
[HDD (BASE 65) ]
TOTAL THIS MO. 65 CLEAR (SCALE 0-3) 15
DPTR FM NORMAL -18 PTCLDY (SCALE 4-7) 13
TOTAL FM JUL 1 4973 CLOUDY (SCALE 8-10) 2
DPTR FM NORMAL -303
[CDD (BASE 65) ]
TOTAL THIS MO. 100
DPTR FM NORMAL 21 [PRESSURE DATA]
TOTAL FM JAN 1 120 HIGHEST SLP 30.16 ON 18
DPTR FM NORMAL 18 LOWEST SLP 29.58 ON 5
[REMARKS]
#FINAL-06-20#