000
CXUS53 KUNR 010930
CF6PHP
PRELIMINARY LOCAL CLIMATOLOGICAL DATA (WS FORM: F-6)
STATION: PHILIP SD
MONTH: APRIL
YEAR: 2022
LATITUDE: 44 3 N
LONGITUDE: 101 36 W
TEMPERATURE IN F: :PCPN: SNOW: WIND :SUNSHINE: SKY :PK WND
================================================================================
1 2 3 4 5 6A 6B 7 8 9 10 11 12 13 14 15 16 17 18
12Z AVG MX 2MIN
DY MAX MIN AVG DEP HDD CDD WTR SNW DPTH SPD SPD DIR MIN PSBL S-S WX SPD DR
================================================================================
1 50 28 39 -2 26 0 0.20 M M 7.6 18 40 M M 8 1 27 30
2 60 26 43 1 22 0 0.00 M M 7.9 15 90 M M 0 19 80
3 59 25 42 0 23 0 T M M 17.9 40 310 M M 5 12 55 280
4 73 24 49 7 16 0 T M M 12.2 37 250 M M 4 12 52 240
5 54 38 46 3 19 0 0.04 M M 27.2 46 310 M M 6 1 60 290
6 46 34 40 -3 25 0 0.01 M M 29.5 48 310 M M 8 1 67 310
7 51 32 42 -1 23 0 0.02 M M 28.4 49 340 M M 5 1 65 340
8 56 21 39 -4 26 0 0.00 M M 9.5 16 310 M M 0 24 310
9 68 34 51 7 14 0 0.12 M M 15.0 33 340 M M 2 44 340
10 53 34 44 0 21 0 0.01 M M 12.7 30 300 M M 9 37 300
11 59 26 43 -1 22 0 0.00 M M 11.8 29 80 M M 4 40 80
12 53 19 36 -8 29 0 0.00 M M 24.6 40 310 M M 8 54 310
13 31 18 25 -20 40 0 T M M 35.3 52 300 M M 5 66 310
14 37 20 29 -16 36 0 0.00 M M 27.8 43 310 M M 3 60 300
15 41 13 27 -18 38 0 0.00 M M 11.7 22 330 M M 6 29 320
16 46 11 29 -17 36 0 0.00 M M 10.7 21 130 M M 1 33 120
17 53 20 37 -9 28 0 0.00 M M 21.8 45 320 M M 2 59 320
18 55 15 35 -11 30 0 0.00 M M 8.3 21 120 M M 0 30 120
19 78 32 55 9 10 0 0.00 M M 17.2 30 170 M M 1 44 150
20 67 34 51 4 14 0 0.03 M M 11.5 26 350 M M 5 34 320
21 68 22 45 -2 20 0 0.00 M M 14.6 31 110 M M 0 43 110
22 81 45 63 16 2 0 0.03 M M 17.5 40 350 M M 6 1 54 340
23 45 33 39 -9 26 0 0.20 M M 29.3 43 310 M M 10 12 62 310
24 46 33 40 -8 25 0 T M M 27.3 46 310 M M 6 1 62 290
25 55 23 39 -9 26 0 0.00 M M 7.3 15 350 M M 0 21 330
26 68 25 47 -2 18 0 0.00 M M 17.1 30 80 M M 0 40 80
27 59 28 44 -5 21 0 0.00 M M 11.3 30 90 M M 0 38 100
28 66 32 49 -1 16 0 0.00 M M 6.8 17 80 M M 0 8 21 70
29 58 41 50 0 15 0 T M M 15.8 35 50 M M 9 1 42 340
30 60 34 47 -3 18 0 T M M 24.3 40 330 M M 6 52 330
================================================================================
SM 1696 820 685 0 0.66 M 519.9 M 119
================================================================================
AV 56.5 27.3 17.3 FASTST M M 4 MAX(MPH)
MISC ----> 52 300 67 310
================================================================================
NOTES:
# LAST OF SEVERAL OCCURRENCES
COLUMN 17 PEAK WIND IN M.P.H.
PRELIMINARY LOCAL CLIMATOLOGICAL DATA (WS FORM: F-6) , PAGE 2
STATION: PHILIP SD
MONTH: APRIL
YEAR: 2022
LATITUDE: 44 3 N
LONGITUDE: 101 36 W
[TEMPERATURE DATA] [PRECIPITATION DATA] SYMBOLS USED IN COLUMN 16
AVERAGE MONTHLY: 41.9 TOTAL FOR MONTH: 0.66 1 = FOG OR MIST
DPTR FM NORMAL: -3.7 DPTR FM NORMAL: -1.05 2 = FOG REDUCING VISIBILITY
HIGHEST: 81 ON 22 GRTST 24HR 0.23 ON 22-23 TO 1/4 MILE OR LESS
LOWEST: 11 ON 16 3 = THUNDER
SNOW, ICE PELLETS, HAIL 4 = ICE PELLETS
TOTAL MONTH: M 5 = HAIL
GRTST 24HR M ON M 6 = FREEZING RAIN OR DRIZZLE
GRTST DEPTH: M ON M 7 = DUSTSTORM OR SANDSTORM:
VSBY 1/2 MILE OR LESS
8 = SMOKE OR HAZE
[NO. OF DAYS WITH] [WEATHER - DAYS WITH] 9 = BLOWING SNOW
X = TORNADO
MAX 32 OR BELOW: 1 0.01 INCH OR MORE: 9
MAX 90 OR ABOVE: 0 0.10 INCH OR MORE: 3
MIN 32 OR BELOW: 20 0.50 INCH OR MORE: 0
MIN 0 OR BELOW: 0 1.00 INCH OR MORE: 0
[HDD (BASE 65) ]
TOTAL THIS MO. 685 CLEAR (SCALE 0-3) 13
DPTR FM NORMAL 102 PTCLDY (SCALE 4-7) 14
TOTAL FM JUL 1 6413 CLOUDY (SCALE 8-10) 3
DPTR FM NORMAL -374
[CDD (BASE 65) ]
TOTAL THIS MO. 0
DPTR FM NORMAL -1 [PRESSURE DATA]
TOTAL FM JAN 1 0 HIGHEST SLP 30.47 ON 18
DPTR FM NORMAL -1 LOWEST SLP 29.11 ON 23
[REMARKS]
#FINAL-04-22#