000
CXUS55 KPIH 031647
CF6PIH
PRELIMINARY LOCAL CLIMATOLOGICAL DATA (WS FORM: F-6)
STATION: POCATELLO
MONTH: JUNE
YEAR: 2023
LATITUDE: 42 55 N
LONGITUDE: 112 36 W
TEMPERATURE IN F: :PCPN: SNOW: WIND :SUNSHINE: SKY :PK WND
================================================================================
1 2 3 4 5 6A 6B 7 8 9 10 11 12 13 14 15 16 17 18
12Z AVG MX 2MIN
DY MAX MIN AVG DEP HDD CDD WTR SNW DPTH SPD SPD DIR MIN PSBL S-S WX SPD DR
================================================================================
1 74 47 61 3 4 0 0.00 0.0 0 8.2 18 240 M M 3 23 250
2 73 49 61 2 4 0 T 0.0 0 6.8 17 40 M M 6 23 230
3 74 45 60 1 5 0 0.00 0.0 0 5.8 17 40 M M 2 26 40
4 80 42 61 2 4 0 0.02 0.0 0 6.3 24 70 M M 2 13 33 80
5 80 45 63 4 2 0 0.00 0.0 0 4.6 14 320 M M 2 18 300
6 84 47 66 6 0 1 0.03 0.0 0 6.7 30 190 M M 2 37 42 180
7 80 48 64 4 1 0 T 0.0 0 6.3 29 210 M M 3 3 42 220
8 76 50 63 3 2 0 T 0.0 0 5.9 26 170 M M 4 36 180
9 76 42 59 -1 6 0 0.07 0.0 0 5.3 35 250 M M 1 35 44 240
10 78 45 62 1 3 0 0.00 0.0 0 5.5 14 250 M M 3 3 19 260
11 80 47 64 3 1 0 0.20 0.0 0 7.7 25 220 M M 3 13 35 240
12 76 46 61 0 4 0 0.01 0.0 0 5.2 25 320 M M 5 3 32 320
13 75 55 65 4 0 0 0.04 0.0 0 7.9 18 260 M M 8 3 24 260
14 72 56 64 2 1 0 0.01 0.0 0 18.1 30 260 M M 5 42 250
15 69 48 59 -3 6 0 0.00 0.0 0 10.8 21 240 M M 1 26 240
16 74 40 57 -5 8 0 0.00 0.0 0 6.1 14 240 M M 3 18 240
17 78 44 61 -1 4 0 T 0.0 0 8.7 22 260 M M 2 30 240
18 69 53 61 -2 4 0 0.00 0.0 0 11.7 29 270 M M 7 35 260
19 72 49 61 -2 4 0 T 0.0 0 8.9 22 270 M M 7 32 270
20 66 42 54 -9 11 0 0.00 0.0 0 9.8 18 290 M M 6 28 250
21 68 35 52 -12 13 0 0.00 0.0 0 8.8 20 240 M M 2 26 260
22 79 31 55 -9 10 0 0.00 0.0 0 5.9 14 310 M M 0 19 20
23 72 43 58 -6 7 0 0.00 0.0 0 8.1 21 350 M M 2 3 28 360
24 78 40 59 -6 6 0 0.00 0.0 0 5.8 16 270 M M 1 20 290
25 84 48 66 1 0 1 T 0.0 0 7.2 17 30 M M 2 3 26 30
26 79 43 61 -4 4 0 0.00 0.0 0 7.4 22 250 M M 0 28 250
27 76 47 62 -4 3 0 0.00 0.0 0 9.7 35 180 M M 2 38 47 180
28 79 43 61 -5 4 0 0.00 0.0 0 6.9 15 250 M M 1 21 240
29 82 46 64 -2 1 0 0.00 0.0 0 6.4 14 250 M M 1 19 230
30 87 49 68 1 0 3 0.00 0.0 0 6.0 10 220 M M 1 16 280
================================================================================
SM 2290 1365 122 5 0.38 0.0 228.5 M 87
================================================================================
AV 76.3 45.5 7.6 FASTST M M 3 MAX(MPH)
MISC ----> # 35 250 47 180
================================================================================
NOTES:
# LAST OF SEVERAL OCCURRENCES
COLUMN 17 PEAK WIND IN M.P.H.
PRELIMINARY LOCAL CLIMATOLOGICAL DATA (WS FORM: F-6) , PAGE 2
STATION: POCATELLO
MONTH: JUNE
YEAR: 2023
LATITUDE: 42 55 N
LONGITUDE: 112 36 W
[TEMPERATURE DATA] [PRECIPITATION DATA] SYMBOLS USED IN COLUMN 16
AVERAGE MONTHLY: 60.9 TOTAL FOR MONTH: 0.38 1 = FOG OR MIST
DPTR FM NORMAL: -1.3 DPTR FM NORMAL: -0.55 2 = FOG REDUCING VISIBILITY
HIGHEST: 87 ON 30 GRTST 24HR 0.20 ON 11-11 TO 1/4 MILE OR LESS
LOWEST: 31 ON 22 3 = THUNDER
SNOW, ICE PELLETS, HAIL 4 = ICE PELLETS
TOTAL MONTH: 0.0 INCH 5 = HAIL
GRTST 24HR 0.0 6 = FREEZING RAIN OR DRIZZLE
GRTST DEPTH: 0 7 = DUSTSTORM OR SANDSTORM:
VSBY 1/2 MILE OR LESS
8 = SMOKE OR HAZE
[NO. OF DAYS WITH] [WEATHER - DAYS WITH] 9 = BLOWING SNOW
X = TORNADO
MAX 32 OR BELOW: 0 0.01 INCH OR MORE: 7
MAX 90 OR ABOVE: 0 0.10 INCH OR MORE: 1
MIN 32 OR BELOW: 1 0.50 INCH OR MORE: 0
MIN 0 OR BELOW: 0 1.00 INCH OR MORE: 0
[HDD (BASE 65) ]
TOTAL THIS MO. 122 CLEAR (SCALE 0-3) 22
DPTR FM NORMAL -7 PTCLDY (SCALE 4-7) 7
TOTAL FM JUL 1 7466 CLOUDY (SCALE 8-10) 1
DPTR FM NORMAL 507
[CDD (BASE 65) ]
TOTAL THIS MO. 5
DPTR FM NORMAL -41 [PRESSURE DATA]
TOTAL FM JAN 1 8 HIGHEST SLP 30.17 ON 21
DPTR FM NORMAL -43 LOWEST SLP 29.57 ON 18
[REMARKS]
22ND: RECORD LOW TEMPERATURE OF 31 BREAKS OLD RECORD OF 36 SET IN 1995.
#FINAL-06-23#