000
CXUS53 KABR 011629
CLMPIR
CLIMATE REPORT
NATIONAL WEATHER SERVICE ABERDEEN SD
1029 AM CST FRI DEC 01 2023
...................................
...THE PIERRE SD CLIMATE SUMMARY FOR THE MONTH OF NOVEMBER 2023...
CLIMATE NORMAL PERIOD 1991 TO 2020
CLIMATE RECORD PERIOD 1892 TO 2023
WEATHER OBSERVED NORMAL DEPART LAST YEAR`S
VALUE DATE(S) VALUE FROM VALUE DATE(S)
NORMAL
................................................................
TEMPERATURE (F)
RECORD
HIGH 87 11/08/1999
LOW -18 11/14/1959
HIGHEST 70 11/13 43 27 79 11/02
LOWEST 9 11/24 MM MM 7 11/12
AVG. MAXIMUM 51.3 44.9 6.4 41.3
AVG. MINIMUM 23.7 23.2 0.5 19.6
MEAN 37.5 34.1 3.4 30.4
DAYS MAX >= 90 0 0.0 0.0 0
DAYS MAX <= 32 3 5.8 -2.8 11
DAYS MIN <= 32 25 25.0 0.0 27
DAYS MIN <= 0 0 0.5 -0.5 0
PRECIPITATION (INCHES)
RECORD
MAXIMUM 2.68 1922
MINIMUM T 1967
TOTALS 0.12 0.77 -0.65 0.49
DAYS >= .01 4 5.3 -1.3 6
DAYS >= .10 0 1.9 -1.9 1
DAYS >= .50 0 0.2 -0.2 0
DAYS >= 1.00 0 0.0 0.0 0
SNOWFALL (INCHES)
RECORDS
TOTAL 27.4 1985
SNOW DEPTH 17 11/30/1985
TOTALS 0.7 6.3 -5.6 1.6
SINCE 7/1 3.4 7.6 -4.2 MM
SNOWDEPTH AVG. 0 0
DAYS >= TRACE 4 3.9 0.1 10
DAYS >= 1.0 0 1.6 -1.6 0
GREATEST
SNOW DEPTH 1 11/27 1 11/17
11/18
11/19
DEGREE DAYS
HEATING TOTAL 819 928 -109 1031
SINCE 7/1 1418 1603 -185 MM
COOLING TOTAL 0 0 0 0
SINCE 1/1 988 836 152 MM
FREEZE DATES
RECORD
EARLIEST MM
LATEST MM
EARLIEST 10/07
LATEST 05/02
................................................................
WIND (MPH)
AVERAGE WIND SPEED 8.6
RESULTANT WIND SPEED/DIRECTION 3/320
HIGHEST WIND SPEED/DIRECTION 39/320 DATE 11/09
HIGHEST GUST SPEED/DIRECTION 52/320 DATE 11/09
SKY COVER
POSSIBLE SUNSHINE (PERCENT) MM
AVERAGE SKY COVER 0.21
NUMBER OF DAYS FAIR 21
NUMBER OF DAYS PC 7
NUMBER OF DAYS CLOUDY 2
AVERAGE RH (PERCENT) 66
WEATHER CONDITIONS. NUMBER OF DAYS WITH
THUNDERSTORM 0 MIXED PRECIP 0
HEAVY RAIN 0 RAIN 0
LIGHT RAIN 3 FREEZING RAIN 0
LT FREEZING RAIN 0 HAIL 0
HEAVY SNOW 0 SNOW 0
LIGHT SNOW 4 SLEET 0
FOG 10 FOG W/VIS <= 1/4 MILE 2
HAZE 3
- INDICATES NEGATIVE NUMBERS.
R INDICATES RECORD WAS SET OR TIED.
MM INDICATES DATA IS MISSING.
T INDICATES TRACE AMOUNT.
$$