000
CXUS51 KPBZ 112256
CF6PIT
PRELIMINARY LOCAL CLIMATOLOGICAL DATA (WS FORM: F-6)
STATION: PITTSBURGH PA
MONTH: OCTOBER
YEAR: 2020
LATITUDE: 40 30 N
LONGITUDE: 80 13 W
TEMPERATURE IN F: :PCPN: SNOW: WIND :SUNSHINE: SKY :PK WND
================================================================================
1 2 3 4 5 6A 6B 7 8 9 10 11 12 13 14 15 16 17 18
12Z AVG MX 2MIN
DY MAX MIN AVG DEP HDD CDD WTR SNW DPTH SPD SPD DIR MIN PSBL S-S WX SPD DR
================================================================================
1 63 45 54 -4 11 0 0.08 0.0 0 7.3 22 320 M M 4 29 280
2 58 41 50 -8 15 0 T 0.0 0 6.3 17 290 M M 6 21 270
3 60 35 48 -9 17 0 0.00 0.0 0 1.1 9 240 M M 6 14 260
4 66 45 56 -1 9 0 0.25 0.0 0 4.6 26 290 M M 9 13 32 290
5 59 42 51 -5 14 0 0.00 0.0 0 4.8 13 290 M M 7 8 15 210
6 67 36 52 -4 13 0 0.00 0.0 0 6.2 16 200 M M 2 20 200
7 75 53 64 8 1 0 0.00 0.0 0 12.0 30 290 M M 4 8 39 290
8 65 43 54 -1 11 0 0.00 0.0 0 6.3 17 340 M M 2 22 340
9 74 41 58 3 7 0 0.00 0.0 0 4.0 15 210 M M 4 19 200
10 75 61 68 14 0 3 0.00 0.0 0 8.7 18 240 M M 7 25 220
11 69 61 65 11 0 0 T 0.0 0 5.5 12 100 M M 10 12 16 110
12 70 58 64 10 1 0 0.00 0.0 0 12.0 21 130 M M 9 27 120
13 65 45 55 1 10 0 0.12 0.0 0 8.6 23 320 M M 5 1 31 320
14 69 46 58 5 7 0 0.00 0.0 0 4.6 14 230 M M 4 8 18 230
15 72 47 60 7 5 0 0.17 0.0 0 11.2 25 220 M M 7 18 34 220
16 55 36 46 -7 19 0 0.15 0.0 0 6.0 14 330 M M 7 1 20 320
17 58 30 44 -8 21 0 0.00 0.0 0 4.6 17 250 M M 2 26 290
18 62 41 52 0 13 0 T 0.0 0 6.7 17 220 M M 8 24 230
19 58 51 55 3 10 0 0.38 0.0 0 2.8 12 160 M M 10 1 15 150
20 59 55 57 6 8 0 0.17 0.0 0 3.3 10 340 M M 10 1 14 340
21 73 53 63 12 2 0 T 0.0 0 5.3 17 260 M M 8 1 24 200
22 79 56 68 17 0 3 0.00 0.0 0 3.0 15 240 M M 2 1 20 230
23 78 55 67 17 0 2 0.28 0.0 0 6.2 18 240 M M 3 13 25 240
24 63 42 53 3 12 0 0.18 0.0 0 10.2 21 330 M M 10 13 26 310
25 58 39 49 -1 16 0 T 0.0 0 7.8 15 70 M M 8 20 60
26 55 40 48 -2 17 0 0.02 0.0 0 6.2 15 340 M M 10 1 17 340
27 51 45 48 -1 17 0 0.05 0.0 0 3.2 10 360 M M 10 1 12 360
28 52 47 50 1 15 0 0.10 0.0 0 3.9 10 310 M M 10 1 13 320
29 50 45 48 -1 17 0 1.08 0.0 0 9.8 17 20 M M 10 1 21 20
30 45 32 39 -9 26 0 0.26 0.0 0 9.7 22 340 M M 10 1 27 340
31 49 27 38 -10 27 0 0.00 0.0 0 4.0 15 150 M M 2 18 150
================================================================================
SM 1952 1393 341 8 3.29 0.0 195.9 M 206
================================================================================
AV 63.0 44.9 6.3 FASTST M M 7 MAX(MPH)
MISC ----> 30 290 39 290
================================================================================
NOTES:
# LAST OF SEVERAL OCCURRENCES
COLUMN 17 PEAK WIND IN M.P.H.
PRELIMINARY LOCAL CLIMATOLOGICAL DATA (WS FORM: F-6) , PAGE 2
STATION: PITTSBURGH PA
MONTH: OCTOBER
YEAR: 2020
LATITUDE: 40 30 N
LONGITUDE: 80 13 W
[TEMPERATURE DATA] [PRECIPITATION DATA] SYMBOLS USED IN COLUMN 16
AVERAGE MONTHLY: 54.0 TOTAL FOR MONTH: 3.29 1 = FOG OR MIST
DPTR FM NORMAL: 1.3 DPTR FM NORMAL: 1.00 2 = FOG REDUCING VISIBILITY
HIGHEST: 79 ON 22 GRTST 24HR 1.15 ON 29-30 TO 1/4 MILE OR LESS
LOWEST: 27 ON 31 3 = THUNDER
SNOW, ICE PELLETS, HAIL 4 = ICE PELLETS
TOTAL MONTH: 0.0 INCH 5 = HAIL
GRTST 24HR 0.0 6 = FREEZING RAIN OR DRIZZLE
GRTST DEPTH: 0 7 = DUSTSTORM OR SANDSTORM:
VSBY 1/2 MILE OR LESS
8 = SMOKE OR HAZE
[NO. OF DAYS WITH] [WEATHER - DAYS WITH] 9 = BLOWING SNOW
X = TORNADO
MAX 32 OR BELOW: 0 0.01 INCH OR MORE: 14
MAX 90 OR ABOVE: 0 0.10 INCH OR MORE: 11
MIN 32 OR BELOW: 3 0.50 INCH OR MORE: 1
MIN 0 OR BELOW: 0 1.00 INCH OR MORE: 1
[HDD (BASE 65) ]
TOTAL THIS MO. 341 CLEAR (SCALE 0-3) 5
DPTR FM NORMAL -46 PTCLDY (SCALE 4-7) 15
TOTAL FM JUL 1 433 CLOUDY (SCALE 8-10) 11
DPTR FM NORMAL -70
[CDD (BASE 65) ]
TOTAL THIS MO. 8
DPTR FM NORMAL 0 [PRESSURE DATA]
TOTAL FM JAN 1 984 HIGHEST SLP 30.51 ON 31
DPTR FM NORMAL 248 LOWEST SLP 29.59 ON 29
[REMARKS]
#FINAL-10-20#