000
CXUS51 KRLX 011221
CF6PKB
PRELIMINARY LOCAL CLIMATOLOGICAL DATA (WS FORM: F-6)
STATION: PARKERSBURG WV
MONTH: FEBRUARY
YEAR: 2024
LATITUDE: 39 20 N
LONGITUDE: 81 26 W
TEMPERATURE IN F: :PCPN: SNOW: WIND :SUNSHINE: SKY :PK WND
================================================================================
1 2 3 4 5 6A 6B 7 8 9 10 11 12 13 14 15 16 17 18
12Z AVG MX 2MIN
DY MAX MIN AVG DEP HDD CDD WTR SNW DPTH SPD SPD DIR MIN PSBL S-S WX SPD DR
================================================================================
1 51 37 44 12 21 0 0.00 M M 6.4 17 190 M M 6 24 220
2 49 34 42 10 23 0 0.00 M M 6.8 13 40 M M 8 19 40
3 48 26 37 4 28 0 0.00 M M 4.4 9 70 M M 0 13 50
4 58 24 41 8 24 0 0.00 M M 3.2 10 40 M M 0 14 40
5 56 30 43 10 22 0 0.00 M M 5.9 12 320 M M 0 19 320
6 51 25 38 5 27 0 0.00 M M 3.9 10 310 M M 0 15 320
7 57 21 39 6 26 0 0.00 M M 1.4 6 110 M M 0 9 50
8 65 28 47 14 18 0 0.00 M M 4.2 15 180 M M 0 22 170
9 60 52 56 22 9 0 T M M 8.0 17 200 M M 7 24 200
10 62 50 56 22 9 0 0.02 M M 5.0 12 240 M M 6 1 17 210
11 53 38 46 12 19 0 T M M 4.0 10 330 M M 8 14 330
12 51 33 42 8 23 0 0.00 M M 5.8 12 350 M M 6 19 340
13 51 31 41 7 24 0 0.00 M M 9.9 21 300 M M 4 32 270
14 48 27 38 3 27 0 0.00 M M 2.2 10 270 M M 5 15 310
15 59 24 42 7 23 0 0.01 M M 9.0 23 290 M M 2 39 290
16 43 29 36 1 29 0 0.09 M M 3.6 13 360 M M 5 1 18 20
17 32 18 25 -11 40 0 0.02 M M 8.4 20 280 M M 7 18 34 300
18 41 17 29 -7 36 0 0.00 M M 8.1 22 220 M M 0 31 190
19 50 19 35 -1 30 0 0.00 M M 0.7 8 280 M M 0 11 60
20 56 21 39 3 26 0 0.00 M M 0.8 8 270 M M 0 13 260
21 63 23 43 7 22 0 0.00 M M 4.4 16 200 M M 0 23 200
22 60 44 52 15 13 0 0.77 M M 7.8 16 190 M M 8 13 25 210
23 59 44 52 15 13 0 0.01 M M 4.7 20 310 M M 8 13 29 270
24 44 23 34 -3 31 0 0.13 M M 5.8 20 20 M M 7 1 28 360
25 50 20 35 -3 30 0 0.00 M M 5.9 14 180 M M 1 20 200
26 68 31 50 12 15 0 0.00 M M 4.5 12 190 M M 1 18 200
27 68 55 62 24 3 0 0.01 M M 10.6 24 190 M M 6 3 35 190
28 69 29 49 11 16 0 0.38 M M 12.1 31 210 M M 8 13 45 270
29 44 25 35 -4 30 0 0.00 M M 5.4 15 290 M M 0 19 330
================================================================================
SM 1566 878 657 0 1.44 M 162.9 M 103
================================================================================
AV 54.0 30.3 5.6 FASTST M M 4 MAX(MPH)
MISC ----> 31 210 45 270
================================================================================
NOTES:
# LAST OF SEVERAL OCCURRENCES
COLUMN 17 PEAK WIND IN M.P.H.
PRELIMINARY LOCAL CLIMATOLOGICAL DATA (WS FORM: F-6) , PAGE 2
STATION: PARKERSBURG WV
MONTH: FEBRUARY
YEAR: 2024
LATITUDE: 39 20 N
LONGITUDE: 81 26 W
[TEMPERATURE DATA] [PRECIPITATION DATA] SYMBOLS USED IN COLUMN 16
AVERAGE MONTHLY: 42.1 TOTAL FOR MONTH: 1.44 1 = FOG OR MIST
DPTR FM NORMAL: 7.1 DPTR FM NORMAL: -1.67 2 = FOG REDUCING VISIBILITY
HIGHEST: 69 ON 28 GRTST 24HR 0.77 ON 22-22 TO 1/4 MILE OR LESS
LOWEST: 17 ON 18 3 = THUNDER
SNOW, ICE PELLETS, HAIL 4 = ICE PELLETS
TOTAL MONTH: M 5 = HAIL
GRTST 24HR M ON M 6 = FREEZING RAIN OR DRIZZLE
GRTST DEPTH: M ON M 7 = DUSTSTORM OR SANDSTORM:
VSBY 1/2 MILE OR LESS
8 = SMOKE OR HAZE
[NO. OF DAYS WITH] [WEATHER - DAYS WITH] 9 = BLOWING SNOW
X = TORNADO
MAX 32 OR BELOW: 1 0.01 INCH OR MORE: 9
MAX 90 OR ABOVE: 0 0.10 INCH OR MORE: 3
MIN 32 OR BELOW: 20 0.50 INCH OR MORE: 1
MIN 0 OR BELOW: 0 1.00 INCH OR MORE: 0
[HDD (BASE 65) ]
TOTAL THIS MO. 657 CLEAR (SCALE 0-3) 14
DPTR FM NORMAL -182 PTCLDY (SCALE 4-7) 13
TOTAL FM JUL 1 3233 CLOUDY (SCALE 8-10) 2
DPTR FM NORMAL -563
[CDD (BASE 65) ]
TOTAL THIS MO. 0
DPTR FM NORMAL 0 [PRESSURE DATA]
TOTAL FM JAN 1 0 HIGHEST SLP 30.53 ON 29
DPTR FM NORMAL 0 LOWEST SLP 29.43 ON 28
[REMARKS]
#FINAL-02-24#